{"id":7419,"date":"2022-10-20T15:54:42","date_gmt":"2022-10-20T13:54:42","guid":{"rendered":"https:\/\/agora.xtec.cat\/ceip-gabriel-castella\/?page_id=7419"},"modified":"2024-05-10T13:15:30","modified_gmt":"2024-05-10T11:15:30","slug":"estrategia-digital-de-centre-edc","status":"publish","type":"page","link":"https:\/\/agora.xtec.cat\/ceip-gabriel-castella\/estrategia-digital\/estrategia-digital-de-centre-edc\/","title":{"rendered":"Estrat\u00e8gia Digital de Centre (EDC)"},"content":{"rendered":"<p class=\"CDt4Ke zfr3Q\" dir=\"ltr\" style=\"text-align: left;\">En el PEC del centre es detallen les dades de contextualitzaci\u00f3 general del centre. Pel que fa als aspectes sobre tecnologia digital, cal tenir en compte que el centre fa anys que ha fet una clara aposta per la digitalitzaci\u00f3 del centre.<\/p>\n<p class=\"CDt4Ke zfr3Q\" dir=\"ltr\" style=\"text-align: left;\">L&#8217;alumnat a partir de 3r de prim\u00e0ria i les docents disposen d&#8217;un usuari de centre (@gabrielcastella.cat) que els permet tenir un correu electr\u00f2nic, l&#8217;emmagatzematge al n\u00favol, acc\u00e9s a Clasrroom, Meet i altres eines de GSuite.<\/p>\n<p class=\"CDt4Ke zfr3Q\" dir=\"ltr\" style=\"text-align: left;\">Amb la dotaci\u00f3 del Departament enguany comen\u00e7arem a cedir en pr\u00e9sctec un ordinador port\u00e0til a cada alumne de 5\u00e8 i 6\u00e8 de prim\u00e0ria. De la mateixa manera, el centre cedeix un ordinador port\u00e0til (chromebook) a cada mestre que s&#8217;incorpora al centre.<\/p>\n<p style=\"text-align: left;\">El curs 21-22 l&#8217;escola va fer una diagnosi per veure en quina situaci\u00f3 digital es trobava la comunitat educativa. Per saber-ho es va fer una enquesta a tota la comunitat.<br \/>\nDe les dades que n&#8217;hem extret s&#8217;est\u00e0 elaborant l&#8217;Estrat\u00e8gia Digital de Centre.<\/p>\n<p style=\"text-align: left;\">A m\u00e9s enguany tots els mestres de l&#8217;escola estem fent una formaci\u00f3 interna (FIC) per desenvolupar i ampliar les capacitats digitals dels docents i del centre, ampliar el ventall d&#8217;activitats i recursos digitals que utilitzem dia a dia a les aules.<\/p>\n<p><iframe loading=\"lazy\" src=\"\/\/www.youtube.com\/embed\/uS5UUZIYLPQ?t=1s\" width=\"560\" height=\"314\" allowfullscreen=\"allowfullscreen\"><\/iframe><\/p>\n","protected":false},"excerpt":{"rendered":"<p>En el PEC del centre es detallen les dades de contextualitzaci\u00f3 general del centre. Pel que fa als aspectes sobre tecnologia digital, cal tenir en compte que el centre fa anys que ha fet una clara aposta per la digitalitzaci\u00f3 del centre. L&#8217;alumnat a partir de 3r de prim\u00e0ria i les docents disposen d&#8217;un usuari [&hellip;]<\/p>\n","protected":false},"author":5,"featured_media":0,"parent":8182,"menu_order":0,"comment_status":"closed","ping_status":"closed","template":"page-templates\/side-menu.php","meta":{"_bbp_topic_count":0,"_bbp_reply_count":0,"_bbp_total_topic_count":0,"_bbp_total_reply_count":0,"_bbp_voice_count":0,"_bbp_anonymous_reply_count":0,"_bbp_topic_count_hidden":0,"_bbp_reply_count_hidden":0,"_bbp_forum_subforum_count":0,"site-sidebar-layout":"default","site-content-layout":"","ast-site-content-layout":"","site-content-style":"default","site-sidebar-style":"default","ast-global-header-display":"","ast-banner-title-visibility":"","ast-main-header-display":"","ast-hfb-above-header-display":"","ast-hfb-below-header-display":"","ast-hfb-mobile-header-display":"","site-post-title":"","ast-breadcrumbs-content":"","ast-featured-img":"","footer-sml-layout":"","theme-transparent-header-meta":"","adv-header-id-meta":"","stick-header-meta":"","header-above-stick-meta":"","header-main-stick-meta":"","header-below-stick-meta":"","astra-migrate-meta-layouts":"default","ast-page-background-enabled":"default","ast-page-background-meta":{"desktop":{"background-color":"var(--ast-global-color-4)","background-image":"","background-repeat":"repeat","background-position":"center center","background-size":"auto","background-attachment":"scroll","background-type":"","background-media":"","overlay-type":"","overlay-color":"","overlay-opacity":"","overlay-gradient":""},"tablet":{"background-color":"","background-image":"","background-repeat":"repeat","background-position":"center center","background-size":"auto","background-attachment":"scroll","background-type":"","background-media":"","overlay-type":"","overlay-color":"","overlay-opacity":"","overlay-gradient":""},"mobile":{"background-color":"","background-image":"","background-repeat":"repeat","background-position":"center center","background-size":"auto","background-attachment":"scroll","background-type":"","background-media":"","overlay-type":"","overlay-color":"","overlay-opacity":"","overlay-gradient":""}},"ast-content-background-meta":{"desktop":{"background-color":"var(--ast-global-color-5)","background-image":"","background-repeat":"repeat","background-position":"center center","background-size":"auto","background-attachment":"scroll","background-type":"","background-media":"","overlay-type":"","overlay-color":"","overlay-opacity":"","overlay-gradient":""},"tablet":{"background-color":"var(--ast-global-color-5)","background-image":"","background-repeat":"repeat","background-position":"center center","background-size":"auto","background-attachment":"scroll","background-type":"","background-media":"","overlay-type":"","overlay-color":"","overlay-opacity":"","overlay-gradient":""},"mobile":{"background-color":"var(--ast-global-color-5)","background-image":"","background-repeat":"repeat","background-position":"center center","background-size":"auto","background-attachment":"scroll","background-type":"","background-media":"","overlay-type":"","overlay-color":"","overlay-opacity":"","overlay-gradient":""}},"footnotes":""},"class_list":["post-7419","page","type-page","status-publish","hentry"],"post_mailing_queue_ids":[],"_links":{"self":[{"href":"https:\/\/agora.xtec.cat\/ceip-gabriel-castella\/wp-json\/wp\/v2\/pages\/7419","targetHints":{"allow":["GET"]}}],"collection":[{"href":"https:\/\/agora.xtec.cat\/ceip-gabriel-castella\/wp-json\/wp\/v2\/pages"}],"about":[{"href":"https:\/\/agora.xtec.cat\/ceip-gabriel-castella\/wp-json\/wp\/v2\/types\/page"}],"author":[{"embeddable":true,"href":"https:\/\/agora.xtec.cat\/ceip-gabriel-castella\/wp-json\/wp\/v2\/users\/5"}],"replies":[{"embeddable":true,"href":"https:\/\/agora.xtec.cat\/ceip-gabriel-castella\/wp-json\/wp\/v2\/comments?post=7419"}],"version-history":[{"count":2,"href":"https:\/\/agora.xtec.cat\/ceip-gabriel-castella\/wp-json\/wp\/v2\/pages\/7419\/revisions"}],"predecessor-version":[{"id":7576,"href":"https:\/\/agora.xtec.cat\/ceip-gabriel-castella\/wp-json\/wp\/v2\/pages\/7419\/revisions\/7576"}],"up":[{"embeddable":true,"href":"https:\/\/agora.xtec.cat\/ceip-gabriel-castella\/wp-json\/wp\/v2\/pages\/8182"}],"wp:attachment":[{"href":"https:\/\/agora.xtec.cat\/ceip-gabriel-castella\/wp-json\/wp\/v2\/media?parent=7419"}],"curies":[{"name":"wp","href":"https:\/\/api.w.org\/{rel}","templated":true}]}}

Estratègia Digital de Centre (EDC)

<p class="CDt4Ke zfr3Q" dir="ltr" style="text-align: left;">En el PEC del centre es detallen les dades de contextualització general del centre. Pel que fa als aspectes sobre tecnologia digital, cal tenir en compte que el centre fa anys que ha fet una clara aposta per la digitalització del centre.</p>
<p class="CDt4Ke zfr3Q" dir="ltr" style="text-align: left;">L&#8217;alumnat a partir de 3r de primària i les docents disposen d&#8217;un usuari de centre (@gabrielcastella.cat) que els permet tenir un correu electrònic, l&#8217;emmagatzematge al núvol, accés a Clasrroom, Meet i altres eines de GSuite.</p>
<p class="CDt4Ke zfr3Q" dir="ltr" style="text-align: left;">Amb la dotació del Departament enguany començarem a cedir en présctec un ordinador portàtil a cada alumne de 5è i 6è de primària. De la mateixa manera, el centre cedeix un ordinador portàtil (chromebook) a cada mestre que s&#8217;incorpora al centre.</p>
<p style="text-align: left;">El curs 21-22 l&#8217;escola va fer una diagnosi per veure en quina situació digital es trobava la comunitat educativa. Per saber-ho es va fer una enquesta a tota la comunitat.<br />
De les dades que n&#8217;hem extret s&#8217;està elaborant l&#8217;Estratègia Digital de Centre.</p>
<p style="text-align: left;">A més enguany tots els mestres de l&#8217;escola estem fent una formació interna (FIC) per desenvolupar i ampliar les capacitats digitals dels docents i del centre, ampliar el ventall d&#8217;activitats i recursos digitals que utilitzem dia a dia a les aules.</p>
<p><iframe loading="lazy" src="//www.youtube.com/embed/uS5UUZIYLPQ?t=1s" width="560" height="314" allowfullscreen="allowfullscreen"></iframe></p>

<p>En el PEC del centre es detallen les dades de contextualització general del centre. Pel que fa als aspectes sobre tecnologia digital, cal tenir en compte que el centre fa anys que ha fet una clara aposta per la digitalització del centre. L&#8217;alumnat a partir de 3r de primària i les docents disposen d&#8217;un usuari [&hellip;]</p>
