{"id":73,"date":"2014-09-18T14:01:51","date_gmt":"2014-09-18T13:01:51","guid":{"rendered":"http:\/\/agora.xtec.cat\/ceip-gabriel-castella\/?page_id=73"},"modified":"2025-12-11T16:02:19","modified_gmt":"2025-12-11T15:02:19","slug":"menjador-escolar","status":"publish","type":"page","link":"https:\/\/agora.xtec.cat\/ceip-gabriel-castella\/serveis\/menjador-escolar\/","title":{"rendered":"Menjador escolar"},"content":{"rendered":"\n<p><a href=\"https:\/\/drive.google.com\/drive\/folders\/1_duKp1LR53uC1GLlw4Oh0hyw2ZJnNbP9?usp=sharing\">AQU\u00cd PODEU CONSULTAR ELS MEN\u00daS CADA MES.<\/a><\/p>\n\n\n\n<h1 class=\"wp-block-heading entry-title\">L\u2019empresa que gestiona el menjador escolar \u00e9s ALIMENTART.<\/h1>\n\n\n\n<figure class=\"wp-block-image aligncenter\"><img loading=\"lazy\" decoding=\"async\" width=\"193\" height=\"94\" src=\"https:\/\/agora.xtec.cat\/ceip-gabriel-castella\/wp-content\/uploads\/usu2108\/2022\/11\/baixa.png\" alt=\"\" class=\"wp-image-7471\"\/><\/figure>\n\n\n\n<p>Adjuntem el Pla de Funcionament del Menjador Escolar:<\/p>\n\n\n\n<p><\/p>\n\n\n\n<p><\/p>\n\n\n\n<p><a href=\"https:\/\/drive.google.com\/file\/d\/1CPIn9Q8t2pI-hob4oUTaDUMxyC5-86xR\/view?usp=sharing\">https:\/\/drive.google.com\/file\/d\/1CPIn9Q8t2pI-hob4oUTaDUMxyC5-86xR\/view?usp=sharing<\/a><\/p>\n\n\n\n\n\n<div data-wp-interactive=\"core\/file\" class=\"wp-block-file\"><object data-wp-bind--hidden=\"!state.hasPdfPreview\" hidden class=\"wp-block-file__embed\" data=\"https:\/\/agora.xtec.cat\/ceip-gabriel-castella\/wp-content\/uploads\/usu2108\/2025\/11\/Autoritzacio-per-MEDICACIO-2.pdf\" type=\"application\/pdf\" style=\"width:100%;height:600px\" aria-label=\"Incrustaci\u00f3 del fitxer Autoritzaci\u00f3 per MEDICACI\u00d3 (2).\"><\/object><a id=\"wp-block-file--media-b52c849e-76f0-4a43-a077-34d600b105b8\" href=\"https:\/\/agora.xtec.cat\/ceip-gabriel-castella\/wp-content\/uploads\/usu2108\/2025\/11\/Autoritzacio-per-MEDICACIO-2.pdf\">Autoritzaci\u00f3 per MEDICACI\u00d3 (2)<\/a><a href=\"https:\/\/agora.xtec.cat\/ceip-gabriel-castella\/wp-content\/uploads\/usu2108\/2025\/11\/Autoritzacio-per-MEDICACIO-2.pdf\" class=\"wp-block-file__button wp-element-button\" download aria-describedby=\"wp-block-file--media-b52c849e-76f0-4a43-a077-34d600b105b8\">Baixa<\/a><\/div>\n\n\n\n<div data-wp-interactive=\"core\/file\" class=\"wp-block-file\"><object data-wp-bind--hidden=\"!state.hasPdfPreview\" hidden class=\"wp-block-file__embed\" data=\"https:\/\/agora.xtec.cat\/ceip-gabriel-castella\/wp-content\/uploads\/usu2108\/2025\/09\/F.-INSCRIPCIO-2025-2026-GABRIEL-CASTELLA.pdf\" type=\"application\/pdf\" style=\"width:100%;height:600px\" aria-label=\"Incrustaci\u00f3 del fitxer F. INSCRIPCI\u00d3  2025-2026  GABRIEL CASTELL\u00c0.\"><\/object><a id=\"wp-block-file--media-84e025c0-35eb-4ece-a174-ed3d372f0969\" href=\"https:\/\/agora.xtec.cat\/ceip-gabriel-castella\/wp-content\/uploads\/usu2108\/2025\/09\/F.-INSCRIPCIO-2025-2026-GABRIEL-CASTELLA.pdf\">F. INSCRIPCI\u00d3  2025-2026  GABRIEL CASTELL\u00c0<\/a><a href=\"https:\/\/agora.xtec.cat\/ceip-gabriel-castella\/wp-content\/uploads\/usu2108\/2025\/09\/F.-INSCRIPCIO-2025-2026-GABRIEL-CASTELLA.pdf\" class=\"wp-block-file__button wp-element-button\" download aria-describedby=\"wp-block-file--media-84e025c0-35eb-4ece-a174-ed3d372f0969\">Baixa<\/a><\/div>\n\n\n\n\n\n\n\n<div data-wp-interactive=\"core\/file\" class=\"wp-block-file\"><object data-wp-bind--hidden=\"!state.hasPdfPreview\" hidden class=\"wp-block-file__embed\" data=\"https:\/\/agora.xtec.cat\/ceip-gabriel-castella\/wp-content\/uploads\/usu2108\/2025\/09\/DOCUMENT-AUTORITZACIO-PIC-NIC.pdf\" type=\"application\/pdf\" style=\"width:100%;height:600px\" aria-label=\"Incrustaci\u00f3 del fitxer DOCUMENT AUTORITZACI\u00d3 PIC-NIC.\"><\/object><a id=\"wp-block-file--media-d5e60b33-73ae-4b33-8aca-51c79a2dc29d\" href=\"https:\/\/agora.xtec.cat\/ceip-gabriel-castella\/wp-content\/uploads\/usu2108\/2025\/09\/DOCUMENT-AUTORITZACIO-PIC-NIC.pdf\">DOCUMENT AUTORITZACI\u00d3 PIC-NIC<\/a><a href=\"https:\/\/agora.xtec.cat\/ceip-gabriel-castella\/wp-content\/uploads\/usu2108\/2025\/09\/DOCUMENT-AUTORITZACIO-PIC-NIC.pdf\" class=\"wp-block-file__button wp-element-button\" download aria-describedby=\"wp-block-file--media-d5e60b33-73ae-4b33-8aca-51c79a2dc29d\">Baixa<\/a><\/div>\n","protected":false},"excerpt":{"rendered":"<p>AQU\u00cd PODEU CONSULTAR ELS MEN\u00daS CADA MES. L\u2019empresa que gestiona el menjador escolar \u00e9s ALIMENTART. Adjuntem el Pla de Funcionament del Menjador Escolar: https:\/\/drive.google.com\/file\/d\/1CPIn9Q8t2pI-hob4oUTaDUMxyC5-86xR\/view?usp=sharing<\/p>\n","protected":false},"author":1,"featured_media":0,"parent":66,"menu_order":30,"comment_status":"closed","ping_status":"closed","template":"","meta":{"_bbp_topic_count":0,"_bbp_reply_count":0,"_bbp_total_topic_count":0,"_bbp_total_reply_count":0,"_bbp_voice_count":0,"_bbp_anonymous_reply_count":0,"_bbp_topic_count_hidden":0,"_bbp_reply_count_hidden":0,"_bbp_forum_subforum_count":0,"site-sidebar-layout":"default","site-content-layout":"","ast-site-content-layout":"default","site-content-style":"default","site-sidebar-style":"default","ast-global-header-display":"","ast-banner-title-visibility":"","ast-main-header-display":"","ast-hfb-above-header-display":"","ast-hfb-below-header-display":"","ast-hfb-mobile-header-display":"","site-post-title":"","ast-breadcrumbs-content":"","ast-featured-img":"","footer-sml-layout":"","theme-transparent-header-meta":"","adv-header-id-meta":"","stick-header-meta":"","header-above-stick-meta":"","header-main-stick-meta":"","header-below-stick-meta":"","astra-migrate-meta-layouts":"set","ast-page-background-enabled":"default","ast-page-background-meta":{"desktop":{"background-color":"var(--ast-global-color-4)","background-image":"","background-repeat":"repeat","background-position":"center center","background-size":"auto","background-attachment":"scroll","background-type":"","background-media":"","overlay-type":"","overlay-color":"","overlay-opacity":"","overlay-gradient":""},"tablet":{"background-color":"","background-image":"","background-repeat":"repeat","background-position":"center center","background-size":"auto","background-attachment":"scroll","background-type":"","background-media":"","overlay-type":"","overlay-color":"","overlay-opacity":"","overlay-gradient":""},"mobile":{"background-color":"","background-image":"","background-repeat":"repeat","background-position":"center center","background-size":"auto","background-attachment":"scroll","background-type":"","background-media":"","overlay-type":"","overlay-color":"","overlay-opacity":"","overlay-gradient":""}},"ast-content-background-meta":{"desktop":{"background-color":"var(--ast-global-color-5)","background-image":"","background-repeat":"repeat","background-position":"center center","background-size":"auto","background-attachment":"scroll","background-type":"","background-media":"","overlay-type":"","overlay-color":"","overlay-opacity":"","overlay-gradient":""},"tablet":{"background-color":"var(--ast-global-color-5)","background-image":"","background-repeat":"repeat","background-position":"center center","background-size":"auto","background-attachment":"scroll","background-type":"","background-media":"","overlay-type":"","overlay-color":"","overlay-opacity":"","overlay-gradient":""},"mobile":{"background-color":"var(--ast-global-color-5)","background-image":"","background-repeat":"repeat","background-position":"center center","background-size":"auto","background-attachment":"scroll","background-type":"","background-media":"","overlay-type":"","overlay-color":"","overlay-opacity":"","overlay-gradient":""}},"footnotes":""},"class_list":["post-73","page","type-page","status-publish","hentry"],"post_mailing_queue_ids":[],"_links":{"self":[{"href":"https:\/\/agora.xtec.cat\/ceip-gabriel-castella\/wp-json\/wp\/v2\/pages\/73","targetHints":{"allow":["GET"]}}],"collection":[{"href":"https:\/\/agora.xtec.cat\/ceip-gabriel-castella\/wp-json\/wp\/v2\/pages"}],"about":[{"href":"https:\/\/agora.xtec.cat\/ceip-gabriel-castella\/wp-json\/wp\/v2\/types\/page"}],"author":[{"embeddable":true,"href":"https:\/\/agora.xtec.cat\/ceip-gabriel-castella\/wp-json\/wp\/v2\/users\/1"}],"replies":[{"embeddable":true,"href":"https:\/\/agora.xtec.cat\/ceip-gabriel-castella\/wp-json\/wp\/v2\/comments?post=73"}],"version-history":[{"count":5,"href":"https:\/\/agora.xtec.cat\/ceip-gabriel-castella\/wp-json\/wp\/v2\/pages\/73\/revisions"}],"predecessor-version":[{"id":9585,"href":"https:\/\/agora.xtec.cat\/ceip-gabriel-castella\/wp-json\/wp\/v2\/pages\/73\/revisions\/9585"}],"up":[{"embeddable":true,"href":"https:\/\/agora.xtec.cat\/ceip-gabriel-castella\/wp-json\/wp\/v2\/pages\/66"}],"wp:attachment":[{"href":"https:\/\/agora.xtec.cat\/ceip-gabriel-castella\/wp-json\/wp\/v2\/media?parent=73"}],"curies":[{"name":"wp","href":"https:\/\/api.w.org\/{rel}","templated":true}]}}

<p><a href="https://drive.google.com/drive/folders/1_duKp1LR53uC1GLlw4Oh0hyw2ZJnNbP9?usp=sharing">AQUÍ PODEU CONSULTAR ELS MENÚS CADA MES.</a></p>



<h1 class="wp-block-heading entry-title">L’empresa que gestiona el menjador escolar és ALIMENTART.</h1>



<figure class="wp-block-image aligncenter"><img loading="lazy" decoding="async" width="193" height="94" src="https://agora.xtec.cat/ceip-gabriel-castella/wp-content/uploads/usu2108/2022/11/baixa.png" alt="" class="wp-image-7471"/></figure>



<p>Adjuntem el Pla de Funcionament del Menjador Escolar:</p>



<p></p>



<p></p>



<p><a href="https://drive.google.com/file/d/1CPIn9Q8t2pI-hob4oUTaDUMxyC5-86xR/view?usp=sharing">https://drive.google.com/file/d/1CPIn9Q8t2pI-hob4oUTaDUMxyC5-86xR/view?usp=sharing</a></p>





<div data-wp-interactive="core/file" class="wp-block-file"><object data-wp-bind--hidden="!state.hasPdfPreview" hidden class="wp-block-file__embed" data="https://agora.xtec.cat/ceip-gabriel-castella/wp-content/uploads/usu2108/2025/11/Autoritzacio-per-MEDICACIO-2.pdf" type="application/pdf" style="width:100%;height:600px" aria-label="Incrustació del fitxer Autorització per MEDICACIÓ (2)."></object><a id="wp-block-file--media-b52c849e-76f0-4a43-a077-34d600b105b8" href="https://agora.xtec.cat/ceip-gabriel-castella/wp-content/uploads/usu2108/2025/11/Autoritzacio-per-MEDICACIO-2.pdf">Autorització per MEDICACIÓ (2)</a><a href="https://agora.xtec.cat/ceip-gabriel-castella/wp-content/uploads/usu2108/2025/11/Autoritzacio-per-MEDICACIO-2.pdf" class="wp-block-file__button wp-element-button" download aria-describedby="wp-block-file--media-b52c849e-76f0-4a43-a077-34d600b105b8">Baixa</a></div>



<div data-wp-interactive="core/file" class="wp-block-file"><object data-wp-bind--hidden="!state.hasPdfPreview" hidden class="wp-block-file__embed" data="https://agora.xtec.cat/ceip-gabriel-castella/wp-content/uploads/usu2108/2025/09/F.-INSCRIPCIO-2025-2026-GABRIEL-CASTELLA.pdf" type="application/pdf" style="width:100%;height:600px" aria-label="Incrustació del fitxer F. INSCRIPCIÓ  2025-2026  GABRIEL CASTELLÀ."></object><a id="wp-block-file--media-84e025c0-35eb-4ece-a174-ed3d372f0969" href="https://agora.xtec.cat/ceip-gabriel-castella/wp-content/uploads/usu2108/2025/09/F.-INSCRIPCIO-2025-2026-GABRIEL-CASTELLA.pdf">F. INSCRIPCIÓ  2025-2026  GABRIEL CASTELLÀ</a><a href="https://agora.xtec.cat/ceip-gabriel-castella/wp-content/uploads/usu2108/2025/09/F.-INSCRIPCIO-2025-2026-GABRIEL-CASTELLA.pdf" class="wp-block-file__button wp-element-button" download aria-describedby="wp-block-file--media-84e025c0-35eb-4ece-a174-ed3d372f0969">Baixa</a></div>







<div data-wp-interactive="core/file" class="wp-block-file"><object data-wp-bind--hidden="!state.hasPdfPreview" hidden class="wp-block-file__embed" data="https://agora.xtec.cat/ceip-gabriel-castella/wp-content/uploads/usu2108/2025/09/DOCUMENT-AUTORITZACIO-PIC-NIC.pdf" type="application/pdf" style="width:100%;height:600px" aria-label="Incrustació del fitxer DOCUMENT AUTORITZACIÓ PIC-NIC."></object><a id="wp-block-file--media-d5e60b33-73ae-4b33-8aca-51c79a2dc29d" href="https://agora.xtec.cat/ceip-gabriel-castella/wp-content/uploads/usu2108/2025/09/DOCUMENT-AUTORITZACIO-PIC-NIC.pdf">DOCUMENT AUTORITZACIÓ PIC-NIC</a><a href="https://agora.xtec.cat/ceip-gabriel-castella/wp-content/uploads/usu2108/2025/09/DOCUMENT-AUTORITZACIO-PIC-NIC.pdf" class="wp-block-file__button wp-element-button" download aria-describedby="wp-block-file--media-d5e60b33-73ae-4b33-8aca-51c79a2dc29d">Baixa</a></div>

<p>AQUÍ PODEU CONSULTAR ELS MENÚS CADA MES. L’empresa que gestiona el menjador escolar és ALIMENTART. Adjuntem el Pla de Funcionament del Menjador Escolar: https://drive.google.com/file/d/1CPIn9Q8t2pI-hob4oUTaDUMxyC5-86xR/view?usp=sharing</p>
