{"id":32,"date":"2014-09-18T12:31:33","date_gmt":"2014-09-18T11:31:33","guid":{"rendered":"http:\/\/agora.xtec.cat\/ceip-gabriel-castella\/?page_id=32"},"modified":"2025-09-03T14:18:24","modified_gmt":"2025-09-03T12:18:24","slug":"calendari-del-curs","status":"publish","type":"page","link":"https:\/\/agora.xtec.cat\/ceip-gabriel-castella\/lescola\/calendari-del-curs\/","title":{"rendered":"Calendari escolar"},"content":{"rendered":"\n<p><iframe loading=\"lazy\" src=\"https:\/\/drive.google.com\/file\/d\/1LlZGFdoOhlCmw3VTxpQuvNhujslPfJ4E\/preview\" width=\"640\" height=\"480\"><\/iframe><\/p>\n\n\n\n<h4 class=\"wp-block-heading\"><strong>Inici de curs:<\/strong><\/h4>\n\n\n\n<p><strong>8 de setembre de 2025<\/strong><\/p>\n\n\n\n<h4 class=\"wp-block-heading\"><strong>Vacances:<\/strong><\/h4>\n\n\n\n<p><span style=\"font-weight: 400;\">Del 20 de desembre de 2025 al 7 de gener de 2026, ambd\u00f3s inclosos.<\/span><\/p>\n\n\n\n<p>D<span style=\"font-weight: 400;\">el 28 de mar\u00e7 al 7 d&#8217;abril de 2026, ambd\u00f3s inclosos.<\/span><\/p>\n\n\n\n<p>A partir del 20 de juny de 2026.<\/p>\n\n\n\n<h4 class=\"wp-block-heading\"><strong>Dies festius de lliure disposici\u00f3:<\/strong><\/h4>\n\n\n\n<p><span style=\"font-weight: 400;\">31 OCTUBRE 2025<\/span><\/p>\n\n\n\n<p><span style=\"font-weight: 400;\">5 DESEMBRE 2025<\/span><\/p>\n\n\n\n<p><span style=\"font-weight: 400;\">16 FEBRER 2026<\/span><\/p>\n\n\n\n<p><span style=\"font-weight: 400;\">30 ABRIL 2026<\/span><\/p>\n\n\n\n<p>7&nbsp; ABRIL 2026 (festa local)<\/p>\n\n\n\n<h4 class=\"wp-block-heading\">Festivitats:<\/h4>\n\n\n\n<p>11 SETEMBRE 2025<\/p>\n\n\n\n<p>8 DESEMBRE DE 2025<\/p>\n\n\n\n<p>1 MAIG 2026<\/p>\n\n\n\n<p>&nbsp;<\/p>\n\n\n\n<h4 class=\"wp-block-heading\">&nbsp;<\/h4>\n\n\n\n<h4 class=\"wp-block-heading\">&nbsp;<\/h4>\n\n\n\n<h4 class=\"wp-block-heading\"><strong>HORARI LECTIU<\/strong><\/h4>\n\n\n\n<h4 class=\"wp-block-heading\">De 9:00h a 13:00h&nbsp; i de 15:00h a 17:00h.<\/h4>\n\n\n\n<h4 class=\"wp-block-heading\">&nbsp;<\/h4>\n\n\n\n<h4 class=\"wp-block-heading\"><strong>Jornada intensiva<\/strong><\/h4>\n\n\n\n<p>L\u2019<b>horari lectiu<\/b> del centre \u00e9s de 9 a 13 h i de 15.00 a 17.00 h per a tots els alumnes del centre. El dia 20 de desembre de 2024 i a partir del 9 de juny de 2025 es realitza horari compactat de 9 a 13h. (Els alumnes que utilitzen el servei de menjador surten a les 15.00h.)<\/p>\n\n\n\n<p>Per als alumnes que inicien l\u2019escolaritzaci\u00f3 a I3 s\u2019organitza un breu per\u00edode d\u2019adaptaci\u00f3 que suposa una certa modificaci\u00f3 dels horaris dels 3 primers dies de classe, i que es fa saber a les fam\u00edlies en les reunions pr\u00e8vies corresponents.<\/p>\n","protected":false},"excerpt":{"rendered":"<p>Inici de curs: 8 de setembre de 2025 Vacances: Del 20 de desembre de 2025 al 7 de gener de 2026, ambd\u00f3s inclosos. Del 28 de mar\u00e7 al 7 d&#8217;abril de 2026, ambd\u00f3s inclosos. A partir del 20 de juny de 2026. Dies festius de lliure disposici\u00f3: 31 OCTUBRE 2025 5 DESEMBRE 2025 16 FEBRER [&hellip;]<\/p>\n","protected":false},"author":1,"featured_media":0,"parent":22,"menu_order":50,"comment_status":"closed","ping_status":"closed","template":"","meta":{"_bbp_topic_count":0,"_bbp_reply_count":0,"_bbp_total_topic_count":0,"_bbp_total_reply_count":0,"_bbp_voice_count":0,"_bbp_anonymous_reply_count":0,"_bbp_topic_count_hidden":0,"_bbp_reply_count_hidden":0,"_bbp_forum_subforum_count":0,"site-sidebar-layout":"default","site-content-layout":"","ast-site-content-layout":"default","site-content-style":"default","site-sidebar-style":"default","ast-global-header-display":"","ast-banner-title-visibility":"","ast-main-header-display":"","ast-hfb-above-header-display":"","ast-hfb-below-header-display":"","ast-hfb-mobile-header-display":"","site-post-title":"","ast-breadcrumbs-content":"","ast-featured-img":"","footer-sml-layout":"","theme-transparent-header-meta":"","adv-header-id-meta":"","stick-header-meta":"","header-above-stick-meta":"","header-main-stick-meta":"","header-below-stick-meta":"","astra-migrate-meta-layouts":"set","ast-page-background-enabled":"default","ast-page-background-meta":{"desktop":{"background-color":"var(--ast-global-color-4)","background-image":"","background-repeat":"repeat","background-position":"center center","background-size":"auto","background-attachment":"scroll","background-type":"","background-media":"","overlay-type":"","overlay-color":"","overlay-opacity":"","overlay-gradient":""},"tablet":{"background-color":"","background-image":"","background-repeat":"repeat","background-position":"center center","background-size":"auto","background-attachment":"scroll","background-type":"","background-media":"","overlay-type":"","overlay-color":"","overlay-opacity":"","overlay-gradient":""},"mobile":{"background-color":"","background-image":"","background-repeat":"repeat","background-position":"center center","background-size":"auto","background-attachment":"scroll","background-type":"","background-media":"","overlay-type":"","overlay-color":"","overlay-opacity":"","overlay-gradient":""}},"ast-content-background-meta":{"desktop":{"background-color":"var(--ast-global-color-5)","background-image":"","background-repeat":"repeat","background-position":"center center","background-size":"auto","background-attachment":"scroll","background-type":"","background-media":"","overlay-type":"","overlay-color":"","overlay-opacity":"","overlay-gradient":""},"tablet":{"background-color":"var(--ast-global-color-5)","background-image":"","background-repeat":"repeat","background-position":"center center","background-size":"auto","background-attachment":"scroll","background-type":"","background-media":"","overlay-type":"","overlay-color":"","overlay-opacity":"","overlay-gradient":""},"mobile":{"background-color":"var(--ast-global-color-5)","background-image":"","background-repeat":"repeat","background-position":"center center","background-size":"auto","background-attachment":"scroll","background-type":"","background-media":"","overlay-type":"","overlay-color":"","overlay-opacity":"","overlay-gradient":""}},"footnotes":""},"class_list":["post-32","page","type-page","status-publish","hentry"],"post_mailing_queue_ids":[],"_links":{"self":[{"href":"https:\/\/agora.xtec.cat\/ceip-gabriel-castella\/wp-json\/wp\/v2\/pages\/32","targetHints":{"allow":["GET"]}}],"collection":[{"href":"https:\/\/agora.xtec.cat\/ceip-gabriel-castella\/wp-json\/wp\/v2\/pages"}],"about":[{"href":"https:\/\/agora.xtec.cat\/ceip-gabriel-castella\/wp-json\/wp\/v2\/types\/page"}],"author":[{"embeddable":true,"href":"https:\/\/agora.xtec.cat\/ceip-gabriel-castella\/wp-json\/wp\/v2\/users\/1"}],"replies":[{"embeddable":true,"href":"https:\/\/agora.xtec.cat\/ceip-gabriel-castella\/wp-json\/wp\/v2\/comments?post=32"}],"version-history":[{"count":6,"href":"https:\/\/agora.xtec.cat\/ceip-gabriel-castella\/wp-json\/wp\/v2\/pages\/32\/revisions"}],"predecessor-version":[{"id":9276,"href":"https:\/\/agora.xtec.cat\/ceip-gabriel-castella\/wp-json\/wp\/v2\/pages\/32\/revisions\/9276"}],"up":[{"embeddable":true,"href":"https:\/\/agora.xtec.cat\/ceip-gabriel-castella\/wp-json\/wp\/v2\/pages\/22"}],"wp:attachment":[{"href":"https:\/\/agora.xtec.cat\/ceip-gabriel-castella\/wp-json\/wp\/v2\/media?parent=32"}],"curies":[{"name":"wp","href":"https:\/\/api.w.org\/{rel}","templated":true}]}}

<p><iframe loading="lazy" src="https://drive.google.com/file/d/1LlZGFdoOhlCmw3VTxpQuvNhujslPfJ4E/preview" width="640" height="480"></iframe></p>



<h4 class="wp-block-heading"><strong>Inici de curs:</strong></h4>



<p><strong>8 de setembre de 2025</strong></p>



<h4 class="wp-block-heading"><strong>Vacances:</strong></h4>



<p><span style="font-weight: 400;">Del 20 de desembre de 2025 al 7 de gener de 2026, ambdós inclosos.</span></p>



<p>D<span style="font-weight: 400;">el 28 de març al 7 d&#8217;abril de 2026, ambdós inclosos.</span></p>



<p>A partir del 20 de juny de 2026.</p>



<h4 class="wp-block-heading"><strong>Dies festius de lliure disposició:</strong></h4>



<p><span style="font-weight: 400;">31 OCTUBRE 2025</span></p>



<p><span style="font-weight: 400;">5 DESEMBRE 2025</span></p>



<p><span style="font-weight: 400;">16 FEBRER 2026</span></p>



<p><span style="font-weight: 400;">30 ABRIL 2026</span></p>



<p>7&nbsp; ABRIL 2026 (festa local)</p>



<h4 class="wp-block-heading">Festivitats:</h4>



<p>11 SETEMBRE 2025</p>



<p>8 DESEMBRE DE 2025</p>



<p>1 MAIG 2026</p>



<p>&nbsp;</p>



<h4 class="wp-block-heading">&nbsp;</h4>



<h4 class="wp-block-heading">&nbsp;</h4>



<h4 class="wp-block-heading"><strong>HORARI LECTIU</strong></h4>



<h4 class="wp-block-heading">De 9:00h a 13:00h&nbsp; i de 15:00h a 17:00h.</h4>



<h4 class="wp-block-heading">&nbsp;</h4>



<h4 class="wp-block-heading"><strong>Jornada intensiva</strong></h4>



<p>L’<b>horari lectiu</b> del centre és de 9 a 13 h i de 15.00 a 17.00 h per a tots els alumnes del centre. El dia 20 de desembre de 2024 i a partir del 9 de juny de 2025 es realitza horari compactat de 9 a 13h. (Els alumnes que utilitzen el servei de menjador surten a les 15.00h.)</p>



<p>Per als alumnes que inicien l’escolarització a I3 s’organitza un breu període d’adaptació que suposa una certa modificació dels horaris dels 3 primers dies de classe, i que es fa saber a les famílies en les reunions prèvies corresponents.</p>

<p>Inici de curs: 8 de setembre de 2025 Vacances: Del 20 de desembre de 2025 al 7 de gener de 2026, ambdós inclosos. Del 28 de març al 7 d&#8217;abril de 2026, ambdós inclosos. A partir del 20 de juny de 2026. Dies festius de lliure disposició: 31 OCTUBRE 2025 5 DESEMBRE 2025 16 FEBRER [&hellip;]</p>
