{"id":26,"date":"2014-09-18T12:24:32","date_gmt":"2014-09-18T11:24:32","guid":{"rendered":"http:\/\/agora.xtec.cat\/ceip-gabriel-castella\/?page_id=26"},"modified":"2024-05-08T16:54:27","modified_gmt":"2024-05-08T14:54:27","slug":"historia","status":"publish","type":"page","link":"https:\/\/agora.xtec.cat\/ceip-gabriel-castella\/lescola\/historia\/","title":{"rendered":"Qui som"},"content":{"rendered":"<p style=\"line-height: 15.0pt; background: white; margin: 0cm 0cm 15.0pt 0cm;\"><span style=\"font-size: 14.5pt; font-family: 'Arial','sans-serif'; color: #444444;\">Escola d\u2019una l\u00ednia que acull els nivells d\u2019Infantil i Prim\u00e0ria. Ubicada al costat de l\u2019estaci\u00f3 de ferrocarrils i autobusos, el CAP Sud i l\u2019INS Badia Margarit amb el qual compartim espais com el gimn\u00e0s, el pati i activitats culturals i acad\u00e8miques.<\/span><\/p>\n<p style=\"line-height: 15.0pt; background: white; margin: 0cm 0cm 15.0pt 0cm;\"><span style=\"font-size: 14.5pt; font-family: 'Arial','sans-serif'; color: #444444;\">Som una escola que fomenta la diversitat i la inclusi\u00f3 de tot l\u2019alumnat prioritzant el benestar dels infants i generant contextos educatius de respecte als diferents ritmes de desenvolupament i aprenentatge.<\/span><\/p>\n<p style=\"line-height: 15.0pt; background: white; margin: 0cm 0cm 15.0pt 0cm;\"><span style=\"font-size: 14.5pt; font-family: 'Arial','sans-serif'; color: #444444;\">L\u2019equip educatiu del centre participa en projectes d\u2019innovaci\u00f3 pedag\u00f2gica que porten cap una constant evoluci\u00f3. <\/span><\/p>\n<p><img loading=\"lazy\" decoding=\"async\" class=\"aligncenter\" src=\"https:\/\/encrypted-tbn0.gstatic.com\/images?q=tbn:ANd9GcTU9jjY5zYvgTUodVZ31FPJbUTjQJEll7lNLw&amp;usqp=CAU\" alt=\"Escola Gabriel Castell\u00e0 i Raich | Facebook\" width=\"449\" height=\"255\" \/><\/p>\n<p>&nbsp;<\/p>\n<p>&nbsp;<\/p>\n","protected":false},"excerpt":{"rendered":"<p>Escola d\u2019una l\u00ednia que acull els nivells d\u2019Infantil i Prim\u00e0ria. Ubicada al costat de l\u2019estaci\u00f3 de ferrocarrils i autobusos, el CAP Sud i l\u2019INS Badia Margarit amb el qual compartim espais com el gimn\u00e0s, el pati i activitats culturals i acad\u00e8miques. Som una escola que fomenta la diversitat i la inclusi\u00f3 de tot l\u2019alumnat prioritzant [&hellip;]<\/p>\n","protected":false},"author":1,"featured_media":0,"parent":22,"menu_order":2,"comment_status":"closed","ping_status":"closed","template":"page-templates\/side-menu.php","meta":{"_bbp_topic_count":0,"_bbp_reply_count":0,"_bbp_total_topic_count":0,"_bbp_total_reply_count":0,"_bbp_voice_count":0,"_bbp_anonymous_reply_count":0,"_bbp_topic_count_hidden":0,"_bbp_reply_count_hidden":0,"_bbp_forum_subforum_count":0,"site-sidebar-layout":"default","site-content-layout":"","ast-site-content-layout":"","site-content-style":"default","site-sidebar-style":"default","ast-global-header-display":"","ast-banner-title-visibility":"","ast-main-header-display":"","ast-hfb-above-header-display":"","ast-hfb-below-header-display":"","ast-hfb-mobile-header-display":"","site-post-title":"","ast-breadcrumbs-content":"","ast-featured-img":"","footer-sml-layout":"","theme-transparent-header-meta":"","adv-header-id-meta":"","stick-header-meta":"","header-above-stick-meta":"","header-main-stick-meta":"","header-below-stick-meta":"","astra-migrate-meta-layouts":"default","ast-page-background-enabled":"default","ast-page-background-meta":{"desktop":{"background-color":"var(--ast-global-color-4)","background-image":"","background-repeat":"repeat","background-position":"center center","background-size":"auto","background-attachment":"scroll","background-type":"","background-media":"","overlay-type":"","overlay-color":"","overlay-opacity":"","overlay-gradient":""},"tablet":{"background-color":"","background-image":"","background-repeat":"repeat","background-position":"center center","background-size":"auto","background-attachment":"scroll","background-type":"","background-media":"","overlay-type":"","overlay-color":"","overlay-opacity":"","overlay-gradient":""},"mobile":{"background-color":"","background-image":"","background-repeat":"repeat","background-position":"center center","background-size":"auto","background-attachment":"scroll","background-type":"","background-media":"","overlay-type":"","overlay-color":"","overlay-opacity":"","overlay-gradient":""}},"ast-content-background-meta":{"desktop":{"background-color":"var(--ast-global-color-5)","background-image":"","background-repeat":"repeat","background-position":"center center","background-size":"auto","background-attachment":"scroll","background-type":"","background-media":"","overlay-type":"","overlay-color":"","overlay-opacity":"","overlay-gradient":""},"tablet":{"background-color":"var(--ast-global-color-5)","background-image":"","background-repeat":"repeat","background-position":"center center","background-size":"auto","background-attachment":"scroll","background-type":"","background-media":"","overlay-type":"","overlay-color":"","overlay-opacity":"","overlay-gradient":""},"mobile":{"background-color":"var(--ast-global-color-5)","background-image":"","background-repeat":"repeat","background-position":"center center","background-size":"auto","background-attachment":"scroll","background-type":"","background-media":"","overlay-type":"","overlay-color":"","overlay-opacity":"","overlay-gradient":""}},"footnotes":""},"class_list":["post-26","page","type-page","status-publish","hentry"],"post_mailing_queue_ids":[],"_links":{"self":[{"href":"https:\/\/agora.xtec.cat\/ceip-gabriel-castella\/wp-json\/wp\/v2\/pages\/26","targetHints":{"allow":["GET"]}}],"collection":[{"href":"https:\/\/agora.xtec.cat\/ceip-gabriel-castella\/wp-json\/wp\/v2\/pages"}],"about":[{"href":"https:\/\/agora.xtec.cat\/ceip-gabriel-castella\/wp-json\/wp\/v2\/types\/page"}],"author":[{"embeddable":true,"href":"https:\/\/agora.xtec.cat\/ceip-gabriel-castella\/wp-json\/wp\/v2\/users\/1"}],"replies":[{"embeddable":true,"href":"https:\/\/agora.xtec.cat\/ceip-gabriel-castella\/wp-json\/wp\/v2\/comments?post=26"}],"version-history":[{"count":4,"href":"https:\/\/agora.xtec.cat\/ceip-gabriel-castella\/wp-json\/wp\/v2\/pages\/26\/revisions"}],"predecessor-version":[{"id":7288,"href":"https:\/\/agora.xtec.cat\/ceip-gabriel-castella\/wp-json\/wp\/v2\/pages\/26\/revisions\/7288"}],"up":[{"embeddable":true,"href":"https:\/\/agora.xtec.cat\/ceip-gabriel-castella\/wp-json\/wp\/v2\/pages\/22"}],"wp:attachment":[{"href":"https:\/\/agora.xtec.cat\/ceip-gabriel-castella\/wp-json\/wp\/v2\/media?parent=26"}],"curies":[{"name":"wp","href":"https:\/\/api.w.org\/{rel}","templated":true}]}}