{"id":73,"date":"2018-04-06T09:01:51","date_gmt":"2018-04-06T07:01:51","guid":{"rendered":"http:\/\/agora.xtec.cat\/ceip-fray-luis-leon\/?page_id=73"},"modified":"2026-02-17T16:01:35","modified_gmt":"2026-02-17T15:01:35","slug":"menjador-escolar","status":"publish","type":"page","link":"https:\/\/agora.xtec.cat\/ceip-fray-luis-leon\/serveis\/menjador-escolar\/","title":{"rendered":"Menjador escolar"},"content":{"rendered":"<p style=\"text-align: justify;\">El menjador escolar \u00e9s gestionat per l\u2019empresa Gramenet Serveis Escolars SL i la comissi\u00f3 de menjador del Consell Escolar vetlla pel bon funcionament d&#8217;aquest servei. Disposa del personal de cuina, les monitores i els monitors i la coordinadora del servei. Es duen a terme activitats l\u00fadiques i creatives.<\/p>\n<p style=\"text-align: justify;\">El menjar s&#8217;elabora di\u00e0riament a la cuina de l&#8217;escola. Funciona al llarg de tot el curs i l&#8217;horari \u00e9s de les 12:30\u202fh fins a les 15 hores. Durant la jornada intensiva l\u2019horari del menjador \u00e9s de 12:30\u202fh a 15 h.<\/p>\n<p style=\"text-align: center;\"><a href=\"https:\/\/drive.google.com\/file\/d\/1uPRs1T6vviIAPtcJ39mZ-oaMEk1OZfcO\/view?usp=sharing\"><strong>PROGRAMACI\u00d3 MENJADOR CURS 25-26<\/strong><\/a><\/p>\n<p style=\"text-align: center;\"><a href=\"https:\/\/drive.google.com\/file\/d\/1iGZFc7053_2ZSlnLjPANbbnTuK5Q3-1b\/view?usp=sharing\"><strong>ORGANITZACI\u00d3 DEL TEMPS DE MIGDIA CURS 25-26<\/strong><\/a><\/p>\n<p style=\"text-align: center;\"><a href=\"https:\/\/drive.google.com\/file\/d\/12BfyRdo1ILWZKii6CfQ2Z5Z--339yVFs\/view?usp=drive_link\"><strong>INFORMACI\u00d3 MENJADOR\u00a0 CURS 25-26<\/strong><\/a><\/p>\n<p style=\"text-align: justify;\">Qualsevol dubte, el podeu resoldre parlant amb el responsable de l&#8217;empresa Sebas L\u00f3pez o amb la coordinadora del temps de migdia Cristina S\u00e1nchez o trucant al tel\u00e8fon 678 75 22 71, tamb\u00e9 per WhatsApp, cada dia lectiu de 9 h a 12 hores.<\/p>\n<h5 style=\"text-align: center;\"><a href=\"https:\/\/drive.google.com\/file\/d\/16PgM_hTdtEo5nfXfeUK0JdwMhMbagRUG\/view?usp=sharing\"><span style=\"text-decoration: underline;\">\u21d2 Men\u00fa Mar\u00e7 2026 Basal i Halal \u21d0 <\/span><\/a><a href=\"https:\/\/drive.google.com\/file\/d\/1rCX6X-kI_KtcuD6V-yinSqzfEAlR8iiK\/view?usp=sharing\"><span style=\"text-decoration: underline;\">\u21d2 Men\u00fa Vegetari\u00e0\u21d0<\/span><\/a><\/h5>\n<h5 style=\"text-align: center;\"><a href=\"https:\/\/drive.google.com\/file\/d\/1s7gAlJuIjocQSpbKHSvAOxDaBLfRj1DF\/view?usp=sharing\"><span style=\"text-decoration: underline;\">\u21d2 Men\u00fa Febrer 2026 Basal i Halal \u21d0 <\/span><\/a><a href=\"https:\/\/drive.google.com\/file\/d\/1LKFbbum2tcBFVOrwygyLO4nfMLW2fV-g\/view?usp=sharing\"><span style=\"text-decoration: underline;\">\u21d2 Men\u00fa Vegetari\u00e0\u21d0<\/span><\/a><\/h5>\n<h5 style=\"text-align: center;\"><a href=\"https:\/\/drive.google.com\/file\/d\/10I-pZfLMU9Xap151Oh3Z375BVJtraLL-\/view?usp=sharing\"><span style=\"text-decoration: underline;\">\u21d2 Men\u00fa Gener 2026 Basal i Halal \u21d0 <\/span><\/a><a href=\"https:\/\/drive.google.com\/file\/d\/11w2UIrDRyY86RZl82UElUYbf6_5KXHat\/view?usp=sharing\"><span style=\"text-decoration: underline;\">\u21d2 Men\u00fa Vegetari\u00e0\u21d0<\/span><\/a><\/h5>\n<h5 style=\"text-align: center;\"><a href=\"https:\/\/drive.google.com\/file\/d\/12n1F6NQYfmdlFjJwFWcvtwGYkBlSSXbg\/view?usp=sharing\"><span style=\"text-decoration: underline;\">\u21d2 Men\u00fa Desembre 2025 Basal i Halal \u21d0 <\/span><\/a><a href=\"https:\/\/drive.google.com\/file\/d\/1QG4bRtCqdwfITRE6RF_3fwGvriDhLR6M\/view?usp=sharing\"><span style=\"text-decoration: underline;\">\u21d2 Men\u00fa Vegetari\u00e0\u21d0<\/span><\/a><\/h5>\n<h5 style=\"text-align: center;\"><a href=\"https:\/\/drive.google.com\/file\/d\/1HPRLrbPEHHt5YzfS9UhjFvcoz8ZLI5ub\/view?usp=sharing\"><span style=\"text-decoration: underline;\">\u21d2 Men\u00fa Novembre 2025 Basal i Halal \u21d0 <\/span><\/a><a href=\"https:\/\/drive.google.com\/file\/d\/1OUW8dR9rbHio6f9WvEcDy3xCalPZ4FAq\/view?usp=sharing\"><span style=\"text-decoration: underline;\">\u21d2 Men\u00fa Vegetari\u00e0\u21d0<\/span><\/a><\/h5>\n<h5 style=\"text-align: center;\"><a href=\"https:\/\/drive.google.com\/file\/d\/13wIAomfbe50qRSHQe7JEB0uuFLorD_B-\/view?usp=sharing\"><span style=\"text-decoration: underline;\">\u21d2 Men\u00fa Octubre 2025 Basal i Halal \u21d0 <\/span><\/a><a href=\"https:\/\/drive.google.com\/file\/d\/1GO1fG2QBF3hsvXc5vCxqcc4SpjC-MK4Q\/view?usp=sharing\"><span style=\"text-decoration: underline;\">\u21d2 Men\u00fa Vegetari\u00e0\u21d0<\/span><\/a><\/h5>\n<h5 style=\"text-align: center;\"><a href=\"https:\/\/drive.google.com\/file\/d\/1tAvvmy_EzrzuIvVtJxGEOUR4hJDsswk7\/view?usp=sharing\"><span style=\"text-decoration: underline;\">\u21d2 Men\u00fa Setembre 2025 Basal i Halal \u21d0 <\/span><\/a><a href=\"https:\/\/drive.google.com\/file\/d\/17NNZNLBSEwLa_-AWKRcnvjaTuckHkdEk\/view?usp=sharing\"><span style=\"text-decoration: underline;\">\u21d2 Men\u00fa Vegetari\u00e0\u21d0<\/span><\/a><\/h5>\n","protected":false},"excerpt":{"rendered":"<p>El menjador escolar \u00e9s gestionat per l\u2019empresa Gramenet Serveis Escolars SL i la comissi\u00f3 de menjador del Consell Escolar vetlla pel bon funcionament d&#8217;aquest servei. Disposa del personal de cuina, les monitores i els monitors i la coordinadora del servei. Es duen a terme activitats l\u00fadiques i creatives. El menjar s&#8217;elabora di\u00e0riament a la cuina [&hellip;]<\/p>\n","protected":false},"author":1,"featured_media":0,"parent":66,"menu_order":30,"comment_status":"closed","ping_status":"closed","template":"","meta":{"_bbp_topic_count":0,"_bbp_reply_count":0,"_bbp_total_topic_count":0,"_bbp_total_reply_count":0,"_bbp_voice_count":0,"_bbp_anonymous_reply_count":0,"_bbp_topic_count_hidden":0,"_bbp_reply_count_hidden":0,"_bbp_forum_subforum_count":0,"site-sidebar-layout":"default","site-content-layout":"","ast-site-content-layout":"default","site-content-style":"default","site-sidebar-style":"default","ast-global-header-display":"","ast-banner-title-visibility":"","ast-main-header-display":"","ast-hfb-above-header-display":"","ast-hfb-below-header-display":"","ast-hfb-mobile-header-display":"","site-post-title":"","ast-breadcrumbs-content":"","ast-featured-img":"","footer-sml-layout":"","theme-transparent-header-meta":"","adv-header-id-meta":"","stick-header-meta":"","header-above-stick-meta":"","header-main-stick-meta":"","header-below-stick-meta":"","astra-migrate-meta-layouts":"set","ast-page-background-enabled":"default","ast-page-background-meta":{"desktop":{"background-color":"var(--ast-global-color-4)","background-image":"","background-repeat":"repeat","background-position":"center center","background-size":"auto","background-attachment":"scroll","background-type":"","background-media":"","overlay-type":"","overlay-color":"","overlay-opacity":"","overlay-gradient":""},"tablet":{"background-color":"","background-image":"","background-repeat":"repeat","background-position":"center center","background-size":"auto","background-attachment":"scroll","background-type":"","background-media":"","overlay-type":"","overlay-color":"","overlay-opacity":"","overlay-gradient":""},"mobile":{"background-color":"","background-image":"","background-repeat":"repeat","background-position":"center center","background-size":"auto","background-attachment":"scroll","background-type":"","background-media":"","overlay-type":"","overlay-color":"","overlay-opacity":"","overlay-gradient":""}},"ast-content-background-meta":{"desktop":{"background-color":"var(--ast-global-color-5)","background-image":"","background-repeat":"repeat","background-position":"center center","background-size":"auto","background-attachment":"scroll","background-type":"","background-media":"","overlay-type":"","overlay-color":"","overlay-opacity":"","overlay-gradient":""},"tablet":{"background-color":"var(--ast-global-color-5)","background-image":"","background-repeat":"repeat","background-position":"center center","background-size":"auto","background-attachment":"scroll","background-type":"","background-media":"","overlay-type":"","overlay-color":"","overlay-opacity":"","overlay-gradient":""},"mobile":{"background-color":"var(--ast-global-color-5)","background-image":"","background-repeat":"repeat","background-position":"center center","background-size":"auto","background-attachment":"scroll","background-type":"","background-media":"","overlay-type":"","overlay-color":"","overlay-opacity":"","overlay-gradient":""}},"footnotes":""},"class_list":["post-73","page","type-page","status-publish","hentry"],"post_mailing_queue_ids":[],"_links":{"self":[{"href":"https:\/\/agora.xtec.cat\/ceip-fray-luis-leon\/wp-json\/wp\/v2\/pages\/73","targetHints":{"allow":["GET"]}}],"collection":[{"href":"https:\/\/agora.xtec.cat\/ceip-fray-luis-leon\/wp-json\/wp\/v2\/pages"}],"about":[{"href":"https:\/\/agora.xtec.cat\/ceip-fray-luis-leon\/wp-json\/wp\/v2\/types\/page"}],"author":[{"embeddable":true,"href":"https:\/\/agora.xtec.cat\/ceip-fray-luis-leon\/wp-json\/wp\/v2\/users\/1"}],"replies":[{"embeddable":true,"href":"https:\/\/agora.xtec.cat\/ceip-fray-luis-leon\/wp-json\/wp\/v2\/comments?post=73"}],"version-history":[{"count":6,"href":"https:\/\/agora.xtec.cat\/ceip-fray-luis-leon\/wp-json\/wp\/v2\/pages\/73\/revisions"}],"predecessor-version":[{"id":8148,"href":"https:\/\/agora.xtec.cat\/ceip-fray-luis-leon\/wp-json\/wp\/v2\/pages\/73\/revisions\/8148"}],"up":[{"embeddable":true,"href":"https:\/\/agora.xtec.cat\/ceip-fray-luis-leon\/wp-json\/wp\/v2\/pages\/66"}],"wp:attachment":[{"href":"https:\/\/agora.xtec.cat\/ceip-fray-luis-leon\/wp-json\/wp\/v2\/media?parent=73"}],"curies":[{"name":"wp","href":"https:\/\/api.w.org\/{rel}","templated":true}]}}