{"id":5365,"date":"2022-11-16T16:41:01","date_gmt":"2022-11-16T15:41:01","guid":{"rendered":"https:\/\/agora.xtec.cat\/ceip-fray-luis-leon\/?page_id=5365"},"modified":"2022-11-16T16:44:29","modified_gmt":"2022-11-16T15:44:29","slug":"pmoe-proa","status":"publish","type":"page","link":"https:\/\/agora.xtec.cat\/ceip-fray-luis-leon\/pmoe-proa\/","title":{"rendered":"PMOE PROA+"},"content":{"rendered":"<p><a href=\"https:\/\/agora.xtec.cat\/ceip-fray-luis-leon\/wp-content\/uploads\/usu900\/2022\/11\/Captura-2.jpg\"><img loading=\"lazy\" decoding=\"async\" class=\"alignnone size-full wp-image-5369\" src=\"https:\/\/agora.xtec.cat\/ceip-fray-luis-leon\/wp-content\/uploads\/usu900\/2022\/11\/Captura-2.jpg\" alt=\"\" width=\"984\" height=\"670\" srcset=\"https:\/\/agora.xtec.cat\/ceip-fray-luis-leon\/wp-content\/uploads\/usu900\/2022\/11\/Captura-2.jpg 984w, https:\/\/agora.xtec.cat\/ceip-fray-luis-leon\/wp-content\/uploads\/usu900\/2022\/11\/Captura-2-300x204.jpg 300w, https:\/\/agora.xtec.cat\/ceip-fray-luis-leon\/wp-content\/uploads\/usu900\/2022\/11\/Captura-2-768x523.jpg 768w\" sizes=\"auto, (max-width: 984px) 100vw, 984px\" \/><\/a><\/p>\n<p>&nbsp;<\/p>\n<p><b>PROGRAMA PMOE PROA+<\/b><\/p>\n<p><span style=\"font-weight: 400;\">Com ja sabeu, la nostra escola ha participat durant dos cursos en el programa <\/span><b>PMOE<\/b><span style=\"font-weight: 400;\">. Aquest curs tonem a participar amb la incorporaci\u00f3 del programa PROA+.<\/span><\/p>\n<p><span style=\"font-weight: 400;\">El Departament d&#8217;Educaci\u00f3 a trav\u00e9s de la Resoluci\u00f3 EDU\/2694\/2021, de 30 d&#8217;agost, regula el Pla de millora d&#8217;oportunitats educatives (PMOE) per al curs 2021-2022, en el marc de les mesures adoptades pel Departament d&#8217;Educaci\u00f3 per pal\u00b7liar els efectes desfavorables per la COVID-19.<\/span><\/p>\n<p><span style=\"font-weight: 400;\">D&#8217;altra banda, el Ministeri d&#8217;Educaci\u00f3 i Formaci\u00f3 Professional ha aprovat el <\/span><b>Programa de cooperaci\u00f3 territorial per a l&#8217;orientaci\u00f3, l&#8217;aven\u00e7 i l&#8217;enriquiment educatiu <\/b><b>PROA+<\/b><span style=\"font-weight: 400;\">, en el marc del component 21 \u201cModernitzaci\u00f3 i digitalitzaci\u00f3 del sistema educatiu, inclosa l&#8217;educaci\u00f3 primerenca de 0-3 anys\u201d, que es planteja amb car\u00e0cter plurianual, 2021-2024.\u00a0<\/span><\/p>\n<p><span style=\"font-weight: 400;\">Aquest t\u00e9 com a eix fonamental el refor\u00e7 institucional de la capacitat de transformaci\u00f3 i formativa dels centres que presenten una complexitat educativa m\u00e9s gran, amb la finalitat de reduir l&#8217;absentisme escolar i millorar l&#8217;\u00e8xit educatiu de tot l&#8217;alumnat, especialment del m\u00e9s vulnerable.<\/span><\/p>\n<p>&nbsp;<\/p>\n<p><b>OBJECTIUS DEL PMOE PROA+<\/b><\/p>\n<p><span style=\"font-weight: 400;\">El programa PMOE PROA+ es basa en els <\/span><b>objectius <\/b><span style=\"font-weight: 400;\">seg\u00fcents<\/span><span style=\"font-weight: 400;\">:\u00a0<\/span><\/p>\n<ul>\n<li style=\"font-weight: 400;\" aria-level=\"1\"><span style=\"font-weight: 400;\">Contribuir a la millora de l&#8217;equitat en l&#8217;acc\u00e9s a oportunitats educatives i a l&#8217;\u00e8xit escolar de tot l&#8217;alumnat amb l&#8217;enfortiment dels centres educatius p\u00fablics de m\u00e9s complexitat educativa del Servei d&#8217;Educaci\u00f3 de Catalunya per tal que disposin dels recursos necessaris per compensar les necessitats i desigualtats educatives de l&#8217;alumnat i les seves fam\u00edlies.<\/span><\/li>\n<li style=\"font-weight: 400;\" aria-level=\"1\"><span style=\"font-weight: 400;\">Integrar el Programa de cooperaci\u00f3 territorial per a l&#8217;orientaci\u00f3, l&#8217;aven\u00e7 i l&#8217;enriquiment educatiu PROA+ en el Pla de millora d&#8217;oportunitats educatives PMOE.<\/span><\/li>\n<li style=\"font-weight: 400;\" aria-level=\"1\"><span style=\"font-weight: 400;\">Refor\u00e7ar l&#8217;atenci\u00f3 de l&#8217;alumnat amb necessitats espec\u00edfiques de suport educatiu i millorar l&#8217;enfocament inclusiu.<\/span><\/li>\n<li style=\"font-weight: 400;\" aria-level=\"1\"><span style=\"font-weight: 400;\">Refor\u00e7ar la dimensi\u00f3 comunit\u00e0ria de l&#8217;acci\u00f3 educativa.<\/span><\/li>\n<\/ul>\n<p>&nbsp;<\/p>\n<p><b>ACTUACIONS <\/b><span style=\"font-weight: 400;\">que es podran dur a terme amb l\u2019ajut econ\u00f2mic que l\u2019escola rep del programa PROA+:\u00a0<\/span><\/p>\n<table>\n<tbody>\n<tr>\n<td><span style=\"font-weight: 400;\">Subvenci\u00f3 de les col\u00f2nies i sortides escolars<\/span><\/td>\n<\/tr>\n<tr>\n<td><span style=\"font-weight: 400;\">Tallers d\u2019educaci\u00f3 emocional\u00a0<\/span><\/td>\n<\/tr>\n<tr>\n<td><span style=\"font-weight: 400;\">Tokapp School de l\u2019escola i l\u2019AFA<\/span><\/td>\n<\/tr>\n<tr>\n<td><span style=\"font-weight: 400;\">Material did\u00e0ctic: llibres de lectura<\/span><\/td>\n<\/tr>\n<\/tbody>\n<\/table>\n<p>&nbsp;<\/p>\n","protected":false},"excerpt":{"rendered":"<p>&nbsp; PROGRAMA PMOE PROA+ Com ja sabeu, la nostra escola ha participat durant dos cursos en el programa PMOE. Aquest curs tonem a participar amb la incorporaci\u00f3 del programa PROA+. El Departament d&#8217;Educaci\u00f3 a trav\u00e9s de la Resoluci\u00f3 EDU\/2694\/2021, de 30 d&#8217;agost, regula el Pla de millora d&#8217;oportunitats educatives (PMOE) per al curs 2021-2022, en [&hellip;]<\/p>\n","protected":false},"author":9,"featured_media":0,"parent":0,"menu_order":0,"comment_status":"closed","ping_status":"closed","template":"","meta":{"_bbp_topic_count":0,"_bbp_reply_count":0,"_bbp_total_topic_count":0,"_bbp_total_reply_count":0,"_bbp_voice_count":0,"_bbp_anonymous_reply_count":0,"_bbp_topic_count_hidden":0,"_bbp_reply_count_hidden":0,"_bbp_forum_subforum_count":0,"site-sidebar-layout":"default","site-content-layout":"","ast-site-content-layout":"","site-content-style":"default","site-sidebar-style":"default","ast-global-header-display":"","ast-banner-title-visibility":"","ast-main-header-display":"","ast-hfb-above-header-display":"","ast-hfb-below-header-display":"","ast-hfb-mobile-header-display":"","site-post-title":"","ast-breadcrumbs-content":"","ast-featured-img":"","footer-sml-layout":"","theme-transparent-header-meta":"","adv-header-id-meta":"","stick-header-meta":"","header-above-stick-meta":"","header-main-stick-meta":"","header-below-stick-meta":"","astra-migrate-meta-layouts":"default","ast-page-background-enabled":"default","ast-page-background-meta":{"desktop":{"background-color":"var(--ast-global-color-4)","background-image":"","background-repeat":"repeat","background-position":"center center","background-size":"auto","background-attachment":"scroll","background-type":"","background-media":"","overlay-type":"","overlay-color":"","overlay-opacity":"","overlay-gradient":""},"tablet":{"background-color":"","background-image":"","background-repeat":"repeat","background-position":"center center","background-size":"auto","background-attachment":"scroll","background-type":"","background-media":"","overlay-type":"","overlay-color":"","overlay-opacity":"","overlay-gradient":""},"mobile":{"background-color":"","background-image":"","background-repeat":"repeat","background-position":"center center","background-size":"auto","background-attachment":"scroll","background-type":"","background-media":"","overlay-type":"","overlay-color":"","overlay-opacity":"","overlay-gradient":""}},"ast-content-background-meta":{"desktop":{"background-color":"var(--ast-global-color-5)","background-image":"","background-repeat":"repeat","background-position":"center center","background-size":"auto","background-attachment":"scroll","background-type":"","background-media":"","overlay-type":"","overlay-color":"","overlay-opacity":"","overlay-gradient":""},"tablet":{"background-color":"var(--ast-global-color-5)","background-image":"","background-repeat":"repeat","background-position":"center center","background-size":"auto","background-attachment":"scroll","background-type":"","background-media":"","overlay-type":"","overlay-color":"","overlay-opacity":"","overlay-gradient":""},"mobile":{"background-color":"var(--ast-global-color-5)","background-image":"","background-repeat":"repeat","background-position":"center center","background-size":"auto","background-attachment":"scroll","background-type":"","background-media":"","overlay-type":"","overlay-color":"","overlay-opacity":"","overlay-gradient":""}},"footnotes":""},"class_list":["post-5365","page","type-page","status-publish","hentry"],"post_mailing_queue_ids":[],"_links":{"self":[{"href":"https:\/\/agora.xtec.cat\/ceip-fray-luis-leon\/wp-json\/wp\/v2\/pages\/5365","targetHints":{"allow":["GET"]}}],"collection":[{"href":"https:\/\/agora.xtec.cat\/ceip-fray-luis-leon\/wp-json\/wp\/v2\/pages"}],"about":[{"href":"https:\/\/agora.xtec.cat\/ceip-fray-luis-leon\/wp-json\/wp\/v2\/types\/page"}],"author":[{"embeddable":true,"href":"https:\/\/agora.xtec.cat\/ceip-fray-luis-leon\/wp-json\/wp\/v2\/users\/9"}],"replies":[{"embeddable":true,"href":"https:\/\/agora.xtec.cat\/ceip-fray-luis-leon\/wp-json\/wp\/v2\/comments?post=5365"}],"version-history":[{"count":3,"href":"https:\/\/agora.xtec.cat\/ceip-fray-luis-leon\/wp-json\/wp\/v2\/pages\/5365\/revisions"}],"predecessor-version":[{"id":5371,"href":"https:\/\/agora.xtec.cat\/ceip-fray-luis-leon\/wp-json\/wp\/v2\/pages\/5365\/revisions\/5371"}],"wp:attachment":[{"href":"https:\/\/agora.xtec.cat\/ceip-fray-luis-leon\/wp-json\/wp\/v2\/media?parent=5365"}],"curies":[{"name":"wp","href":"https:\/\/api.w.org\/{rel}","templated":true}]}}

<p><a href="https://agora.xtec.cat/ceip-fray-luis-leon/wp-content/uploads/usu900/2022/11/Captura-2.jpg"><img loading="lazy" decoding="async" class="alignnone size-full wp-image-5369" src="https://agora.xtec.cat/ceip-fray-luis-leon/wp-content/uploads/usu900/2022/11/Captura-2.jpg" alt="" width="984" height="670" srcset="https://agora.xtec.cat/ceip-fray-luis-leon/wp-content/uploads/usu900/2022/11/Captura-2.jpg 984w, https://agora.xtec.cat/ceip-fray-luis-leon/wp-content/uploads/usu900/2022/11/Captura-2-300x204.jpg 300w, https://agora.xtec.cat/ceip-fray-luis-leon/wp-content/uploads/usu900/2022/11/Captura-2-768x523.jpg 768w" sizes="auto, (max-width: 984px) 100vw, 984px" /></a></p>
<p>&nbsp;</p>
<p><b>PROGRAMA PMOE PROA+</b></p>
<p><span style="font-weight: 400;">Com ja sabeu, la nostra escola ha participat durant dos cursos en el programa </span><b>PMOE</b><span style="font-weight: 400;">. Aquest curs tonem a participar amb la incorporació del programa PROA+.</span></p>
<p><span style="font-weight: 400;">El Departament d&#8217;Educació a través de la Resolució EDU/2694/2021, de 30 d&#8217;agost, regula el Pla de millora d&#8217;oportunitats educatives (PMOE) per al curs 2021-2022, en el marc de les mesures adoptades pel Departament d&#8217;Educació per pal·liar els efectes desfavorables per la COVID-19.</span></p>
<p><span style="font-weight: 400;">D&#8217;altra banda, el Ministeri d&#8217;Educació i Formació Professional ha aprovat el </span><b>Programa de cooperació territorial per a l&#8217;orientació, l&#8217;avenç i l&#8217;enriquiment educatiu </b><b>PROA+</b><span style="font-weight: 400;">, en el marc del component 21 “Modernització i digitalització del sistema educatiu, inclosa l&#8217;educació primerenca de 0-3 anys”, que es planteja amb caràcter plurianual, 2021-2024. </span></p>
<p><span style="font-weight: 400;">Aquest té com a eix fonamental el reforç institucional de la capacitat de transformació i formativa dels centres que presenten una complexitat educativa més gran, amb la finalitat de reduir l&#8217;absentisme escolar i millorar l&#8217;èxit educatiu de tot l&#8217;alumnat, especialment del més vulnerable.</span></p>
<p>&nbsp;</p>
<p><b>OBJECTIUS DEL PMOE PROA+</b></p>
<p><span style="font-weight: 400;">El programa PMOE PROA+ es basa en els </span><b>objectius </b><span style="font-weight: 400;">següents</span><span style="font-weight: 400;">: </span></p>
<ul>
<li style="font-weight: 400;" aria-level="1"><span style="font-weight: 400;">Contribuir a la millora de l&#8217;equitat en l&#8217;accés a oportunitats educatives i a l&#8217;èxit escolar de tot l&#8217;alumnat amb l&#8217;enfortiment dels centres educatius públics de més complexitat educativa del Servei d&#8217;Educació de Catalunya per tal que disposin dels recursos necessaris per compensar les necessitats i desigualtats educatives de l&#8217;alumnat i les seves famílies.</span></li>
<li style="font-weight: 400;" aria-level="1"><span style="font-weight: 400;">Integrar el Programa de cooperació territorial per a l&#8217;orientació, l&#8217;avenç i l&#8217;enriquiment educatiu PROA+ en el Pla de millora d&#8217;oportunitats educatives PMOE.</span></li>
<li style="font-weight: 400;" aria-level="1"><span style="font-weight: 400;">Reforçar l&#8217;atenció de l&#8217;alumnat amb necessitats específiques de suport educatiu i millorar l&#8217;enfocament inclusiu.</span></li>
<li style="font-weight: 400;" aria-level="1"><span style="font-weight: 400;">Reforçar la dimensió comunitària de l&#8217;acció educativa.</span></li>
</ul>
<p>&nbsp;</p>
<p><b>ACTUACIONS </b><span style="font-weight: 400;">que es podran dur a terme amb l’ajut econòmic que l’escola rep del programa PROA+: </span></p>
<table>
<tbody>
<tr>
<td><span style="font-weight: 400;">Subvenció de les colònies i sortides escolars</span></td>
</tr>
<tr>
<td><span style="font-weight: 400;">Tallers d’educació emocional </span></td>
</tr>
<tr>
<td><span style="font-weight: 400;">Tokapp School de l’escola i l’AFA</span></td>
</tr>
<tr>
<td><span style="font-weight: 400;">Material didàctic: llibres de lectura</span></td>
</tr>
</tbody>
</table>
<p>&nbsp;</p>

<p>&nbsp; PROGRAMA PMOE PROA+ Com ja sabeu, la nostra escola ha participat durant dos cursos en el programa PMOE. Aquest curs tonem a participar amb la incorporació del programa PROA+. El Departament d&#8217;Educació a través de la Resolució EDU/2694/2021, de 30 d&#8217;agost, regula el Pla de millora d&#8217;oportunitats educatives (PMOE) per al curs 2021-2022, en [&hellip;]</p>
