{"id":4880,"date":"2022-03-21T15:26:35","date_gmt":"2022-03-21T14:26:35","guid":{"rendered":"https:\/\/agora.xtec.cat\/ceip-fray-luis-leon\/?page_id=4880"},"modified":"2022-03-22T15:21:05","modified_gmt":"2022-03-22T14:21:05","slug":"komtu","status":"publish","type":"page","link":"https:\/\/agora.xtec.cat\/ceip-fray-luis-leon\/komtu\/","title":{"rendered":"KOMT\u00dc"},"content":{"rendered":"<p style=\"text-align: justify;\"><span style=\"font-size: 16px;\"><a href=\"https:\/\/www.nouscims.com\/ca\/proyecto\/komtu\/\"><span style=\"font-weight: 400;\">Komt\u00fc<\/span><\/a><span style=\"font-weight: 400;\"> \u00e9s un programa que vol acompanyar en la millora del benestar emocional i relacional a les escoles d\u2019infantil i prim\u00e0ria. \u00c9s un projecte gratu\u00eft impulsat per la Fundaci\u00f3 Nous Cims, que treballa amb totes les persones que acompanyen els infants en el seu proc\u00e9s de creixement, desenvolupament i aprenentatge. Aquest programa t\u00e9 una durada de tres cursos.<\/span><\/span><\/p>\n<p style=\"text-align: justify;\"><span style=\"font-weight: 400; font-size: 16px;\">Des de l\u2019escola vam escriure una carta de motivaci\u00f3 explicant perqu\u00e8 voliem adherir-nos al programa i finalment, vam estar seleccionades com a una de les cinc escoles que el curs 21-22 l&#8217;iniciarien!.\u00a0<\/span><\/p>\n<p><span style=\"font-weight: 400;\"><a href=\"https:\/\/drive.google.com\/file\/d\/18IMJ8zpRoinK1MMuVhdxS6BhetD9YGj5\/view\"><img loading=\"lazy\" decoding=\"async\" class=\"alignnone wp-image-4886 aligncenter\" src=\"https:\/\/agora.xtec.cat\/ceip-fray-luis-leon\/wp-content\/uploads\/usu900\/2022\/03\/foto-0.jpg\" alt=\"\" width=\"850\" height=\"479\" srcset=\"https:\/\/agora.xtec.cat\/ceip-fray-luis-leon\/wp-content\/uploads\/usu900\/2022\/03\/foto-0.jpg 1452w, https:\/\/agora.xtec.cat\/ceip-fray-luis-leon\/wp-content\/uploads\/usu900\/2022\/03\/foto-0-300x169.jpg 300w, https:\/\/agora.xtec.cat\/ceip-fray-luis-leon\/wp-content\/uploads\/usu900\/2022\/03\/foto-0-1024x578.jpg 1024w, https:\/\/agora.xtec.cat\/ceip-fray-luis-leon\/wp-content\/uploads\/usu900\/2022\/03\/foto-0-768x433.jpg 768w\" sizes=\"auto, (max-width: 850px) 100vw, 850px\" \/><\/a><\/span><\/p>\n<p>&nbsp;<\/p>\n<p><span style=\"font-size: 24px;\"><strong><span style=\"color: #ff9900;\">PER QU\u00c8 KOMT\u00dc?<\/span><\/strong><\/span><\/p>\n<ul>\n<li style=\"font-weight: 400; text-align: justify;\" aria-level=\"1\"><span style=\"font-weight: 400;\">Les experi\u00e8ncies relacionals deixen una empremta emocional que pot condicionar la personalitat i l\u2019actitud dels nens i les nenes al llarg de tota la seva vida.<\/span><\/li>\n<li style=\"font-weight: 400; text-align: justify;\" aria-level=\"1\"><span style=\"font-weight: 400;\">Les viv\u00e8ncies positives i de confian\u00e7a amb les persones adultes poden comportar un millor aprenentatge, a m\u00e9s de l&#8217;adquisici\u00f3 d\u2019habilitats, valors i capacitats b\u00e0siques com s\u00f3n l\u2019empatia, l&#8217;autoconsci\u00e8ncia o l\u2019autoestima, entre d\u2019altres.<\/span><\/li>\n<li aria-level=\"1\"><span style=\"font-weight: 400;\">Komt\u00fc involucra a tota la comunitat educativa per a promoure un entorn positiu i d\u2019acompanyament emocional de l\u2019alumnat.<\/span><span style=\"font-weight: 400;\"><a href=\"https:\/\/agora.xtec.cat\/ceip-fray-luis-leon\/wp-content\/uploads\/usu900\/2022\/03\/foto-1.jpg\"><img loading=\"lazy\" decoding=\"async\" class=\"wp-image-4887 aligncenter\" src=\"https:\/\/agora.xtec.cat\/ceip-fray-luis-leon\/wp-content\/uploads\/usu900\/2022\/03\/foto-1.jpg\" alt=\"\" width=\"984\" height=\"559\" srcset=\"https:\/\/agora.xtec.cat\/ceip-fray-luis-leon\/wp-content\/uploads\/usu900\/2022\/03\/foto-1.jpg 1614w, https:\/\/agora.xtec.cat\/ceip-fray-luis-leon\/wp-content\/uploads\/usu900\/2022\/03\/foto-1-300x171.jpg 300w, https:\/\/agora.xtec.cat\/ceip-fray-luis-leon\/wp-content\/uploads\/usu900\/2022\/03\/foto-1-1024x582.jpg 1024w, https:\/\/agora.xtec.cat\/ceip-fray-luis-leon\/wp-content\/uploads\/usu900\/2022\/03\/foto-1-768x437.jpg 768w, https:\/\/agora.xtec.cat\/ceip-fray-luis-leon\/wp-content\/uploads\/usu900\/2022\/03\/foto-1-1536x874.jpg 1536w\" sizes=\"auto, (max-width: 984px) 100vw, 984px\" \/><\/a><\/span><\/li>\n<\/ul>\n<p>&nbsp;<\/p>\n<p><strong><span style=\"color: #ff9900; font-size: 24px;\">COM S\u2019ESTRUCTURA?<\/span><\/strong><\/p>\n<ul>\n<li style=\"font-weight: 400;\" aria-level=\"1\"><span style=\"font-weight: 400;\">El programa Komt\u00fc s\u2019estructura al voltant de quatre \u00e0rees, denominades \u201ccomponents\u201d que s\u00f3n les que poden influir de manera decisiva en la salut i el benestar emocional dels\/de les alumnes en particular i de tota la comunitat educativa en general.<\/span><\/li>\n<\/ul>\n<ul>\n<li style=\"font-weight: 400;\" aria-level=\"1\"><span style=\"font-weight: 400;\">Aquest s&#8217;ha desenvolupat conjuntament entre la <\/span><a href=\"http:\/\/www.nouscims.com\/ca\"><span style=\"font-weight: 400;\">Fundaci\u00f3 Nous Cims<\/span><\/a><span style=\"font-weight: 400;\"> i la <\/span><a href=\"https:\/\/eduvic.coop\/\"><span style=\"font-weight: 400;\">cooperativa Eduvic<\/span><\/a><span style=\"font-weight: 400;\">.<\/span><\/li>\n<\/ul>\n<p><a href=\"https:\/\/agora.xtec.cat\/ceip-fray-luis-leon\/wp-content\/uploads\/usu900\/2022\/03\/foto-2.jpg\"><img loading=\"lazy\" decoding=\"async\" class=\"size-full wp-image-4888 aligncenter\" src=\"https:\/\/agora.xtec.cat\/ceip-fray-luis-leon\/wp-content\/uploads\/usu900\/2022\/03\/foto-2.jpg\" alt=\"\" width=\"543\" height=\"531\" srcset=\"https:\/\/agora.xtec.cat\/ceip-fray-luis-leon\/wp-content\/uploads\/usu900\/2022\/03\/foto-2.jpg 543w, https:\/\/agora.xtec.cat\/ceip-fray-luis-leon\/wp-content\/uploads\/usu900\/2022\/03\/foto-2-300x293.jpg 300w\" sizes=\"auto, (max-width: 543px) 100vw, 543px\" \/><\/a><\/p>\n<p><strong><span style=\"color: #ff9900; font-size: 24px;\">QU\u00c8 OFEREIX?<\/span><\/strong><\/p>\n<p><span style=\"font-weight: 400;\">Les Escoles Komt\u00fc, seleccionades a partir d&#8217;una crida oberta, inicien <\/span><a href=\"https:\/\/www.komtu.org\/com-ho-fem\/\"><span style=\"font-weight: 400;\">un proc\u00e9s de transformaci\u00f3<\/span><\/a><span style=\"font-weight: 400;\"> en qu\u00e8 planifiquen i posen en marxa accions que promocionen la salut relacional, la prevenci\u00f3 i la intervenci\u00f3 preco\u00e7.<\/span><\/p>\n<p><span style=\"font-weight: 400;\">Un equip de professionals assisteix al centre escolar dos dies a la setmana durant tres cursos oferint acompanyament durant tot el proc\u00e9s tenint en compte les potencialitats i necessitats de cada escola.<\/span><\/p>\n<p>&nbsp;<\/p>\n<p><strong><span style=\"color: #ff9900; font-size: 24px;\">COM HO FEM?<\/span><\/strong><\/p>\n<p><span style=\"font-weight: 400;\">Una vegada tot l\u2019equip docent de l\u2019escola coneix el projecte i decideix participar s\u2019inicia una fase pr\u00e8via d\u2019organitzaci\u00f3: es constitueix un equip de coordinaci\u00f3 al centre i s\u2019estableix el calendari per dur a terme les accions del full de ruta adaptant-nos a les caracter\u00edstiques de cada escola.<\/span><\/p>\n<p><a href=\"https:\/\/agora.xtec.cat\/ceip-fray-luis-leon\/wp-content\/uploads\/usu900\/2022\/03\/FOTO-3.jpg\"><img loading=\"lazy\" decoding=\"async\" class=\"wp-image-4889 alignright\" src=\"https:\/\/agora.xtec.cat\/ceip-fray-luis-leon\/wp-content\/uploads\/usu900\/2022\/03\/FOTO-3.jpg\" alt=\"\" width=\"222\" height=\"201\" srcset=\"https:\/\/agora.xtec.cat\/ceip-fray-luis-leon\/wp-content\/uploads\/usu900\/2022\/03\/FOTO-3.jpg 375w, https:\/\/agora.xtec.cat\/ceip-fray-luis-leon\/wp-content\/uploads\/usu900\/2022\/03\/FOTO-3-300x272.jpg 300w\" sizes=\"auto, (max-width: 222px) 100vw, 222px\" \/><\/a><\/p>\n<ol>\n<li style=\"font-weight: 400;\" aria-level=\"1\"><span style=\"font-weight: 400;\">Ens coneixem!: <\/span><span style=\"font-weight: 400;\">Es realitzen sessions de sensibilitzaci\u00f3 per a presentar el projecte a tota la comunitat escolar. <\/span><span style=\"font-weight: 400;\">El punt de partida en relaci\u00f3 al benestar emocional!<\/span><\/li>\n<li style=\"font-weight: 400;\" aria-level=\"1\"><span style=\"font-weight: 400;\">Durant els primers mesos t\u00e9 lloc un proc\u00e9s de diagn\u00f2stic amb tota la comunitat escolar (enquestes, entrevistes i observacions d\u2019aula).<\/span><\/li>\n<li style=\"font-weight: 400;\" aria-level=\"1\"><span style=\"font-weight: 400;\">Definim el full de ruta!: <\/span><span style=\"font-weight: 400;\">Despr\u00e9s de la diagnosi es defineix un full de ruta de centre i es planifiquen les accions a desenvolupar durant la implementaci\u00f3 del projecte.<\/span><\/li>\n<li style=\"font-weight: 400;\" aria-level=\"1\"><span style=\"font-weight: 400;\">Planifiquem i implementem les accions!: <\/span><span style=\"font-weight: 400;\">S\u2019inicien les sessions de formaci\u00f3 i de pr\u00e0ctica reflexiva amb el claustre, el treball amb les fam\u00edlies i amb el personal no docent per portar a terme les accions establertes.<\/span><\/li>\n<li style=\"font-weight: 400;\" aria-level=\"1\"><span style=\"font-weight: 400;\">Tamb\u00e9 s\u2019ofereix assessorament especialitzat per aquells infants i fam\u00edlies que presentin dificultats espec\u00edfiques.<\/span><\/li>\n<li style=\"font-weight: 400;\" aria-level=\"1\"><span style=\"font-weight: 400;\">L\u2019avaluaci\u00f3 i el seguiment del desenvolupament del projecte s\u00f3n dos elements transversals durant tot el proc\u00e9s!<\/span><\/li>\n<\/ol>\n<p><a href=\"https:\/\/agora.xtec.cat\/ceip-fray-luis-leon\/wp-content\/uploads\/usu900\/2022\/03\/FOTO-4.jpg\"><img loading=\"lazy\" decoding=\"async\" class=\"size-full wp-image-4890 aligncenter\" src=\"https:\/\/agora.xtec.cat\/ceip-fray-luis-leon\/wp-content\/uploads\/usu900\/2022\/03\/FOTO-4.jpg\" alt=\"\" width=\"602\" height=\"338\" srcset=\"https:\/\/agora.xtec.cat\/ceip-fray-luis-leon\/wp-content\/uploads\/usu900\/2022\/03\/FOTO-4.jpg 602w, https:\/\/agora.xtec.cat\/ceip-fray-luis-leon\/wp-content\/uploads\/usu900\/2022\/03\/FOTO-4-300x168.jpg 300w\" sizes=\"auto, (max-width: 602px) 100vw, 602px\" \/><\/a><\/p>\n","protected":false},"excerpt":{"rendered":"<p>Komt\u00fc \u00e9s un programa que vol acompanyar en la millora del benestar emocional i relacional a les escoles d\u2019infantil i prim\u00e0ria. \u00c9s un projecte gratu\u00eft impulsat per la Fundaci\u00f3 Nous Cims, que treballa amb totes les persones que acompanyen els infants en el seu proc\u00e9s de creixement, desenvolupament i aprenentatge. Aquest programa t\u00e9 una durada [&hellip;]<\/p>\n","protected":false},"author":1,"featured_media":0,"parent":0,"menu_order":0,"comment_status":"closed","ping_status":"closed","template":"","meta":{"_bbp_topic_count":0,"_bbp_reply_count":0,"_bbp_total_topic_count":0,"_bbp_total_reply_count":0,"_bbp_voice_count":0,"_bbp_anonymous_reply_count":0,"_bbp_topic_count_hidden":0,"_bbp_reply_count_hidden":0,"_bbp_forum_subforum_count":0,"site-sidebar-layout":"default","site-content-layout":"","ast-site-content-layout":"","site-content-style":"default","site-sidebar-style":"default","ast-global-header-display":"","ast-banner-title-visibility":"","ast-main-header-display":"","ast-hfb-above-header-display":"","ast-hfb-below-header-display":"","ast-hfb-mobile-header-display":"","site-post-title":"","ast-breadcrumbs-content":"","ast-featured-img":"","footer-sml-layout":"","theme-transparent-header-meta":"","adv-header-id-meta":"","stick-header-meta":"","header-above-stick-meta":"","header-main-stick-meta":"","header-below-stick-meta":"","astra-migrate-meta-layouts":"default","ast-page-background-enabled":"default","ast-page-background-meta":{"desktop":{"background-color":"var(--ast-global-color-4)","background-image":"","background-repeat":"repeat","background-position":"center center","background-size":"auto","background-attachment":"scroll","background-type":"","background-media":"","overlay-type":"","overlay-color":"","overlay-opacity":"","overlay-gradient":""},"tablet":{"background-color":"","background-image":"","background-repeat":"repeat","background-position":"center center","background-size":"auto","background-attachment":"scroll","background-type":"","background-media":"","overlay-type":"","overlay-color":"","overlay-opacity":"","overlay-gradient":""},"mobile":{"background-color":"","background-image":"","background-repeat":"repeat","background-position":"center center","background-size":"auto","background-attachment":"scroll","background-type":"","background-media":"","overlay-type":"","overlay-color":"","overlay-opacity":"","overlay-gradient":""}},"ast-content-background-meta":{"desktop":{"background-color":"var(--ast-global-color-5)","background-image":"","background-repeat":"repeat","background-position":"center center","background-size":"auto","background-attachment":"scroll","background-type":"","background-media":"","overlay-type":"","overlay-color":"","overlay-opacity":"","overlay-gradient":""},"tablet":{"background-color":"var(--ast-global-color-5)","background-image":"","background-repeat":"repeat","background-position":"center center","background-size":"auto","background-attachment":"scroll","background-type":"","background-media":"","overlay-type":"","overlay-color":"","overlay-opacity":"","overlay-gradient":""},"mobile":{"background-color":"var(--ast-global-color-5)","background-image":"","background-repeat":"repeat","background-position":"center center","background-size":"auto","background-attachment":"scroll","background-type":"","background-media":"","overlay-type":"","overlay-color":"","overlay-opacity":"","overlay-gradient":""}},"footnotes":""},"class_list":["post-4880","page","type-page","status-publish","hentry"],"post_mailing_queue_ids":[],"_links":{"self":[{"href":"https:\/\/agora.xtec.cat\/ceip-fray-luis-leon\/wp-json\/wp\/v2\/pages\/4880","targetHints":{"allow":["GET"]}}],"collection":[{"href":"https:\/\/agora.xtec.cat\/ceip-fray-luis-leon\/wp-json\/wp\/v2\/pages"}],"about":[{"href":"https:\/\/agora.xtec.cat\/ceip-fray-luis-leon\/wp-json\/wp\/v2\/types\/page"}],"author":[{"embeddable":true,"href":"https:\/\/agora.xtec.cat\/ceip-fray-luis-leon\/wp-json\/wp\/v2\/users\/1"}],"replies":[{"embeddable":true,"href":"https:\/\/agora.xtec.cat\/ceip-fray-luis-leon\/wp-json\/wp\/v2\/comments?post=4880"}],"version-history":[{"count":4,"href":"https:\/\/agora.xtec.cat\/ceip-fray-luis-leon\/wp-json\/wp\/v2\/pages\/4880\/revisions"}],"predecessor-version":[{"id":4916,"href":"https:\/\/agora.xtec.cat\/ceip-fray-luis-leon\/wp-json\/wp\/v2\/pages\/4880\/revisions\/4916"}],"wp:attachment":[{"href":"https:\/\/agora.xtec.cat\/ceip-fray-luis-leon\/wp-json\/wp\/v2\/media?parent=4880"}],"curies":[{"name":"wp","href":"https:\/\/api.w.org\/{rel}","templated":true}]}}

KOMTÜ

<p style="text-align: justify;"><span style="font-size: 16px;"><a href="https://www.nouscims.com/ca/proyecto/komtu/"><span style="font-weight: 400;">Komtü</span></a><span style="font-weight: 400;"> és un programa que vol acompanyar en la millora del benestar emocional i relacional a les escoles d’infantil i primària. És un projecte gratuït impulsat per la Fundació Nous Cims, que treballa amb totes les persones que acompanyen els infants en el seu procés de creixement, desenvolupament i aprenentatge. Aquest programa té una durada de tres cursos.</span></span></p>
<p style="text-align: justify;"><span style="font-weight: 400; font-size: 16px;">Des de l’escola vam escriure una carta de motivació explicant perquè voliem adherir-nos al programa i finalment, vam estar seleccionades com a una de les cinc escoles que el curs 21-22 l&#8217;iniciarien!. </span></p>
<p><span style="font-weight: 400;"><a href="https://drive.google.com/file/d/18IMJ8zpRoinK1MMuVhdxS6BhetD9YGj5/view"><img loading="lazy" decoding="async" class="alignnone wp-image-4886 aligncenter" src="https://agora.xtec.cat/ceip-fray-luis-leon/wp-content/uploads/usu900/2022/03/foto-0.jpg" alt="" width="850" height="479" srcset="https://agora.xtec.cat/ceip-fray-luis-leon/wp-content/uploads/usu900/2022/03/foto-0.jpg 1452w, https://agora.xtec.cat/ceip-fray-luis-leon/wp-content/uploads/usu900/2022/03/foto-0-300x169.jpg 300w, https://agora.xtec.cat/ceip-fray-luis-leon/wp-content/uploads/usu900/2022/03/foto-0-1024x578.jpg 1024w, https://agora.xtec.cat/ceip-fray-luis-leon/wp-content/uploads/usu900/2022/03/foto-0-768x433.jpg 768w" sizes="auto, (max-width: 850px) 100vw, 850px" /></a></span></p>
<p>&nbsp;</p>
<p><span style="font-size: 24px;"><strong><span style="color: #ff9900;">PER QUÈ KOMTÜ?</span></strong></span></p>
<ul>
<li style="font-weight: 400; text-align: justify;" aria-level="1"><span style="font-weight: 400;">Les experiències relacionals deixen una empremta emocional que pot condicionar la personalitat i l’actitud dels nens i les nenes al llarg de tota la seva vida.</span></li>
<li style="font-weight: 400; text-align: justify;" aria-level="1"><span style="font-weight: 400;">Les vivències positives i de confiança amb les persones adultes poden comportar un millor aprenentatge, a més de l&#8217;adquisició d’habilitats, valors i capacitats bàsiques com són l’empatia, l&#8217;autoconsciència o l’autoestima, entre d’altres.</span></li>
<li aria-level="1"><span style="font-weight: 400;">Komtü involucra a tota la comunitat educativa per a promoure un entorn positiu i d’acompanyament emocional de l’alumnat.</span><span style="font-weight: 400;"><a href="https://agora.xtec.cat/ceip-fray-luis-leon/wp-content/uploads/usu900/2022/03/foto-1.jpg"><img loading="lazy" decoding="async" class="wp-image-4887 aligncenter" src="https://agora.xtec.cat/ceip-fray-luis-leon/wp-content/uploads/usu900/2022/03/foto-1.jpg" alt="" width="984" height="559" srcset="https://agora.xtec.cat/ceip-fray-luis-leon/wp-content/uploads/usu900/2022/03/foto-1.jpg 1614w, https://agora.xtec.cat/ceip-fray-luis-leon/wp-content/uploads/usu900/2022/03/foto-1-300x171.jpg 300w, https://agora.xtec.cat/ceip-fray-luis-leon/wp-content/uploads/usu900/2022/03/foto-1-1024x582.jpg 1024w, https://agora.xtec.cat/ceip-fray-luis-leon/wp-content/uploads/usu900/2022/03/foto-1-768x437.jpg 768w, https://agora.xtec.cat/ceip-fray-luis-leon/wp-content/uploads/usu900/2022/03/foto-1-1536x874.jpg 1536w" sizes="auto, (max-width: 984px) 100vw, 984px" /></a></span></li>
</ul>
<p>&nbsp;</p>
<p><strong><span style="color: #ff9900; font-size: 24px;">COM S’ESTRUCTURA?</span></strong></p>
<ul>
<li style="font-weight: 400;" aria-level="1"><span style="font-weight: 400;">El programa Komtü s’estructura al voltant de quatre àrees, denominades “components” que són les que poden influir de manera decisiva en la salut i el benestar emocional dels/de les alumnes en particular i de tota la comunitat educativa en general.</span></li>
</ul>
<ul>
<li style="font-weight: 400;" aria-level="1"><span style="font-weight: 400;">Aquest s&#8217;ha desenvolupat conjuntament entre la </span><a href="http://www.nouscims.com/ca"><span style="font-weight: 400;">Fundació Nous Cims</span></a><span style="font-weight: 400;"> i la </span><a href="https://eduvic.coop/"><span style="font-weight: 400;">cooperativa Eduvic</span></a><span style="font-weight: 400;">.</span></li>
</ul>
<p><a href="https://agora.xtec.cat/ceip-fray-luis-leon/wp-content/uploads/usu900/2022/03/foto-2.jpg"><img loading="lazy" decoding="async" class="size-full wp-image-4888 aligncenter" src="https://agora.xtec.cat/ceip-fray-luis-leon/wp-content/uploads/usu900/2022/03/foto-2.jpg" alt="" width="543" height="531" srcset="https://agora.xtec.cat/ceip-fray-luis-leon/wp-content/uploads/usu900/2022/03/foto-2.jpg 543w, https://agora.xtec.cat/ceip-fray-luis-leon/wp-content/uploads/usu900/2022/03/foto-2-300x293.jpg 300w" sizes="auto, (max-width: 543px) 100vw, 543px" /></a></p>
<p><strong><span style="color: #ff9900; font-size: 24px;">QUÈ OFEREIX?</span></strong></p>
<p><span style="font-weight: 400;">Les Escoles Komtü, seleccionades a partir d&#8217;una crida oberta, inicien </span><a href="https://www.komtu.org/com-ho-fem/"><span style="font-weight: 400;">un procés de transformació</span></a><span style="font-weight: 400;"> en què planifiquen i posen en marxa accions que promocionen la salut relacional, la prevenció i la intervenció precoç.</span></p>
<p><span style="font-weight: 400;">Un equip de professionals assisteix al centre escolar dos dies a la setmana durant tres cursos oferint acompanyament durant tot el procés tenint en compte les potencialitats i necessitats de cada escola.</span></p>
<p>&nbsp;</p>
<p><strong><span style="color: #ff9900; font-size: 24px;">COM HO FEM?</span></strong></p>
<p><span style="font-weight: 400;">Una vegada tot l’equip docent de l’escola coneix el projecte i decideix participar s’inicia una fase prèvia d’organització: es constitueix un equip de coordinació al centre i s’estableix el calendari per dur a terme les accions del full de ruta adaptant-nos a les característiques de cada escola.</span></p>
<p><a href="https://agora.xtec.cat/ceip-fray-luis-leon/wp-content/uploads/usu900/2022/03/FOTO-3.jpg"><img loading="lazy" decoding="async" class="wp-image-4889 alignright" src="https://agora.xtec.cat/ceip-fray-luis-leon/wp-content/uploads/usu900/2022/03/FOTO-3.jpg" alt="" width="222" height="201" srcset="https://agora.xtec.cat/ceip-fray-luis-leon/wp-content/uploads/usu900/2022/03/FOTO-3.jpg 375w, https://agora.xtec.cat/ceip-fray-luis-leon/wp-content/uploads/usu900/2022/03/FOTO-3-300x272.jpg 300w" sizes="auto, (max-width: 222px) 100vw, 222px" /></a></p>
<ol>
<li style="font-weight: 400;" aria-level="1"><span style="font-weight: 400;">Ens coneixem!: </span><span style="font-weight: 400;">Es realitzen sessions de sensibilització per a presentar el projecte a tota la comunitat escolar. </span><span style="font-weight: 400;">El punt de partida en relació al benestar emocional!</span></li>
<li style="font-weight: 400;" aria-level="1"><span style="font-weight: 400;">Durant els primers mesos té lloc un procés de diagnòstic amb tota la comunitat escolar (enquestes, entrevistes i observacions d’aula).</span></li>
<li style="font-weight: 400;" aria-level="1"><span style="font-weight: 400;">Definim el full de ruta!: </span><span style="font-weight: 400;">Després de la diagnosi es defineix un full de ruta de centre i es planifiquen les accions a desenvolupar durant la implementació del projecte.</span></li>
<li style="font-weight: 400;" aria-level="1"><span style="font-weight: 400;">Planifiquem i implementem les accions!: </span><span style="font-weight: 400;">S’inicien les sessions de formació i de pràctica reflexiva amb el claustre, el treball amb les famílies i amb el personal no docent per portar a terme les accions establertes.</span></li>
<li style="font-weight: 400;" aria-level="1"><span style="font-weight: 400;">També s’ofereix assessorament especialitzat per aquells infants i famílies que presentin dificultats específiques.</span></li>
<li style="font-weight: 400;" aria-level="1"><span style="font-weight: 400;">L’avaluació i el seguiment del desenvolupament del projecte són dos elements transversals durant tot el procés!</span></li>
</ol>
<p><a href="https://agora.xtec.cat/ceip-fray-luis-leon/wp-content/uploads/usu900/2022/03/FOTO-4.jpg"><img loading="lazy" decoding="async" class="size-full wp-image-4890 aligncenter" src="https://agora.xtec.cat/ceip-fray-luis-leon/wp-content/uploads/usu900/2022/03/FOTO-4.jpg" alt="" width="602" height="338" srcset="https://agora.xtec.cat/ceip-fray-luis-leon/wp-content/uploads/usu900/2022/03/FOTO-4.jpg 602w, https://agora.xtec.cat/ceip-fray-luis-leon/wp-content/uploads/usu900/2022/03/FOTO-4-300x168.jpg 300w" sizes="auto, (max-width: 602px) 100vw, 602px" /></a></p>

<p>Komtü és un programa que vol acompanyar en la millora del benestar emocional i relacional a les escoles d’infantil i primària. És un projecte gratuït impulsat per la Fundació Nous Cims, que treballa amb totes les persones que acompanyen els infants en el seu procés de creixement, desenvolupament i aprenentatge. Aquest programa té una durada [&hellip;]</p>
