{"id":30,"date":"2014-09-18T12:30:23","date_gmt":"2014-09-18T11:30:23","guid":{"rendered":"http:\/\/agora.xtec.cat\/ceip-fray-luis-leon\/?page_id=30"},"modified":"2025-09-26T16:17:17","modified_gmt":"2025-09-26T14:17:17","slug":"instal%c2%b7lacions","status":"publish","type":"page","link":"https:\/\/agora.xtec.cat\/ceip-fray-luis-leon\/lescola\/instal%c2%b7lacions\/","title":{"rendered":"Instal\u00b7lacions"},"content":{"rendered":"<p style=\"text-align: justify;\">L&#8217;edifici de l&#8217;escola l&#8217;hem anat adaptant per tal de donar resposta a totes les necessitats pedag\u00f2giques i activitats que realitzem:<\/p>\n<ul style=\"list-style-type: disc;\">\n<li style=\"text-align: justify;\">Aules d&#8217;Educaci\u00f3 Infantil confortables per acollir els ambients d&#8217;aprenentatge<\/li>\n<li style=\"text-align: justify;\">Espai d&#8217;ambients: Vila Fray i Ci\u00e8ncies<\/li>\n<li style=\"text-align: justify;\">Espai de llum i ombres<\/li>\n<li style=\"text-align: justify;\">Aules de prim\u00e0ria<\/li>\n<li style=\"text-align: justify;\">Espais de lectura i de treball en petit grup<\/li>\n<li style=\"text-align: justify;\">Aules petites pel treball en petit grup<\/li>\n<li style=\"text-align: justify;\">Aula d&#8217;acollida<\/li>\n<li style=\"text-align: justify;\">Aula de suport espec\u00edfic educatiu<\/li>\n<li style=\"text-align: justify;\">Aula de psicomotricitat<\/li>\n<li style=\"text-align: justify;\">Aula de m\u00fasica<\/li>\n<li style=\"text-align: justify;\">Aula d&#8217;angl\u00e8s<\/li>\n<li style=\"text-align: justify;\">Laboratori<\/li>\n<li style=\"text-align: justify;\">Aula Maker<\/li>\n<li style=\"text-align: justify;\">Aula polivalent de pl\u00e0stica<\/li>\n<li style=\"text-align: justify;\">Menjador<\/li>\n<li style=\"text-align: justify;\">Cuina Pr\u00f2pia<\/li>\n<li style=\"text-align: justify;\">Pati &#8220;Empatitzem&#8221;<\/li>\n<li style=\"text-align: justify;\">Pistes esportives<\/li>\n<li style=\"text-align: justify;\">Bibliopati<\/li>\n<\/ul>\n<p><a title=\"37.Fray Luis de Le\u00f3n\" href=\"https:\/\/www.flickr.com\/photos\/192326471@N07\/albums\/72157718495458828\" data-flickr-embed=\"true\"><img loading=\"lazy\" decoding=\"async\" class=\"\" src=\"https:\/\/live.staticflickr.com\/65535\/50996921756_76c6fab2b2_z.jpg\" alt=\"37.Fray Luis de Le\u00f3n\" width=\"604\" height=\"453\" \/><\/a><script async src=\"\/\/embedr.flickr.com\/assets\/client-code.js\" charset=\"utf-8\"><\/script><\/p>\n<p><iframe loading=\"lazy\" style=\"border: 0;\" src=\"https:\/\/www.google.com\/maps\/embed?pb=!4v1644915044348!6m8!1m7!1sCAoSLEFGMVFpcE5kclhpcXNxZ0tGWk1ibXAxTG1FN1ZMNlVQRDc0SDlpU1M1NFdS!2m2!1d41.4476862!2d2.2069167!3f173.17!4f3.519999999999996!5f0.4000000000000002\" width=\"600\" height=\"450\" allowfullscreen=\"allowfullscreen\"><\/iframe><\/p>\n<p><iframe loading=\"lazy\" style=\"border: 0;\" src=\"https:\/\/www.google.com\/maps\/embed?pb=!4v1644915082844!6m8!1m7!1sCAoSLEFGMVFpcE9FWmlFUWVMZzJfZjhHQi1aRjlsZHVyR21TNVZxMFBLRVVRZDY4!2m2!1d41.4476862!2d2.2069167!3f288.09!4f14.090000000000003!5f2.398528519943507\" width=\"600\" height=\"450\" allowfullscreen=\"allowfullscreen\"><\/iframe><\/p>\n<p><iframe loading=\"lazy\" style=\"border: 0;\" src=\"https:\/\/www.google.com\/maps\/embed?pb=!4v1644915108854!6m8!1m7!1sCAoSLEFGMVFpcE5aaVBhOFZ6OWpqNVJyaHltdDRtNkNjZnRTNzJoTFRTTGJVWHdE!2m2!1d41.4476862!2d2.2069167!3f63.5!4f10.269999999999996!5f1.0145446172721275\" width=\"600\" height=\"450\" allowfullscreen=\"allowfullscreen\"><\/iframe><\/p>\n<div class=\"ast-oembed-container \" style=\"height: 100%;\"><iframe loading=\"lazy\" title=\"37  Fray Luis de Le\u00f3n\" width=\"500\" height=\"281\" src=\"https:\/\/www.youtube.com\/embed\/Sos63qGXhIY?start=4&#038;feature=oembed\" frameborder=\"0\" allow=\"accelerometer; autoplay; clipboard-write; encrypted-media; gyroscope; picture-in-picture; web-share\" referrerpolicy=\"strict-origin-when-cross-origin\" allowfullscreen><\/iframe><\/div>\n","protected":false},"excerpt":{"rendered":"<p>L&#8217;edifici de l&#8217;escola l&#8217;hem anat adaptant per tal de donar resposta a totes les necessitats pedag\u00f2giques i activitats que realitzem: Aules d&#8217;Educaci\u00f3 Infantil confortables per acollir els ambients d&#8217;aprenentatge Espai d&#8217;ambients: Vila Fray i Ci\u00e8ncies Espai de llum i ombres Aules de prim\u00e0ria Espais de lectura i de treball en petit grup Aules petites pel [&hellip;]<\/p>\n","protected":false},"author":1,"featured_media":0,"parent":22,"menu_order":40,"comment_status":"closed","ping_status":"closed","template":"page-templates\/side-menu.php","meta":{"_bbp_topic_count":0,"_bbp_reply_count":0,"_bbp_total_topic_count":0,"_bbp_total_reply_count":0,"_bbp_voice_count":0,"_bbp_anonymous_reply_count":0,"_bbp_topic_count_hidden":0,"_bbp_reply_count_hidden":0,"_bbp_forum_subforum_count":0,"site-sidebar-layout":"default","site-content-layout":"","ast-site-content-layout":"","site-content-style":"default","site-sidebar-style":"default","ast-global-header-display":"","ast-banner-title-visibility":"","ast-main-header-display":"","ast-hfb-above-header-display":"","ast-hfb-below-header-display":"","ast-hfb-mobile-header-display":"","site-post-title":"","ast-breadcrumbs-content":"","ast-featured-img":"","footer-sml-layout":"","theme-transparent-header-meta":"","adv-header-id-meta":"","stick-header-meta":"","header-above-stick-meta":"","header-main-stick-meta":"","header-below-stick-meta":"","astra-migrate-meta-layouts":"default","ast-page-background-enabled":"default","ast-page-background-meta":{"desktop":{"background-color":"var(--ast-global-color-4)","background-image":"","background-repeat":"repeat","background-position":"center center","background-size":"auto","background-attachment":"scroll","background-type":"","background-media":"","overlay-type":"","overlay-color":"","overlay-opacity":"","overlay-gradient":""},"tablet":{"background-color":"","background-image":"","background-repeat":"repeat","background-position":"center center","background-size":"auto","background-attachment":"scroll","background-type":"","background-media":"","overlay-type":"","overlay-color":"","overlay-opacity":"","overlay-gradient":""},"mobile":{"background-color":"","background-image":"","background-repeat":"repeat","background-position":"center center","background-size":"auto","background-attachment":"scroll","background-type":"","background-media":"","overlay-type":"","overlay-color":"","overlay-opacity":"","overlay-gradient":""}},"ast-content-background-meta":{"desktop":{"background-color":"var(--ast-global-color-5)","background-image":"","background-repeat":"repeat","background-position":"center center","background-size":"auto","background-attachment":"scroll","background-type":"","background-media":"","overlay-type":"","overlay-color":"","overlay-opacity":"","overlay-gradient":""},"tablet":{"background-color":"var(--ast-global-color-5)","background-image":"","background-repeat":"repeat","background-position":"center center","background-size":"auto","background-attachment":"scroll","background-type":"","background-media":"","overlay-type":"","overlay-color":"","overlay-opacity":"","overlay-gradient":""},"mobile":{"background-color":"var(--ast-global-color-5)","background-image":"","background-repeat":"repeat","background-position":"center center","background-size":"auto","background-attachment":"scroll","background-type":"","background-media":"","overlay-type":"","overlay-color":"","overlay-opacity":"","overlay-gradient":""}},"footnotes":""},"class_list":["post-30","page","type-page","status-publish","hentry"],"post_mailing_queue_ids":[],"_links":{"self":[{"href":"https:\/\/agora.xtec.cat\/ceip-fray-luis-leon\/wp-json\/wp\/v2\/pages\/30","targetHints":{"allow":["GET"]}}],"collection":[{"href":"https:\/\/agora.xtec.cat\/ceip-fray-luis-leon\/wp-json\/wp\/v2\/pages"}],"about":[{"href":"https:\/\/agora.xtec.cat\/ceip-fray-luis-leon\/wp-json\/wp\/v2\/types\/page"}],"author":[{"embeddable":true,"href":"https:\/\/agora.xtec.cat\/ceip-fray-luis-leon\/wp-json\/wp\/v2\/users\/1"}],"replies":[{"embeddable":true,"href":"https:\/\/agora.xtec.cat\/ceip-fray-luis-leon\/wp-json\/wp\/v2\/comments?post=30"}],"version-history":[{"count":8,"href":"https:\/\/agora.xtec.cat\/ceip-fray-luis-leon\/wp-json\/wp\/v2\/pages\/30\/revisions"}],"predecessor-version":[{"id":7805,"href":"https:\/\/agora.xtec.cat\/ceip-fray-luis-leon\/wp-json\/wp\/v2\/pages\/30\/revisions\/7805"}],"up":[{"embeddable":true,"href":"https:\/\/agora.xtec.cat\/ceip-fray-luis-leon\/wp-json\/wp\/v2\/pages\/22"}],"wp:attachment":[{"href":"https:\/\/agora.xtec.cat\/ceip-fray-luis-leon\/wp-json\/wp\/v2\/media?parent=30"}],"curies":[{"name":"wp","href":"https:\/\/api.w.org\/{rel}","templated":true}]}}

<p style="text-align: justify;">L&#8217;edifici de l&#8217;escola l&#8217;hem anat adaptant per tal de donar resposta a totes les necessitats pedagògiques i activitats que realitzem:</p>
<ul style="list-style-type: disc;">
<li style="text-align: justify;">Aules d&#8217;Educació Infantil confortables per acollir els ambients d&#8217;aprenentatge</li>
<li style="text-align: justify;">Espai d&#8217;ambients: Vila Fray i Ciències</li>
<li style="text-align: justify;">Espai de llum i ombres</li>
<li style="text-align: justify;">Aules de primària</li>
<li style="text-align: justify;">Espais de lectura i de treball en petit grup</li>
<li style="text-align: justify;">Aules petites pel treball en petit grup</li>
<li style="text-align: justify;">Aula d&#8217;acollida</li>
<li style="text-align: justify;">Aula de suport específic educatiu</li>
<li style="text-align: justify;">Aula de psicomotricitat</li>
<li style="text-align: justify;">Aula de música</li>
<li style="text-align: justify;">Aula d&#8217;anglès</li>
<li style="text-align: justify;">Laboratori</li>
<li style="text-align: justify;">Aula Maker</li>
<li style="text-align: justify;">Aula polivalent de plàstica</li>
<li style="text-align: justify;">Menjador</li>
<li style="text-align: justify;">Cuina Pròpia</li>
<li style="text-align: justify;">Pati &#8220;Empatitzem&#8221;</li>
<li style="text-align: justify;">Pistes esportives</li>
<li style="text-align: justify;">Bibliopati</li>
</ul>
<p><a title="37.Fray Luis de León" href="https://www.flickr.com/photos/192326471@N07/albums/72157718495458828" data-flickr-embed="true"><img loading="lazy" decoding="async" class="" src="https://live.staticflickr.com/65535/50996921756_76c6fab2b2_z.jpg" alt="37.Fray Luis de León" width="604" height="453" /></a><script async src="//embedr.flickr.com/assets/client-code.js" charset="utf-8"></script></p>
<p><iframe loading="lazy" style="border: 0;" src="https://www.google.com/maps/embed?pb=!4v1644915044348!6m8!1m7!1sCAoSLEFGMVFpcE5kclhpcXNxZ0tGWk1ibXAxTG1FN1ZMNlVQRDc0SDlpU1M1NFdS!2m2!1d41.4476862!2d2.2069167!3f173.17!4f3.519999999999996!5f0.4000000000000002" width="600" height="450" allowfullscreen="allowfullscreen"></iframe></p>
<p><iframe loading="lazy" style="border: 0;" src="https://www.google.com/maps/embed?pb=!4v1644915082844!6m8!1m7!1sCAoSLEFGMVFpcE9FWmlFUWVMZzJfZjhHQi1aRjlsZHVyR21TNVZxMFBLRVVRZDY4!2m2!1d41.4476862!2d2.2069167!3f288.09!4f14.090000000000003!5f2.398528519943507" width="600" height="450" allowfullscreen="allowfullscreen"></iframe></p>
<p><iframe loading="lazy" style="border: 0;" src="https://www.google.com/maps/embed?pb=!4v1644915108854!6m8!1m7!1sCAoSLEFGMVFpcE5aaVBhOFZ6OWpqNVJyaHltdDRtNkNjZnRTNzJoTFRTTGJVWHdE!2m2!1d41.4476862!2d2.2069167!3f63.5!4f10.269999999999996!5f1.0145446172721275" width="600" height="450" allowfullscreen="allowfullscreen"></iframe></p>
<div class="ast-oembed-container " style="height: 100%;"><iframe loading="lazy" title="37  Fray Luis de León" width="500" height="281" src="https://www.youtube.com/embed/Sos63qGXhIY?start=4&#038;feature=oembed" frameborder="0" allow="accelerometer; autoplay; clipboard-write; encrypted-media; gyroscope; picture-in-picture; web-share" referrerpolicy="strict-origin-when-cross-origin" allowfullscreen></iframe></div>

<p>L&#8217;edifici de l&#8217;escola l&#8217;hem anat adaptant per tal de donar resposta a totes les necessitats pedagògiques i activitats que realitzem: Aules d&#8217;Educació Infantil confortables per acollir els ambients d&#8217;aprenentatge Espai d&#8217;ambients: Vila Fray i Ciències Espai de llum i ombres Aules de primària Espais de lectura i de treball en petit grup Aules petites pel [&hellip;]</p>
