{"id":189,"date":"2016-02-15T20:23:22","date_gmt":"2016-02-15T19:23:22","guid":{"rendered":"http:\/\/agora.xtec.cat\/ceip-fray-luis-leon\/?page_id=189"},"modified":"2018-02-25T23:31:56","modified_gmt":"2018-02-25T22:31:56","slug":"que-fem","status":"publish","type":"page","link":"https:\/\/agora.xtec.cat\/ceip-fray-luis-leon\/que-fem\/","title":{"rendered":"Els nostres projectes"},"content":{"rendered":"<p>Els principis que orienten el nostre fer s\u00f3n :<\/p>\n<ul>\n<li>Entendre l\u2019educaci\u00f3 com un proc\u00e9s integral l\u2019objectiu del qual, s\u00f3n els nostres nens i nenes.<\/li>\n<li>Creure en la inclusi\u00f3 com a manera per atendre la diversitat de ritmes evolutius i de les capacitats intel\u00b7lectuals de cadasc\u00fa.<\/li>\n<li>Fer que l\u2019escola ofereixi la igualtat d\u2019oportunitats per tots els nens i nens.<\/li>\n<li>Educar en valors positius: l\u2019autoestima, l\u2019autoconeixement, l\u2019empatia i el coneixement dels altres per millorar el desenvolupament personal.<\/li>\n<li>Crear un clima positiu per afrontar la resoluci\u00f3 cooperativa dels conflictes.<\/li>\n<li>Desenvolupar actituds de respecte pel medi ambient i a favor de la pau.<\/li>\n<li>Treballar el pluralisme i els valors democr\u00e0tics, desenvolupant l\u2019esperit cr\u00edtic, la capacitat d\u2019argumentaci\u00f3 i decisi\u00f3.<\/li>\n<li>Potenciar la igualtat de g\u00e8nere.<\/li>\n<li>Compartir l\u2019educaci\u00f3 amb les fam\u00edlies i la resta de la comunitat.<\/li>\n<li>Ser sensibles als canvis que es produeixen en una societat tan din\u00e0mica com la nostra.<\/li>\n<li>Potenciar i participar en els projectes que es desenvolupen en el nostre entorn proper.<\/li>\n<li>Crear el gust per la feina ben feta, potenciant la cultura de l\u2019esfor\u00e7, com a valors b\u00e0sics per assolir els propis prop\u00f2sits.<\/li>\n<li>Tenir en compte en totes les actuacions a fer, el moment de desenvolupament psicol\u00f2gic dels\/les alumnes.<\/li>\n<\/ul>\n","protected":false},"excerpt":{"rendered":"<p>Els principis que orienten el nostre fer s\u00f3n : Entendre l\u2019educaci\u00f3 com un proc\u00e9s integral l\u2019objectiu del qual, s\u00f3n els nostres nens i nenes. Creure en la inclusi\u00f3 com a manera per atendre la diversitat de ritmes evolutius i de les capacitats intel\u00b7lectuals de cadasc\u00fa. Fer que l\u2019escola ofereixi la igualtat d\u2019oportunitats per tots els [&hellip;]<\/p>\n","protected":false},"author":1,"featured_media":0,"parent":0,"menu_order":0,"comment_status":"closed","ping_status":"closed","template":"","meta":{"_bbp_topic_count":0,"_bbp_reply_count":0,"_bbp_total_topic_count":0,"_bbp_total_reply_count":0,"_bbp_voice_count":0,"_bbp_anonymous_reply_count":0,"_bbp_topic_count_hidden":0,"_bbp_reply_count_hidden":0,"_bbp_forum_subforum_count":0,"site-sidebar-layout":"default","site-content-layout":"","ast-site-content-layout":"","site-content-style":"default","site-sidebar-style":"default","ast-global-header-display":"","ast-banner-title-visibility":"","ast-main-header-display":"","ast-hfb-above-header-display":"","ast-hfb-below-header-display":"","ast-hfb-mobile-header-display":"","site-post-title":"","ast-breadcrumbs-content":"","ast-featured-img":"","footer-sml-layout":"","theme-transparent-header-meta":"","adv-header-id-meta":"","stick-header-meta":"","header-above-stick-meta":"","header-main-stick-meta":"","header-below-stick-meta":"","astra-migrate-meta-layouts":"default","ast-page-background-enabled":"default","ast-page-background-meta":{"desktop":{"background-color":"var(--ast-global-color-4)","background-image":"","background-repeat":"repeat","background-position":"center center","background-size":"auto","background-attachment":"scroll","background-type":"","background-media":"","overlay-type":"","overlay-color":"","overlay-opacity":"","overlay-gradient":""},"tablet":{"background-color":"","background-image":"","background-repeat":"repeat","background-position":"center center","background-size":"auto","background-attachment":"scroll","background-type":"","background-media":"","overlay-type":"","overlay-color":"","overlay-opacity":"","overlay-gradient":""},"mobile":{"background-color":"","background-image":"","background-repeat":"repeat","background-position":"center center","background-size":"auto","background-attachment":"scroll","background-type":"","background-media":"","overlay-type":"","overlay-color":"","overlay-opacity":"","overlay-gradient":""}},"ast-content-background-meta":{"desktop":{"background-color":"var(--ast-global-color-5)","background-image":"","background-repeat":"repeat","background-position":"center center","background-size":"auto","background-attachment":"scroll","background-type":"","background-media":"","overlay-type":"","overlay-color":"","overlay-opacity":"","overlay-gradient":""},"tablet":{"background-color":"var(--ast-global-color-5)","background-image":"","background-repeat":"repeat","background-position":"center center","background-size":"auto","background-attachment":"scroll","background-type":"","background-media":"","overlay-type":"","overlay-color":"","overlay-opacity":"","overlay-gradient":""},"mobile":{"background-color":"var(--ast-global-color-5)","background-image":"","background-repeat":"repeat","background-position":"center center","background-size":"auto","background-attachment":"scroll","background-type":"","background-media":"","overlay-type":"","overlay-color":"","overlay-opacity":"","overlay-gradient":""}},"footnotes":""},"class_list":["post-189","page","type-page","status-publish","hentry"],"post_mailing_queue_ids":[],"_links":{"self":[{"href":"https:\/\/agora.xtec.cat\/ceip-fray-luis-leon\/wp-json\/wp\/v2\/pages\/189","targetHints":{"allow":["GET"]}}],"collection":[{"href":"https:\/\/agora.xtec.cat\/ceip-fray-luis-leon\/wp-json\/wp\/v2\/pages"}],"about":[{"href":"https:\/\/agora.xtec.cat\/ceip-fray-luis-leon\/wp-json\/wp\/v2\/types\/page"}],"author":[{"embeddable":true,"href":"https:\/\/agora.xtec.cat\/ceip-fray-luis-leon\/wp-json\/wp\/v2\/users\/1"}],"replies":[{"embeddable":true,"href":"https:\/\/agora.xtec.cat\/ceip-fray-luis-leon\/wp-json\/wp\/v2\/comments?post=189"}],"version-history":[{"count":4,"href":"https:\/\/agora.xtec.cat\/ceip-fray-luis-leon\/wp-json\/wp\/v2\/pages\/189\/revisions"}],"predecessor-version":[{"id":1934,"href":"https:\/\/agora.xtec.cat\/ceip-fray-luis-leon\/wp-json\/wp\/v2\/pages\/189\/revisions\/1934"}],"wp:attachment":[{"href":"https:\/\/agora.xtec.cat\/ceip-fray-luis-leon\/wp-json\/wp\/v2\/media?parent=189"}],"curies":[{"name":"wp","href":"https:\/\/api.w.org\/{rel}","templated":true}]}}

<p>Els principis que orienten el nostre fer són :</p>
<ul>
<li>Entendre l’educació com un procés integral l’objectiu del qual, són els nostres nens i nenes.</li>
<li>Creure en la inclusió com a manera per atendre la diversitat de ritmes evolutius i de les capacitats intel·lectuals de cadascú.</li>
<li>Fer que l’escola ofereixi la igualtat d’oportunitats per tots els nens i nens.</li>
<li>Educar en valors positius: l’autoestima, l’autoconeixement, l’empatia i el coneixement dels altres per millorar el desenvolupament personal.</li>
<li>Crear un clima positiu per afrontar la resolució cooperativa dels conflictes.</li>
<li>Desenvolupar actituds de respecte pel medi ambient i a favor de la pau.</li>
<li>Treballar el pluralisme i els valors democràtics, desenvolupant l’esperit crític, la capacitat d’argumentació i decisió.</li>
<li>Potenciar la igualtat de gènere.</li>
<li>Compartir l’educació amb les famílies i la resta de la comunitat.</li>
<li>Ser sensibles als canvis que es produeixen en una societat tan dinàmica com la nostra.</li>
<li>Potenciar i participar en els projectes que es desenvolupen en el nostre entorn proper.</li>
<li>Crear el gust per la feina ben feta, potenciant la cultura de l’esforç, com a valors bàsics per assolir els propis propòsits.</li>
<li>Tenir en compte en totes les actuacions a fer, el moment de desenvolupament psicològic dels/les alumnes.</li>
</ul>

<p>Els principis que orienten el nostre fer són : Entendre l’educació com un procés integral l’objectiu del qual, són els nostres nens i nenes. Creure en la inclusió com a manera per atendre la diversitat de ritmes evolutius i de les capacitats intel·lectuals de cadascú. Fer que l’escola ofereixi la igualtat d’oportunitats per tots els [&hellip;]</p>
