{"id":73,"date":"2014-09-18T14:01:51","date_gmt":"2014-09-18T13:01:51","guid":{"rendered":"http:\/\/agora.xtec.cat\/ceip-fontroure\/?page_id=73"},"modified":"2026-04-08T11:05:04","modified_gmt":"2026-04-08T09:05:04","slug":"menjador-escolar","status":"publish","type":"page","link":"https:\/\/agora.xtec.cat\/ceip-fontroure\/serveis\/menjador-escolar\/","title":{"rendered":"Menjador escolar"},"content":{"rendered":"<p><strong>MEN\u00da MENJADOR ABRIL 2026<\/strong><\/p>\n<p><a href=\"https:\/\/agora.xtec.cat\/ceip-fontroure\/wp-content\/uploads\/usu620\/2026\/04\/menu-basal-abril-2026_la-font-del-roure-scaled.jpg\"><img loading=\"lazy\" decoding=\"async\" class=\"aligncenter size-large wp-image-4481\" src=\"https:\/\/agora.xtec.cat\/ceip-fontroure\/wp-content\/uploads\/usu620\/2026\/04\/menu-basal-abril-2026_la-font-del-roure-1024x725.jpg\" alt=\"\" width=\"1024\" height=\"725\" srcset=\"https:\/\/agora.xtec.cat\/ceip-fontroure\/wp-content\/uploads\/usu620\/2026\/04\/menu-basal-abril-2026_la-font-del-roure-1024x725.jpg 1024w, https:\/\/agora.xtec.cat\/ceip-fontroure\/wp-content\/uploads\/usu620\/2026\/04\/menu-basal-abril-2026_la-font-del-roure-300x212.jpg 300w, https:\/\/agora.xtec.cat\/ceip-fontroure\/wp-content\/uploads\/usu620\/2026\/04\/menu-basal-abril-2026_la-font-del-roure-768x543.jpg 768w, https:\/\/agora.xtec.cat\/ceip-fontroure\/wp-content\/uploads\/usu620\/2026\/04\/menu-basal-abril-2026_la-font-del-roure-1536x1087.jpg 1536w, https:\/\/agora.xtec.cat\/ceip-fontroure\/wp-content\/uploads\/usu620\/2026\/04\/menu-basal-abril-2026_la-font-del-roure-2048x1449.jpg 2048w\" sizes=\"auto, (max-width: 1024px) 100vw, 1024px\" \/><\/a><\/p>\n<p>Men\u00fa amb derivades:<\/p>\n<div>\n<div style=\"position: relative; width: 100%; height: 0; padding-top: 70.7071%; padding-bottom: 0; box-shadow: 0 2px 8px 0 rgba(63,69,81,0.16); margin-top: 1.6em; margin-bottom: 0.9em; overflow: hidden; border-radius: 8px; will-change: transform;\"><iframe style=\"position: absolute; width: 100%; height: 100%; top: 0; left: 0; border: none; padding: 0; margin: 0;\" src=\"https:\/\/www.canva.com\/design\/DAHGJ-vf56s\/THGp4v-Q1BaaYijSAljASg\/view?embed\" allowfullscreen=\"allowfullscreen\"><br \/>\n<\/iframe><\/div>\n<p><a href=\"https:\/\/www.canva.com\/design\/DAHGJ-vf56s\/THGp4v-Q1BaaYijSAljASg\/view?utm_content=DAHGJ-vf56s&amp;utm_campaign=designshare&amp;utm_medium=embeds&amp;utm_source=link\" target=\"_blank\" rel=\"noopener\">men\u00fas derivades abril 2026_la font del roure.pdf<\/a> de Escola Font del Roure<\/p>\n<\/div>\n<div>\n<div style=\"position: relative; width: 100%; height: 0; padding-top: 132.5484%; padding-bottom: 0; box-shadow: 0 2px 8px 0 rgba(63,69,81,0.16); margin-top: 1.6em; margin-bottom: 0.9em; overflow: hidden; border-radius: 8px; will-change: transform;\"><iframe style=\"position: absolute; width: 100%; height: 100%; top: 0; left: 0; border: none; padding: 0; margin: 0;\" src=\"https:\/\/www.canva.com\/design\/DAHGKr1Oz_I\/dNUmGul0zJnPPdHhFqtgaQ\/view?embed\" allowfullscreen=\"allowfullscreen\"><br \/>\n<\/iframe><\/div>\n<p><a href=\"https:\/\/www.canva.com\/design\/DAHGKr1Oz_I\/dNUmGul0zJnPPdHhFqtgaQ\/view?utm_content=DAHGKr1Oz_I&amp;utm_campaign=designshare&amp;utm_medium=embeds&amp;utm_source=link\" target=\"_blank\" rel=\"noopener\">Graellaactivitatsabril.pdf<\/a> de Escola Font del Roure<\/p>\n<div style=\"position: relative; width: 100%; height: 0; padding-top: 144.4444%; padding-bottom: 0; box-shadow: 0 2px 8px 0 rgba(63,69,81,0.16); margin-top: 1.6em; margin-bottom: 0.9em; overflow: hidden; border-radius: 8px; will-change: transform;\"><iframe style=\"position: absolute; width: 100%; height: 100%; top: 0; left: 0; border: none; padding: 0; margin: 0;\" src=\"https:\/\/www.canva.com\/design\/DAHGQeALfY0\/eAx8LnqCx9-XftZaDgfYJA\/view?embed\" allowfullscreen=\"allowfullscreen\"><br \/>\n<\/iframe><\/div>\n<p><a href=\"https:\/\/www.canva.com\/design\/DAHGQeALfY0\/eAx8LnqCx9-XftZaDgfYJA\/view?utm_content=DAHGQeALfY0&amp;utm_campaign=designshare&amp;utm_medium=embeds&amp;utm_source=link\" target=\"_blank\" rel=\"noopener\">Fulletofebreront delroure.pdf<\/a> de Escola Font del Roure<\/p>\n<\/div>\n<p><iframe loading=\"lazy\" src=\"https:\/\/drive.google.com\/file\/d\/1BAaucmdiCFRrn9flJDRQlimYcQYBeI4s\/preview\" width=\"640\" height=\"480\"><\/iframe><br \/>\n<iframe loading=\"lazy\" src=\"https:\/\/drive.google.com\/file\/d\/17hj9oQccntVkLKJPlV2wUcfihLuXvctx\/preview\" width=\"640\" height=\"480\"><span data-mce-type=\"bookmark\" style=\"display: inline-block; width: 0px; overflow: hidden; line-height: 0;\" class=\"mce_SELRES_start\">\ufeff<\/span><\/iframe><br \/>\nEl servei escolar de menjador \u00e9s una prestaci\u00f3 complement\u00e0ria d\u2019ajuda a l\u2019escolaritzaci\u00f3 i \u00e9s un servei d\u2019\u00fas exclusiu per als\u00a0 alumnes del centre.<\/p>\n<p>Al centre disposem de cuina pr\u00f2pia i a les fam\u00edlies usu\u00e0ries del menjador se us far\u00e0 arribar el men\u00fa mensual a trav\u00e9s del correu electr\u00f2nic i tamb\u00e9 estar\u00e0 disponible per consultar-lo a la web i al Twitter de l\u2019escola.<\/p>\n<p>A continuaci\u00f3 exposem informaci\u00f3 rellevant del menjador que pot ser del vostre inter\u00e8s:<\/p>\n<p>El preu del men\u00fa diari \u00e9s:<\/p>\n<ul>\n<li><strong>5,91 \u20ac<\/strong> pels alumnes fixes i es pagar\u00e0 per domiciliaci\u00f3 banc\u00e0ria.<\/li>\n<li><strong>6,49 \u20ac<\/strong> pels men\u00fas espor\u00e0dics, i el pagament es far\u00e0 tamb\u00e9 per domiciliaci\u00f3 banc\u00e0ria.<\/li>\n<li>Si algun dia per motiu justificat un alumne ha d&#8217;arribar m\u00e9s tard i s&#8217;ha de quedar al menjador, caldr\u00e0 avisar pr\u00e8viament per poder demanar el men\u00fa.<\/li>\n<li>Si el vostre fill\/a algun dia necessita dieta, podeu demanar-ho a trav\u00e9s d&#8217;una trucada telef\u00f2nica o WhatsApp abans de les 10 del mat\u00ed al tel\u00e8fon de la coordinadora de menjador.<\/li>\n<li>Tamb\u00e9 \u00e9s necessari avisar a la coordinadora del menjador abans de les 10h quan un infant no faci \u00fas del servei de menjador aquell dia.<\/li>\n<\/ul>\n<p>Els infants de I3 cal que portin aquests materials i\/o estris per a l\u2019estona del menjador:<\/p>\n<ul>\n<li>Un pitet gran amb goma.<\/li>\n<li>Un llen\u00e7ol per l\u2019hamaca de la migdiada (el podeu comprar a l\u2019escola 12\u20ac).<\/li>\n<li>Una muda de recanvi.<\/li>\n<li>Tot aquest material ha de tenir el nom del nen\/a ben visible.<\/li>\n<\/ul>\n<p>Per a m\u00e9s informaci\u00f3 contacteu amb la coordinadora del menjador, la J\u00falia.<\/p>\n<p>TEL\u00c8FON DE CONTACTE SERVEI DE MENJADOR: 634 658 140<\/p>\n<p>Els infants usuaris d\u2019aquest servei estan sotmesos a les condicions de l\u2019empresa que el gestiona (Consell Comarcal \/AlimentArt) i al NOFC del nostre centre. L\u2019incompliment de qualsevol condici\u00f3 o norma, podr\u00e0 significar l&#8217;exclusi\u00f3 d&#8217;aquest servei.<\/p>\n<p><strong>No es podr\u00e0 fer \u00fas del menjador sense lliurar\u00a0la fitxa de domiciliaci\u00f3 degudament complimentada.<\/strong><\/p>\n<p><iframe loading=\"lazy\" src=\"https:\/\/drive.google.com\/file\/d\/1hwFXgYCPzlVtiPdp6WsRAYG-MUbpMQUQ\/preview\" width=\"640\" height=\"480\"><\/iframe><\/p>\n<p>El sistema de pagament ser\u00e0 sempre per domiciliaci\u00f3 banc\u00e0ria \u00a0per els alumnes fixes i espor\u00e0dics.<\/p>\n<p><strong>NO S\u2019ACCEPTAR\u00c0 CAP PAGAMENT EN EFECTIU<\/strong><\/p>\n<h3>IMPORTANT<\/h3>\n<ul>\n<li>Quan un alumne falti per malaltia o causa justificada i la fam\u00edlia ho hagi comunicat amb la suficient antelaci\u00f3, abans de les 10h, es retornar\u00e0 la totalitat del preu del men\u00fa en el rebut del mes seg\u00fcent.<\/li>\n<li><u>Per poder gaudir dels beneficis del preu fix <\/u>\u00a0els nens\/es hauran de ser fixes, com a m\u00ednim de <strong>tres dies a la setmana<\/strong>.<\/li>\n<li><u>Per donar-se de baixa<\/u> al servei de menjador s\u2019ha d\u2019avisar abans del 25 del mes anterior.<\/li>\n<\/ul>\n<p>&nbsp;<\/p>\n","protected":false},"excerpt":{"rendered":"<p>MEN\u00da MENJADOR ABRIL 2026<br \/>\n<a href=\"https:\/\/agora.xtec.cat\/ceip-fontroure\/wp-content\/uploads\/usu620\/2026\/04\/menu-basal-abril-2026_la-font-del-roure-scaled.jpg\"><\/a><br \/>\nMen\u00fa amb derivades:<\/p>\n<p><a href=\"https:\/\/www.canva.com\/design\/DAHGJ-vf56s\/THGp4v-Q1BaaYijSAljASg\/view?utm_content=DAHGJ-vf56s&amp;utm_campaign=designshare&amp;utm_medium=embeds&amp;utm_source=link\" target=\"_blank\" rel=\"noopener\">men\u00fas derivades abril 2026_la font del roure.pdf<\/a> de Escola Font del Roure<\/p>\n<p><a href=\"https:\/\/www.canva.com\/design\/DAHGKr1Oz_I\/dNUmGul0zJnPPdHhFqtgaQ\/view?utm_content=DAHGKr1Oz_I&amp;utm_campaign=designshare&amp;utm_medium=embeds&amp;utm_source=link\" target=\"_blank\" rel=\"noopener\">Graellaactivitatsabril.pdf<\/a> de Escola Font del Roure<\/p>\n<p><a href=\"https:\/\/www.canva.com\/design\/DAHGQeALfY0\/eAx8LnqCx9-XftZaDgfYJA\/view?utm_content=DAHGQeALfY0&amp;utm_campaign=designshare&amp;utm_medium=embeds&amp;utm_source=link\" target=\"_blank\" rel=\"noopener\">Fulletofebreront delroure.pdf<\/a> de Escola Font del Roure<\/p>\n<p>\ufeff<br \/>\nEl servei escolar de menjador \u00e9s una prestaci\u00f3&hellip;  <a href=\"https:\/\/agora.xtec.cat\/ceip-fontroure\/serveis\/menjador-escolar\/\" title=\"Read Menjador escolar\">Llegeix m\u00e9s\u00bb<\/a><\/p>\n","protected":false},"author":1,"featured_media":0,"parent":66,"menu_order":30,"comment_status":"closed","ping_status":"closed","template":"page-templates\/side-menu.php","meta":{"_bbp_topic_count":0,"_bbp_reply_count":0,"_bbp_total_topic_count":0,"_bbp_total_reply_count":0,"_bbp_voice_count":0,"_bbp_anonymous_reply_count":0,"_bbp_topic_count_hidden":0,"_bbp_reply_count_hidden":0,"_bbp_forum_subforum_count":0,"footnotes":""},"class_list":["post-73","page","type-page","status-publish","hentry"],"post_mailing_queue_ids":[],"_links":{"self":[{"href":"https:\/\/agora.xtec.cat\/ceip-fontroure\/wp-json\/wp\/v2\/pages\/73","targetHints":{"allow":["GET"]}}],"collection":[{"href":"https:\/\/agora.xtec.cat\/ceip-fontroure\/wp-json\/wp\/v2\/pages"}],"about":[{"href":"https:\/\/agora.xtec.cat\/ceip-fontroure\/wp-json\/wp\/v2\/types\/page"}],"author":[{"embeddable":true,"href":"https:\/\/agora.xtec.cat\/ceip-fontroure\/wp-json\/wp\/v2\/users\/1"}],"replies":[{"embeddable":true,"href":"https:\/\/agora.xtec.cat\/ceip-fontroure\/wp-json\/wp\/v2\/comments?post=73"}],"version-history":[{"count":8,"href":"https:\/\/agora.xtec.cat\/ceip-fontroure\/wp-json\/wp\/v2\/pages\/73\/revisions"}],"predecessor-version":[{"id":4493,"href":"https:\/\/agora.xtec.cat\/ceip-fontroure\/wp-json\/wp\/v2\/pages\/73\/revisions\/4493"}],"up":[{"embeddable":true,"href":"https:\/\/agora.xtec.cat\/ceip-fontroure\/wp-json\/wp\/v2\/pages\/66"}],"wp:attachment":[{"href":"https:\/\/agora.xtec.cat\/ceip-fontroure\/wp-json\/wp\/v2\/media?parent=73"}],"curies":[{"name":"wp","href":"https:\/\/api.w.org\/{rel}","templated":true}]}}