{"id":64,"date":"2014-09-18T12:39:08","date_gmt":"2014-09-18T11:39:08","guid":{"rendered":"http:\/\/agora.xtec.cat\/ceip-fontroure\/?page_id=64"},"modified":"2019-11-12T11:57:22","modified_gmt":"2019-11-12T10:57:22","slug":"projecte-educatiu","status":"publish","type":"page","link":"https:\/\/agora.xtec.cat\/ceip-fontroure\/projecte-educatiu\/","title":{"rendered":"Projecte educatiu"},"content":{"rendered":"<p><iframe loading=\"lazy\" src=\"https:\/\/www.youtube.com\/embed\/9J2RVi0AP28\" width=\"560\" height=\"315\" frameborder=\"0\" allowfullscreen=\"allowfullscreen\"><span data-mce-type=\"bookmark\" style=\"display: inline-block; width: 0px; overflow: hidden; line-height: 0;\" class=\"mce_SELRES_start\">\ufeff<\/span><\/iframe><\/p>\n<div class=\"page\" title=\"Page 2\">\n<div class=\"layoutArea\">\n<div class=\"column\">\n<p>&#8220;L&#8217;aut\u00e8ntica m\u00e0gia no es fer volar escombres, sin\u00f3 aquella capa\u00e7 de crear cors lliures,\u00a0raigs d&#8217;esperan\u00e7a i llum quan hi ha n\u00favols, aquella capa\u00e7 de transformar situacions dif\u00edcils,\u00a0i posar en contacte a les persones amb la seva for\u00e7a, el seu dest\u00ed i les seves potencialitats.&#8221;\u00a0Merc\u00e8 Traveset<\/p>\n<\/div>\n<\/div>\n<\/div>\n<p><iframe loading=\"lazy\" src=\"https:\/\/drive.google.com\/file\/d\/1T0UlFzPOXIyKOrHes7weribASrLVhre2\/preview\" width=\"640\" height=\"480\"><\/iframe><\/p>\n<p><iframe loading=\"lazy\" src=\"https:\/\/drive.google.com\/file\/d\/0B46_aM1R06eLMk4zTlpXOFhRZnM\/preview\" width=\"640\" height=\"480\"><\/iframe><\/p>\n<p style=\"text-align: justify;\"><iframe loading=\"lazy\" src=\"https:\/\/www.youtube.com\/embed\/jiNxNJCK2so\" width=\"640\" height=\"480\" frameborder=\"0\" allowfullscreen=\"allowfullscreen\"><\/iframe><br \/>\n<em>\u201cLa democr\u00e0cia, per ser aut\u00e8ntica i eficient, exigeix ciutadans reflexius. Requereix un enfocament estructurat, de manera que els processos que condueixen a la democr\u00e0cia siguin configurats i establerts per a \u00e9ssers humans pensants. No nom\u00e9s \u00e9ssers humans instru\u00efts. Ja ho diu l\u2019expressi\u00f3 anglesa: es pot ser un instru\u00eft ignorant. Un pot tenir molts coneixements per\u00f2 ser alg\u00fa absurd, impulsiu o ingenu perqu\u00e8 no pensa, perqu\u00e8 no \u00e9s reflexiu\u201d.<\/em><br \/>\n<em> Matthew Lipman<\/em><\/p>\n<p><iframe loading=\"lazy\" src=\"https:\/\/drive.google.com\/file\/d\/14wRr3CIOdJIRLp62Xx80pz2K5wek-Edy\/preview\" width=\"640\" height=\"480\"><\/iframe><\/p>\n<p style=\"text-align: justify;\"><a href=\"http:\/\/agora.xtec.cat\/ceip-fontroure\/wp-content\/uploads\/usu620\/2014\/09\/1.jpg\"><img loading=\"lazy\" decoding=\"async\" class=\"alignnone size-large wp-image-1984\" src=\"http:\/\/agora.xtec.cat\/ceip-fontroure\/wp-content\/uploads\/usu620\/2014\/09\/1-1024x768.jpg\" alt=\"\" width=\"1024\" height=\"768\" srcset=\"https:\/\/agora.xtec.cat\/ceip-fontroure\/wp-content\/uploads\/usu620\/2014\/09\/1.jpg 1024w, https:\/\/agora.xtec.cat\/ceip-fontroure\/wp-content\/uploads\/usu620\/2014\/09\/1-300x225.jpg 300w, https:\/\/agora.xtec.cat\/ceip-fontroure\/wp-content\/uploads\/usu620\/2014\/09\/1-768x576.jpg 768w, https:\/\/agora.xtec.cat\/ceip-fontroure\/wp-content\/uploads\/usu620\/2014\/09\/1-200x150.jpg 200w\" sizes=\"auto, (max-width: 1024px) 100vw, 1024px\" \/><\/a> <a href=\"http:\/\/agora.xtec.cat\/ceip-fontroure\/wp-content\/uploads\/usu620\/2014\/09\/2.jpg\"><img loading=\"lazy\" decoding=\"async\" class=\"alignnone size-large wp-image-1985\" src=\"http:\/\/agora.xtec.cat\/ceip-fontroure\/wp-content\/uploads\/usu620\/2014\/09\/2-1024x768.jpg\" alt=\"\" width=\"1024\" height=\"768\" srcset=\"https:\/\/agora.xtec.cat\/ceip-fontroure\/wp-content\/uploads\/usu620\/2014\/09\/2.jpg 1024w, https:\/\/agora.xtec.cat\/ceip-fontroure\/wp-content\/uploads\/usu620\/2014\/09\/2-300x225.jpg 300w, https:\/\/agora.xtec.cat\/ceip-fontroure\/wp-content\/uploads\/usu620\/2014\/09\/2-768x576.jpg 768w, https:\/\/agora.xtec.cat\/ceip-fontroure\/wp-content\/uploads\/usu620\/2014\/09\/2-200x150.jpg 200w\" sizes=\"auto, (max-width: 1024px) 100vw, 1024px\" \/><\/a> <a href=\"http:\/\/agora.xtec.cat\/ceip-fontroure\/wp-content\/uploads\/usu620\/2014\/09\/3.jpg\"><img loading=\"lazy\" decoding=\"async\" class=\"alignnone size-large wp-image-1986\" src=\"http:\/\/agora.xtec.cat\/ceip-fontroure\/wp-content\/uploads\/usu620\/2014\/09\/3-1024x768.jpg\" alt=\"\" width=\"1024\" height=\"768\" srcset=\"https:\/\/agora.xtec.cat\/ceip-fontroure\/wp-content\/uploads\/usu620\/2014\/09\/3.jpg 1024w, https:\/\/agora.xtec.cat\/ceip-fontroure\/wp-content\/uploads\/usu620\/2014\/09\/3-300x225.jpg 300w, https:\/\/agora.xtec.cat\/ceip-fontroure\/wp-content\/uploads\/usu620\/2014\/09\/3-768x576.jpg 768w, https:\/\/agora.xtec.cat\/ceip-fontroure\/wp-content\/uploads\/usu620\/2014\/09\/3-200x150.jpg 200w\" sizes=\"auto, (max-width: 1024px) 100vw, 1024px\" \/><\/a> <a href=\"http:\/\/agora.xtec.cat\/ceip-fontroure\/wp-content\/uploads\/usu620\/2014\/09\/4.jpg\"><img loading=\"lazy\" decoding=\"async\" class=\"alignnone size-large wp-image-1987\" src=\"http:\/\/agora.xtec.cat\/ceip-fontroure\/wp-content\/uploads\/usu620\/2014\/09\/4-1024x768.jpg\" alt=\"\" width=\"1024\" height=\"768\" srcset=\"https:\/\/agora.xtec.cat\/ceip-fontroure\/wp-content\/uploads\/usu620\/2014\/09\/4.jpg 1024w, https:\/\/agora.xtec.cat\/ceip-fontroure\/wp-content\/uploads\/usu620\/2014\/09\/4-300x225.jpg 300w, https:\/\/agora.xtec.cat\/ceip-fontroure\/wp-content\/uploads\/usu620\/2014\/09\/4-768x576.jpg 768w, https:\/\/agora.xtec.cat\/ceip-fontroure\/wp-content\/uploads\/usu620\/2014\/09\/4-200x150.jpg 200w\" sizes=\"auto, (max-width: 1024px) 100vw, 1024px\" \/><\/a> <a href=\"http:\/\/agora.xtec.cat\/ceip-fontroure\/wp-content\/uploads\/usu620\/2014\/09\/5.jpg\"><img loading=\"lazy\" decoding=\"async\" class=\"alignnone size-large wp-image-1988\" src=\"http:\/\/agora.xtec.cat\/ceip-fontroure\/wp-content\/uploads\/usu620\/2014\/09\/5-1024x768.jpg\" alt=\"\" width=\"1024\" height=\"768\" srcset=\"https:\/\/agora.xtec.cat\/ceip-fontroure\/wp-content\/uploads\/usu620\/2014\/09\/5.jpg 1024w, https:\/\/agora.xtec.cat\/ceip-fontroure\/wp-content\/uploads\/usu620\/2014\/09\/5-300x225.jpg 300w, https:\/\/agora.xtec.cat\/ceip-fontroure\/wp-content\/uploads\/usu620\/2014\/09\/5-768x576.jpg 768w, https:\/\/agora.xtec.cat\/ceip-fontroure\/wp-content\/uploads\/usu620\/2014\/09\/5-200x150.jpg 200w\" sizes=\"auto, (max-width: 1024px) 100vw, 1024px\" \/><\/a> <a href=\"http:\/\/agora.xtec.cat\/ceip-fontroure\/wp-content\/uploads\/usu620\/2014\/09\/6.jpg\"><img loading=\"lazy\" decoding=\"async\" class=\"alignnone size-large wp-image-1989\" src=\"http:\/\/agora.xtec.cat\/ceip-fontroure\/wp-content\/uploads\/usu620\/2014\/09\/6-1024x768.jpg\" alt=\"\" width=\"1024\" height=\"768\" srcset=\"https:\/\/agora.xtec.cat\/ceip-fontroure\/wp-content\/uploads\/usu620\/2014\/09\/6.jpg 1024w, https:\/\/agora.xtec.cat\/ceip-fontroure\/wp-content\/uploads\/usu620\/2014\/09\/6-300x225.jpg 300w, https:\/\/agora.xtec.cat\/ceip-fontroure\/wp-content\/uploads\/usu620\/2014\/09\/6-768x576.jpg 768w, https:\/\/agora.xtec.cat\/ceip-fontroure\/wp-content\/uploads\/usu620\/2014\/09\/6-200x150.jpg 200w\" sizes=\"auto, (max-width: 1024px) 100vw, 1024px\" \/><\/a> <a href=\"http:\/\/agora.xtec.cat\/ceip-fontroure\/wp-content\/uploads\/usu620\/2014\/09\/7.jpg\"><img loading=\"lazy\" decoding=\"async\" class=\"alignnone size-large wp-image-1990\" src=\"http:\/\/agora.xtec.cat\/ceip-fontroure\/wp-content\/uploads\/usu620\/2014\/09\/7-1024x768.jpg\" alt=\"\" width=\"1024\" height=\"768\" srcset=\"https:\/\/agora.xtec.cat\/ceip-fontroure\/wp-content\/uploads\/usu620\/2014\/09\/7.jpg 1024w, https:\/\/agora.xtec.cat\/ceip-fontroure\/wp-content\/uploads\/usu620\/2014\/09\/7-300x225.jpg 300w, https:\/\/agora.xtec.cat\/ceip-fontroure\/wp-content\/uploads\/usu620\/2014\/09\/7-768x576.jpg 768w, https:\/\/agora.xtec.cat\/ceip-fontroure\/wp-content\/uploads\/usu620\/2014\/09\/7-200x150.jpg 200w\" sizes=\"auto, (max-width: 1024px) 100vw, 1024px\" \/><\/a> <a href=\"http:\/\/agora.xtec.cat\/ceip-fontroure\/wp-content\/uploads\/usu620\/2014\/09\/8.jpg\"><img loading=\"lazy\" decoding=\"async\" class=\"alignnone size-large wp-image-1991\" src=\"http:\/\/agora.xtec.cat\/ceip-fontroure\/wp-content\/uploads\/usu620\/2014\/09\/8-1024x768.jpg\" alt=\"\" width=\"1024\" height=\"768\" srcset=\"https:\/\/agora.xtec.cat\/ceip-fontroure\/wp-content\/uploads\/usu620\/2014\/09\/8.jpg 1024w, https:\/\/agora.xtec.cat\/ceip-fontroure\/wp-content\/uploads\/usu620\/2014\/09\/8-300x225.jpg 300w, https:\/\/agora.xtec.cat\/ceip-fontroure\/wp-content\/uploads\/usu620\/2014\/09\/8-768x576.jpg 768w, https:\/\/agora.xtec.cat\/ceip-fontroure\/wp-content\/uploads\/usu620\/2014\/09\/8-200x150.jpg 200w\" sizes=\"auto, (max-width: 1024px) 100vw, 1024px\" \/><\/a> <a href=\"http:\/\/agora.xtec.cat\/ceip-fontroure\/wp-content\/uploads\/usu620\/2014\/09\/9.jpg\"><img loading=\"lazy\" decoding=\"async\" class=\"alignnone size-large wp-image-1992\" src=\"http:\/\/agora.xtec.cat\/ceip-fontroure\/wp-content\/uploads\/usu620\/2014\/09\/9-1024x768.jpg\" alt=\"\" width=\"1024\" height=\"768\" srcset=\"https:\/\/agora.xtec.cat\/ceip-fontroure\/wp-content\/uploads\/usu620\/2014\/09\/9.jpg 1024w, https:\/\/agora.xtec.cat\/ceip-fontroure\/wp-content\/uploads\/usu620\/2014\/09\/9-300x225.jpg 300w, https:\/\/agora.xtec.cat\/ceip-fontroure\/wp-content\/uploads\/usu620\/2014\/09\/9-768x576.jpg 768w, https:\/\/agora.xtec.cat\/ceip-fontroure\/wp-content\/uploads\/usu620\/2014\/09\/9-200x150.jpg 200w\" sizes=\"auto, (max-width: 1024px) 100vw, 1024px\" \/><\/a> <a href=\"http:\/\/agora.xtec.cat\/ceip-fontroure\/wp-content\/uploads\/usu620\/2014\/09\/10.jpg\"><img loading=\"lazy\" decoding=\"async\" class=\"alignnone size-large wp-image-1993\" src=\"http:\/\/agora.xtec.cat\/ceip-fontroure\/wp-content\/uploads\/usu620\/2014\/09\/10-1024x768.jpg\" alt=\"\" width=\"1024\" height=\"768\" srcset=\"https:\/\/agora.xtec.cat\/ceip-fontroure\/wp-content\/uploads\/usu620\/2014\/09\/10.jpg 1024w, https:\/\/agora.xtec.cat\/ceip-fontroure\/wp-content\/uploads\/usu620\/2014\/09\/10-300x225.jpg 300w, https:\/\/agora.xtec.cat\/ceip-fontroure\/wp-content\/uploads\/usu620\/2014\/09\/10-768x576.jpg 768w, https:\/\/agora.xtec.cat\/ceip-fontroure\/wp-content\/uploads\/usu620\/2014\/09\/10-200x150.jpg 200w\" sizes=\"auto, (max-width: 1024px) 100vw, 1024px\" \/><\/a> <a href=\"http:\/\/agora.xtec.cat\/ceip-fontroure\/wp-content\/uploads\/usu620\/2014\/09\/11.jpg\"><img loading=\"lazy\" decoding=\"async\" class=\"alignnone size-large wp-image-1994\" src=\"http:\/\/agora.xtec.cat\/ceip-fontroure\/wp-content\/uploads\/usu620\/2014\/09\/11-1024x768.jpg\" alt=\"\" width=\"1024\" height=\"768\" srcset=\"https:\/\/agora.xtec.cat\/ceip-fontroure\/wp-content\/uploads\/usu620\/2014\/09\/11.jpg 1024w, https:\/\/agora.xtec.cat\/ceip-fontroure\/wp-content\/uploads\/usu620\/2014\/09\/11-300x225.jpg 300w, https:\/\/agora.xtec.cat\/ceip-fontroure\/wp-content\/uploads\/usu620\/2014\/09\/11-768x576.jpg 768w, https:\/\/agora.xtec.cat\/ceip-fontroure\/wp-content\/uploads\/usu620\/2014\/09\/11-200x150.jpg 200w\" sizes=\"auto, (max-width: 1024px) 100vw, 1024px\" \/><\/a> <a href=\"http:\/\/agora.xtec.cat\/ceip-fontroure\/wp-content\/uploads\/usu620\/2014\/09\/12.jpg\"><img loading=\"lazy\" decoding=\"async\" class=\"alignnone size-large wp-image-1996\" src=\"http:\/\/agora.xtec.cat\/ceip-fontroure\/wp-content\/uploads\/usu620\/2014\/09\/12-1024x768.jpg\" alt=\"\" width=\"1024\" height=\"768\" srcset=\"https:\/\/agora.xtec.cat\/ceip-fontroure\/wp-content\/uploads\/usu620\/2014\/09\/12.jpg 1024w, https:\/\/agora.xtec.cat\/ceip-fontroure\/wp-content\/uploads\/usu620\/2014\/09\/12-300x225.jpg 300w, https:\/\/agora.xtec.cat\/ceip-fontroure\/wp-content\/uploads\/usu620\/2014\/09\/12-768x576.jpg 768w, https:\/\/agora.xtec.cat\/ceip-fontroure\/wp-content\/uploads\/usu620\/2014\/09\/12-200x150.jpg 200w\" sizes=\"auto, (max-width: 1024px) 100vw, 1024px\" \/><\/a> <a href=\"http:\/\/agora.xtec.cat\/ceip-fontroure\/wp-content\/uploads\/usu620\/2014\/09\/13.jpg\"><img loading=\"lazy\" decoding=\"async\" class=\"alignnone size-large wp-image-1997\" src=\"http:\/\/agora.xtec.cat\/ceip-fontroure\/wp-content\/uploads\/usu620\/2014\/09\/13-1024x768.jpg\" alt=\"\" width=\"1024\" height=\"768\" srcset=\"https:\/\/agora.xtec.cat\/ceip-fontroure\/wp-content\/uploads\/usu620\/2014\/09\/13.jpg 1024w, https:\/\/agora.xtec.cat\/ceip-fontroure\/wp-content\/uploads\/usu620\/2014\/09\/13-300x225.jpg 300w, https:\/\/agora.xtec.cat\/ceip-fontroure\/wp-content\/uploads\/usu620\/2014\/09\/13-768x576.jpg 768w, https:\/\/agora.xtec.cat\/ceip-fontroure\/wp-content\/uploads\/usu620\/2014\/09\/13-200x150.jpg 200w\" sizes=\"auto, (max-width: 1024px) 100vw, 1024px\" \/><\/a> <a href=\"http:\/\/agora.xtec.cat\/ceip-fontroure\/wp-content\/uploads\/usu620\/2014\/09\/14.jpg\"><img loading=\"lazy\" decoding=\"async\" class=\"alignnone size-large wp-image-1998\" src=\"http:\/\/agora.xtec.cat\/ceip-fontroure\/wp-content\/uploads\/usu620\/2014\/09\/14-1024x768.jpg\" alt=\"\" width=\"1024\" height=\"768\" srcset=\"https:\/\/agora.xtec.cat\/ceip-fontroure\/wp-content\/uploads\/usu620\/2014\/09\/14.jpg 1024w, https:\/\/agora.xtec.cat\/ceip-fontroure\/wp-content\/uploads\/usu620\/2014\/09\/14-300x225.jpg 300w, https:\/\/agora.xtec.cat\/ceip-fontroure\/wp-content\/uploads\/usu620\/2014\/09\/14-768x576.jpg 768w, https:\/\/agora.xtec.cat\/ceip-fontroure\/wp-content\/uploads\/usu620\/2014\/09\/14-200x150.jpg 200w\" sizes=\"auto, (max-width: 1024px) 100vw, 1024px\" \/><\/a> <a href=\"http:\/\/agora.xtec.cat\/ceip-fontroure\/wp-content\/uploads\/usu620\/2014\/09\/15.jpg\"><img loading=\"lazy\" decoding=\"async\" class=\"alignnone size-large wp-image-1999\" src=\"http:\/\/agora.xtec.cat\/ceip-fontroure\/wp-content\/uploads\/usu620\/2014\/09\/15-1024x768.jpg\" alt=\"\" width=\"1024\" height=\"768\" srcset=\"https:\/\/agora.xtec.cat\/ceip-fontroure\/wp-content\/uploads\/usu620\/2014\/09\/15.jpg 1024w, https:\/\/agora.xtec.cat\/ceip-fontroure\/wp-content\/uploads\/usu620\/2014\/09\/15-300x225.jpg 300w, https:\/\/agora.xtec.cat\/ceip-fontroure\/wp-content\/uploads\/usu620\/2014\/09\/15-768x576.jpg 768w, https:\/\/agora.xtec.cat\/ceip-fontroure\/wp-content\/uploads\/usu620\/2014\/09\/15-200x150.jpg 200w\" sizes=\"auto, (max-width: 1024px) 100vw, 1024px\" \/><\/a> <a href=\"http:\/\/agora.xtec.cat\/ceip-fontroure\/wp-content\/uploads\/usu620\/2014\/09\/16.jpg\"><img loading=\"lazy\" decoding=\"async\" class=\"alignnone size-large wp-image-2000\" src=\"http:\/\/agora.xtec.cat\/ceip-fontroure\/wp-content\/uploads\/usu620\/2014\/09\/16-1024x768.jpg\" alt=\"\" width=\"1024\" height=\"768\" srcset=\"https:\/\/agora.xtec.cat\/ceip-fontroure\/wp-content\/uploads\/usu620\/2014\/09\/16.jpg 1024w, https:\/\/agora.xtec.cat\/ceip-fontroure\/wp-content\/uploads\/usu620\/2014\/09\/16-300x225.jpg 300w, https:\/\/agora.xtec.cat\/ceip-fontroure\/wp-content\/uploads\/usu620\/2014\/09\/16-768x576.jpg 768w, https:\/\/agora.xtec.cat\/ceip-fontroure\/wp-content\/uploads\/usu620\/2014\/09\/16-200x150.jpg 200w\" sizes=\"auto, (max-width: 1024px) 100vw, 1024px\" \/><\/a> <a href=\"http:\/\/agora.xtec.cat\/ceip-fontroure\/wp-content\/uploads\/usu620\/2014\/09\/17.jpg\"><img loading=\"lazy\" decoding=\"async\" class=\"alignnone size-large wp-image-2001\" src=\"http:\/\/agora.xtec.cat\/ceip-fontroure\/wp-content\/uploads\/usu620\/2014\/09\/17-1024x768.jpg\" alt=\"\" width=\"1024\" height=\"768\" srcset=\"https:\/\/agora.xtec.cat\/ceip-fontroure\/wp-content\/uploads\/usu620\/2014\/09\/17.jpg 1024w, https:\/\/agora.xtec.cat\/ceip-fontroure\/wp-content\/uploads\/usu620\/2014\/09\/17-300x225.jpg 300w, https:\/\/agora.xtec.cat\/ceip-fontroure\/wp-content\/uploads\/usu620\/2014\/09\/17-768x576.jpg 768w, https:\/\/agora.xtec.cat\/ceip-fontroure\/wp-content\/uploads\/usu620\/2014\/09\/17-200x150.jpg 200w\" sizes=\"auto, (max-width: 1024px) 100vw, 1024px\" \/><\/a> <a href=\"http:\/\/agora.xtec.cat\/ceip-fontroure\/wp-content\/uploads\/usu620\/2014\/09\/18.jpg\"><img loading=\"lazy\" decoding=\"async\" class=\"alignnone size-large wp-image-2002\" src=\"http:\/\/agora.xtec.cat\/ceip-fontroure\/wp-content\/uploads\/usu620\/2014\/09\/18-1024x768.jpg\" alt=\"\" width=\"1024\" height=\"768\" srcset=\"https:\/\/agora.xtec.cat\/ceip-fontroure\/wp-content\/uploads\/usu620\/2014\/09\/18.jpg 1024w, https:\/\/agora.xtec.cat\/ceip-fontroure\/wp-content\/uploads\/usu620\/2014\/09\/18-300x225.jpg 300w, https:\/\/agora.xtec.cat\/ceip-fontroure\/wp-content\/uploads\/usu620\/2014\/09\/18-768x576.jpg 768w, https:\/\/agora.xtec.cat\/ceip-fontroure\/wp-content\/uploads\/usu620\/2014\/09\/18-200x150.jpg 200w\" sizes=\"auto, (max-width: 1024px) 100vw, 1024px\" \/><\/a><\/p>\n<p style=\"text-align: justify;\"><iframe loading=\"lazy\" src=\"https:\/\/drive.google.com\/file\/d\/1HD0zQ71OWFVo9upvwTv9L0vtSjBJ6ot0\/preview\" width=\"640\" height=\"480\"><\/iframe><\/p>\n","protected":false},"excerpt":{"rendered":"<p>\ufeff<\/p>\n<p>&#8220;L&#8217;aut\u00e8ntica m\u00e0gia no es fer volar escombres, sin\u00f3 aquella capa\u00e7 de crear cors lliures,\u00a0raigs d&#8217;esperan\u00e7a i llum quan hi ha n\u00favols, aquella capa\u00e7 de transformar situacions dif\u00edcils,\u00a0i posar en contacte a les persones amb la seva for\u00e7a, el seu dest\u00ed i les seves potencialitats.&#8221;\u00a0Merc\u00e8 Traveset<\/p>\n<p>\u201cLa&hellip;  <a href=\"https:\/\/agora.xtec.cat\/ceip-fontroure\/projecte-educatiu\/\" title=\"Read Projecte educatiu\">Llegeix m\u00e9s\u00bb<\/a><\/p>\n","protected":false},"author":1,"featured_media":0,"parent":0,"menu_order":0,"comment_status":"closed","ping_status":"closed","template":"","meta":{"_bbp_topic_count":0,"_bbp_reply_count":0,"_bbp_total_topic_count":0,"_bbp_total_reply_count":0,"_bbp_voice_count":0,"_bbp_anonymous_reply_count":0,"_bbp_topic_count_hidden":0,"_bbp_reply_count_hidden":0,"_bbp_forum_subforum_count":0,"footnotes":""},"class_list":["post-64","page","type-page","status-publish","hentry"],"post_mailing_queue_ids":[],"_links":{"self":[{"href":"https:\/\/agora.xtec.cat\/ceip-fontroure\/wp-json\/wp\/v2\/pages\/64","targetHints":{"allow":["GET"]}}],"collection":[{"href":"https:\/\/agora.xtec.cat\/ceip-fontroure\/wp-json\/wp\/v2\/pages"}],"about":[{"href":"https:\/\/agora.xtec.cat\/ceip-fontroure\/wp-json\/wp\/v2\/types\/page"}],"author":[{"embeddable":true,"href":"https:\/\/agora.xtec.cat\/ceip-fontroure\/wp-json\/wp\/v2\/users\/1"}],"replies":[{"embeddable":true,"href":"https:\/\/agora.xtec.cat\/ceip-fontroure\/wp-json\/wp\/v2\/comments?post=64"}],"version-history":[{"count":4,"href":"https:\/\/agora.xtec.cat\/ceip-fontroure\/wp-json\/wp\/v2\/pages\/64\/revisions"}],"predecessor-version":[{"id":2664,"href":"https:\/\/agora.xtec.cat\/ceip-fontroure\/wp-json\/wp\/v2\/pages\/64\/revisions\/2664"}],"wp:attachment":[{"href":"https:\/\/agora.xtec.cat\/ceip-fontroure\/wp-json\/wp\/v2\/media?parent=64"}],"curies":[{"name":"wp","href":"https:\/\/api.w.org\/{rel}","templated":true}]}}