{"id":36,"date":"2014-09-18T12:33:11","date_gmt":"2014-09-18T11:33:11","guid":{"rendered":"http:\/\/agora.xtec.cat\/ceip-fontroure\/?page_id=36"},"modified":"2019-09-06T09:18:51","modified_gmt":"2019-09-06T07:18:51","slug":"material-escolar","status":"publish","type":"page","link":"https:\/\/agora.xtec.cat\/ceip-fontroure\/lescola\/material-escolar\/","title":{"rendered":"Material escolar"},"content":{"rendered":"<p><strong>MATERIAL EDUCACI\u00d3 INFANTIL<\/strong><\/p>\n<p>A l\u2019escola treballem amb material com\u00fa que compartim amb tots els companys i companyes. Amb les quotes de material es cobreix el cost d\u2019aquest, com els estris per pintar, dibuixar, escriure, jocs, joguines, material de manipulaci\u00f3 i d\u2019experimentaci\u00f3, etc. No fem servir llibres de text, per\u00f2 s\u00ed molts llibres de consulta i lectura!<\/p>\n<p><strong>Esmorzar:<\/strong><\/p>\n<p>Els nens d\u2019Educaci\u00f3 Infantil esmorzaran abans de sortir a l\u2019espai exterior: fruita tallada, fruits secs, un petit entrep\u00e0, galetes, etc. L\u2019esmorzar haur\u00e0 d\u2019anar dins d\u2019una carmanyola de f\u00e0cil obertura o una bosseta de roba i un tovall\u00f3 de roba, tot marcat amb el nom.<\/p>\n<p>\u00c9s recomanable fer uns esmorzars variats, sans i equilibrats. No es poden portar llaminadures al centre.<\/p>\n<p><strong>Llibreta viatgera:<\/strong><\/p>\n<p>La llibreta viatgera \u00e9s un mitj\u00e0 per comunicar-nos la fam\u00edlia i l&#8217;escola. Els infants la portaran cada dia a dins de la motxilla o la bosseta, \u00e9s important que la reviseu di\u00e0riament.<\/p>\n<p><strong>Psicomotricitat:<\/strong><\/p>\n<p>La psicomotricitat \u00e9s una pr\u00e0ctica que ofereix als infants la possibilitat de fer un proc\u00e9s de maduraci\u00f3 psicol\u00f2gica i emocional a trav\u00e9s de la via del cos i el moviment. \u00c9s per aix\u00f2, que el dia que hi hagi classe de psicomotricitat a la vostra aula cal que els nens i nenes portin roba esportiva i sabatilles d&#8217;esport (sense cordons).<\/p>\n<p><strong>\u00a0<\/strong><strong>Bates i muda de recanvi:<\/strong><\/p>\n<p>La bata la fem servir de manera puntual, per a activitats art\u00edstiques i pl\u00e0stiques, per exemple. Per treballar els h\u00e0bits d\u2019autonomia i el proc\u00e9s de lectura amb els objectes quotidians \u00e9s necessari que: les peces de roba portin una beta llarga per penjar-la al penjador i la bata porti, tamb\u00e9, el nom al davant escrit amb lletres maj\u00fascules.<\/p>\n<p>Els nens i nenes de P3 i P4 portaran una muda complerta de roba, per fer-la servir sempre que sigui necessari. Aquesta roba ha d\u2019estar marcada amb el nom i dins d\u2019una bossa de roba tamb\u00e9 marcada amb el nom.<\/p>\n<p><strong>Altres tipus de materials:<\/strong><\/p>\n<p>Els alumnes de P3, P4 i P5, a m\u00e9s a m\u00e9s, han de portar a l\u2019escola:<\/p>\n<ul>\n<li>1 capsa gran de mocadors de papers.<\/li>\n<li>Un got de pl\u00e0stic amb nansa amb el nom.<\/li>\n<li>El material escolar \u00e9s d&#8217;\u00fas com\u00fa i per tant, els alumnes no han de portar material, objectes ni joguines de casa.<\/li>\n<\/ul>\n<p><strong>MATERIAL EDUCACI\u00d3 PRIM\u00c0RIA.<\/strong><\/p>\n<p><strong>Educaci\u00f3 F\u00edsica:<\/strong><\/p>\n<ul>\n<li>El dia que hi hagi classe d\u2019Educaci\u00f3 F\u00edsica cal portar roba esportiva i sabatilles d&#8217;esport. Els alumnes de Prim\u00e0ria hauran de portar una tovallola petita dins d\u2019un necesser i una samarreta de recanvi (tot marcat amb el nom).<\/li>\n<\/ul>\n<p><strong>Higiene :<\/strong><\/p>\n<ul>\n<li>Els alumnes de 1r i 2n han de portar a l\u2019inici de curs 1 capsa de mocadors.<\/li>\n<li>En els cas dels alumnes de 3r, 4t, 5\u00e8 i 6\u00e8 s\u2019han d\u2019acostumar a portar els seus mocadors a la butxaca o la motxilla.<\/li>\n<\/ul>\n<p><strong>Material d\u2019aula:<\/strong><\/p>\n<ul>\n<li>Els alumnes de 1r i 2n ha de portar una tassa amb nansa i marcada amb el nom.<\/li>\n<li>Els alumnes de 3r, 4t, 5\u00e8 i 6\u00e8 han de portar un estoig buit (preferiblement de roba) per posar els estris que els mestres els lliuraran.<\/li>\n<li>Els alumnes de 5\u00e8 i 6\u00e8 han de portar una carpeta (preferiblement amb separadors).<\/li>\n<li>Tots els alumnes de prim\u00e0ria han de portar agenda i ells mateixos s\u2019han d\u2019acostumar a avisar al mestre o als pares si porten alguna nota escrita.<\/li>\n<li>A l&#8217;escola NO ES PODEN portar joguines ni altres objectes de casa\u00a0 (diners, m\u00f2bils&#8230;). En cas de portar qualsevol objecte, aquest ser\u00e0 retirat i es notificar\u00e0 a la fam\u00edlia. L\u2019escola no es far\u00e0 responsable de la p\u00e8rdua dels mateixos.<\/li>\n<\/ul>\n","protected":false},"excerpt":{"rendered":"<p>MATERIAL EDUCACI\u00d3 INFANTIL<br \/>\nA l\u2019escola treballem amb material com\u00fa que compartim amb tots els companys i companyes. Amb les quotes de material es cobreix el cost d\u2019aquest, com els estris per pintar, dibuixar, escriure, jocs, joguines, material de manipulaci\u00f3 i d\u2019experimentaci\u00f3, etc. No fem servir llibres&hellip;  <a href=\"https:\/\/agora.xtec.cat\/ceip-fontroure\/lescola\/material-escolar\/\" title=\"Read Material escolar\">Llegeix m\u00e9s\u00bb<\/a><\/p>\n","protected":false},"author":1,"featured_media":0,"parent":22,"menu_order":70,"comment_status":"closed","ping_status":"closed","template":"page-templates\/side-menu.php","meta":{"_bbp_topic_count":0,"_bbp_reply_count":0,"_bbp_total_topic_count":0,"_bbp_total_reply_count":0,"_bbp_voice_count":0,"_bbp_anonymous_reply_count":0,"_bbp_topic_count_hidden":0,"_bbp_reply_count_hidden":0,"_bbp_forum_subforum_count":0,"footnotes":""},"class_list":["post-36","page","type-page","status-publish","hentry"],"post_mailing_queue_ids":[],"_links":{"self":[{"href":"https:\/\/agora.xtec.cat\/ceip-fontroure\/wp-json\/wp\/v2\/pages\/36","targetHints":{"allow":["GET"]}}],"collection":[{"href":"https:\/\/agora.xtec.cat\/ceip-fontroure\/wp-json\/wp\/v2\/pages"}],"about":[{"href":"https:\/\/agora.xtec.cat\/ceip-fontroure\/wp-json\/wp\/v2\/types\/page"}],"author":[{"embeddable":true,"href":"https:\/\/agora.xtec.cat\/ceip-fontroure\/wp-json\/wp\/v2\/users\/1"}],"replies":[{"embeddable":true,"href":"https:\/\/agora.xtec.cat\/ceip-fontroure\/wp-json\/wp\/v2\/comments?post=36"}],"version-history":[{"count":3,"href":"https:\/\/agora.xtec.cat\/ceip-fontroure\/wp-json\/wp\/v2\/pages\/36\/revisions"}],"predecessor-version":[{"id":2597,"href":"https:\/\/agora.xtec.cat\/ceip-fontroure\/wp-json\/wp\/v2\/pages\/36\/revisions\/2597"}],"up":[{"embeddable":true,"href":"https:\/\/agora.xtec.cat\/ceip-fontroure\/wp-json\/wp\/v2\/pages\/22"}],"wp:attachment":[{"href":"https:\/\/agora.xtec.cat\/ceip-fontroure\/wp-json\/wp\/v2\/media?parent=36"}],"curies":[{"name":"wp","href":"https:\/\/api.w.org\/{rel}","templated":true}]}}