{"id":3594,"date":"2022-05-24T09:27:51","date_gmt":"2022-05-24T07:27:51","guid":{"rendered":"https:\/\/agora.xtec.cat\/ceip-fontroure\/?page_id=3594"},"modified":"2025-05-02T19:37:00","modified_gmt":"2025-05-02T17:37:00","slug":"beques-menjador","status":"publish","type":"page","link":"https:\/\/agora.xtec.cat\/ceip-fontroure\/beques\/beques-menjador\/","title":{"rendered":"Beques menjador 2025-2026"},"content":{"rendered":"<p><img loading=\"lazy\" decoding=\"async\" class=\"alignnone size-large\" src=\"https:\/\/pbs.twimg.com\/media\/Gp9Se1mWcAEJ89C?format=jpg&amp;name=large\" width=\"1920\" height=\"1080\" \/><\/p>\n<p>Benvolgudes fam\u00edlies,<\/p>\n<p>Un any m\u00e9s s&#8217;ha obert la convocat\u00f2ria dels\u00a0Ajuts\u00a0Individuals\u00a0de\u00a0Menjador, aquesta vegada pel curs 2025-2026. Si el vostre fill\/a cursar\u00e0 Educaci\u00f3 Infantil o Educaci\u00f3 Prim\u00e0ria el proper curs, podeu optar per sol\u00b7licitar l&#8217;ajuda.<\/p>\n<p>El termini\u00a0de\u00a0presentaci\u00f3\u00a0de\u00a0sol\u00b7licituds ser\u00e0<strong>\u00a0fins el 31\u00a0de\u00a0maig\u00a0de\u00a02025<\/strong>\u00a0i s&#8217;haur\u00e0\u00a0de\u00a0fer\u00a0de\u00a0manera<strong>\u00a0telem\u00e0tica<\/strong>.<\/p>\n<p>Podeu sol\u00b7licitar la\u00a0beca\u00a0a trav\u00e9s\u00a0de\u00a0la p\u00e0gina web\u00a0del\u00a0Consell Comarcal\u00a0de\u00a0l&#8217;Anoia\u00a0<a href=\"http:\/\/www.anoia.cat\/\" data-saferedirecturl=\"https:\/\/www.google.com\/url?q=http:\/\/www.anoia.cat\/&amp;source=gmail&amp;ust=1746288419598000&amp;usg=AOvVaw0AVd6aAHITSyFIujpOVnDq\">www.anoia.cat<\/a>\u00a0o directament a l&#8217;enlla\u00e7\u00a0\u00a0<a href=\"https:\/\/www.anoia.cat\/departaments\/ensenyament\/ajuts-individuals-de-menjador\/\" data-saferedirecturl=\"https:\/\/www.google.com\/url?q=https:\/\/www.anoia.cat\/departaments\/ensenyament\/ajuts-individuals-de-menjador\/&amp;source=gmail&amp;ust=1746288419598000&amp;usg=AOvVaw0TW62XOFGhQ6z9aUzgb2e0\">https:\/\/www.anoia.cat\/departaments\/ensenyament\/ajuts-individuals-de-menjador\/<\/a>\u00a0\u00a0on tamb\u00e9 hi trobareu:<\/p>\n<p>&#8211; l&#8217;enlla\u00e7 per tramitar la sol\u00b7licitud\/renovaci\u00f3 de l&#8217;ajut<br \/>\n&#8211; les Bases 25-26<br \/>\n&#8211; la Convocat\u00f2ria 25-26<br \/>\n&#8211; la Guia de tramitaci\u00f3<br \/>\n&#8211; la resposta a algunes preguntes freq\u00fcents<\/p>\n<p>Si actualment gaudiu\u00a0de\u00a0beca\u00a0menjador, nom\u00e9s haureu\u00a0de\u00a0renovar la sol\u00b7licitud posant el vostre DNI i l&#8217;identificador\u00a0de\u00a0l&#8217;alumne\/a (IDALU) que trobareu a qualsevol informe\u00a0de\u00a0qualificacions.\u00a0 Haureu\u00a0de\u00a0revisar que tot sigui correcte o en el seu defecte, modificar el que calgui (si teniu algun fill m\u00e9s, demanar la\u00a0beca\u00a0per algun fill que comen\u00e7a I3, canvi d&#8217;adre\u00e7a o tel\u00e8fon, canvi\u00a0de\u00a0situaci\u00f3-separats, &#8230;)<\/p>\n<p>Si es tracta d&#8217;una nova matr\u00edcula o no la vau demanar el curs 2024-2025, haureu\u00a0de\u00a0procedir com a nova sol\u00b7licitud.<\/p>\n<p>Per qualsevol dubte podeu enviar un correu electr\u00f2nic a:\u00a0<a href=\"mailto:aim@anoia.cat\">aim@anoia.c<\/a><\/p>\n<p>Quedem a la vostra disposici\u00f3 per aclarir qualsevol dubte o consulta.<\/p>\n<p>Cordialment,<\/p>\n<p><iframe loading=\"lazy\" src=\"https:\/\/drive.google.com\/file\/d\/1TEd2Yih4jOIPumR0E1CTlZjTdtLmLJu_\/preview\" width=\"640\" height=\"480\"><\/iframe><br \/>\n<iframe loading=\"lazy\" src=\"https:\/\/drive.google.com\/file\/d\/1VG8f-YpHBLDl_qstZNxLwjHXlhTBiLXt\/preview\" width=\"640\" height=\"480\"><\/iframe><br \/>\n<iframe loading=\"lazy\" src=\"https:\/\/drive.google.com\/file\/d\/1cyi9BLEf6tHuzB90K8wfHgS77NZIubSB\/preview\" width=\"640\" height=\"480\"><\/iframe><\/p>\n","protected":false},"excerpt":{"rendered":"<p>Benvolgudes fam\u00edlies,<br \/>\nUn any m\u00e9s s&#8217;ha obert la convocat\u00f2ria dels\u00a0Ajuts\u00a0Individuals\u00a0de\u00a0Menjador, aquesta vegada pel curs 2025-2026. Si el vostre fill\/a cursar\u00e0 Educaci\u00f3 Infantil o Educaci\u00f3 Prim\u00e0ria el proper curs, podeu optar per sol\u00b7licitar l&#8217;ajuda.<br \/>\nEl termini\u00a0de\u00a0presentaci\u00f3\u00a0de\u00a0sol\u00b7licituds ser\u00e0\u00a0fins el 31\u00a0de\u00a0maig\u00a0de\u00a02025\u00a0i s&#8217;haur\u00e0\u00a0de\u00a0fer\u00a0de\u00a0manera\u00a0telem\u00e0tica.<br \/>\nPodeu sol\u00b7licitar la\u00a0beca\u00a0a trav\u00e9s\u00a0de\u00a0la p\u00e0gina web\u00a0del\u00a0Consell Comarcal\u00a0de\u00a0l&#8217;Anoia\u00a0<a href=\"http:\/\/www.anoia.cat\/\" data-saferedirecturl=\"https:\/\/www.google.com\/url?q=http:\/\/www.anoia.cat\/&amp;source=gmail&amp;ust=1746288419598000&amp;usg=AOvVaw0AVd6aAHITSyFIujpOVnDq\">www.anoia.cat<\/a>\u00a0o&hellip;  <a href=\"https:\/\/agora.xtec.cat\/ceip-fontroure\/beques\/beques-menjador\/\" title=\"Read Beques menjador 2025-2026\">Llegeix m\u00e9s\u00bb<\/a><\/p>\n","protected":false},"author":7,"featured_media":0,"parent":3112,"menu_order":0,"comment_status":"closed","ping_status":"closed","template":"","meta":{"_bbp_topic_count":0,"_bbp_reply_count":0,"_bbp_total_topic_count":0,"_bbp_total_reply_count":0,"_bbp_voice_count":0,"_bbp_anonymous_reply_count":0,"_bbp_topic_count_hidden":0,"_bbp_reply_count_hidden":0,"_bbp_forum_subforum_count":0,"footnotes":""},"class_list":["post-3594","page","type-page","status-publish","hentry"],"post_mailing_queue_ids":[],"_links":{"self":[{"href":"https:\/\/agora.xtec.cat\/ceip-fontroure\/wp-json\/wp\/v2\/pages\/3594","targetHints":{"allow":["GET"]}}],"collection":[{"href":"https:\/\/agora.xtec.cat\/ceip-fontroure\/wp-json\/wp\/v2\/pages"}],"about":[{"href":"https:\/\/agora.xtec.cat\/ceip-fontroure\/wp-json\/wp\/v2\/types\/page"}],"author":[{"embeddable":true,"href":"https:\/\/agora.xtec.cat\/ceip-fontroure\/wp-json\/wp\/v2\/users\/7"}],"replies":[{"embeddable":true,"href":"https:\/\/agora.xtec.cat\/ceip-fontroure\/wp-json\/wp\/v2\/comments?post=3594"}],"version-history":[{"count":5,"href":"https:\/\/agora.xtec.cat\/ceip-fontroure\/wp-json\/wp\/v2\/pages\/3594\/revisions"}],"predecessor-version":[{"id":4330,"href":"https:\/\/agora.xtec.cat\/ceip-fontroure\/wp-json\/wp\/v2\/pages\/3594\/revisions\/4330"}],"up":[{"embeddable":true,"href":"https:\/\/agora.xtec.cat\/ceip-fontroure\/wp-json\/wp\/v2\/pages\/3112"}],"wp:attachment":[{"href":"https:\/\/agora.xtec.cat\/ceip-fontroure\/wp-json\/wp\/v2\/media?parent=3594"}],"curies":[{"name":"wp","href":"https:\/\/api.w.org\/{rel}","templated":true}]}}