{"id":3479,"date":"2022-02-21T13:18:08","date_gmt":"2022-02-21T12:18:08","guid":{"rendered":"https:\/\/agora.xtec.cat\/ceip-fontroure\/?page_id=3479"},"modified":"2022-02-21T13:21:12","modified_gmt":"2022-02-21T12:21:12","slug":"suport-per-a-la-transformacio-i-la-millora-educatives","status":"publish","type":"page","link":"https:\/\/agora.xtec.cat\/ceip-fontroure\/xarxes\/suport-per-a-la-transformacio-i-la-millora-educatives\/","title":{"rendered":"Suport per a la transformaci\u00f3 i la millora educatives"},"content":{"rendered":"<p><strong><a href=\"https:\/\/agora.xtec.cat\/ceip-fontroure\/wp-content\/uploads\/usu620\/2022\/02\/12LogoICEmosca0.png\"><img loading=\"lazy\" decoding=\"async\" class=\"alignnone size-full wp-image-3482\" src=\"https:\/\/agora.xtec.cat\/ceip-fontroure\/wp-content\/uploads\/usu620\/2022\/02\/12LogoICEmosca0.png\" alt=\"\" width=\"180\" height=\"60\" \/><\/a><\/strong><\/p>\n<p><strong>Objectius<\/strong><br \/>\nEl programa pret\u00e9n donar suport a centres educatius en processos de transformaci\u00f3. Tant centres que volen iniciar una transformaci\u00f3 del seu model d\u2019aprenentatge, de la seva organitzaci\u00f3 i dels processos i mitjans per aprendre, com centres que ja s\u00f3n en transformaci\u00f3 i es plantegen dubtes o volen analitzar a fons all\u00f2 que fan i com ho fan.<\/p>\n<p><strong>Requisits<\/strong><br \/>\nEl projecte es dirigeix a centres, priorit\u00e0riament p\u00fablics i de la prov\u00edncia de Barcelona, d&#8217;educaci\u00f3 infantil i prim\u00e0ria o d&#8217;educaci\u00f3 secund\u00e0ria que s&#8217;identifiquin amb la situaci\u00f3 esmentada i que compleixin aquestes condicions:<\/p>\n<ul>\n<li>Que la transformaci\u00f3 educativa que es vol emprendre o que es vol revisar formi part del projecte de direcci\u00f3 o s\u2019hagi plantejat majorit\u00e0riament dins el claustre.<\/li>\n<li>Que no rebin cap altre acompanyament en el mateix sentit per part d\u2019altres administracions o institucions p\u00fabliques.<\/li>\n<\/ul>\n<p><strong>Metodologia<\/strong><br \/>\nL\u2019equip docent de l\u2019ICE seguir\u00e0 aquest procediment:<\/p>\n<ol>\n<li>Contactar\u00e0 amb l&#8217;equip directiu del centre per detectar les necessitats i els neguits.<\/li>\n<li>En funci\u00f3 de les necessitats, concretar\u00e0 accions com ara l&#8217;observaci\u00f3 directa al centre de forma gen\u00e8rica o espec\u00edfica d&#8217;algunes pr\u00e0ctiques d&#8217;aprenentatge, reunions amb docents, enquestes, an\u00e0lisi de documents i materials, etc. (sempre que els protocols sanitaris ho permetin).<\/li>\n<li>Oferir\u00e0 un retorn amb recomanacions d\u2019actuaci\u00f3.<\/li>\n<li>Posteriorment podr\u00e0 ajudar a identificar els possibles objectius de millora del centre i a determinar les accions concretes a posar en marxa per assolir-los.<\/li>\n<li>Podr\u00e0 organitzar, en funci\u00f3 de la realitat de cada centre, sessions puntuals amb els docents per ajudar-los en el proc\u00e9s d\u2019autoobservaci\u00f3 i de reflexi\u00f3 sobre la pr\u00e0ctica o per enfocar i iniciar alguns canvis clau per consolidar el model d\u2019aprenentatge.<\/li>\n<li>Realitzar\u00e0 un seguiment del grau d\u2019assoliment dels objectius.<\/li>\n<\/ol>\n","protected":false},"excerpt":{"rendered":"<p><a href=\"https:\/\/agora.xtec.cat\/ceip-fontroure\/wp-content\/uploads\/usu620\/2022\/02\/12LogoICEmosca0.png\"><\/a><br \/>\nObjectius<br \/>\nEl programa pret\u00e9n donar suport a centres educatius en processos de transformaci\u00f3. Tant centres que volen iniciar una transformaci\u00f3 del seu model d\u2019aprenentatge, de la seva organitzaci\u00f3 i dels processos i mitjans per aprendre, com centres que ja s\u00f3n en transformaci\u00f3 i es plantegen&hellip;  <a href=\"https:\/\/agora.xtec.cat\/ceip-fontroure\/xarxes\/suport-per-a-la-transformacio-i-la-millora-educatives\/\" title=\"Read Suport per a la transformaci\u00f3 i la millora educatives\">Llegeix m\u00e9s\u00bb<\/a><\/p>\n","protected":false},"author":13,"featured_media":0,"parent":3463,"menu_order":0,"comment_status":"closed","ping_status":"closed","template":"","meta":{"_bbp_topic_count":0,"_bbp_reply_count":0,"_bbp_total_topic_count":0,"_bbp_total_reply_count":0,"_bbp_voice_count":0,"_bbp_anonymous_reply_count":0,"_bbp_topic_count_hidden":0,"_bbp_reply_count_hidden":0,"_bbp_forum_subforum_count":0,"footnotes":""},"class_list":["post-3479","page","type-page","status-publish","hentry"],"post_mailing_queue_ids":[],"_links":{"self":[{"href":"https:\/\/agora.xtec.cat\/ceip-fontroure\/wp-json\/wp\/v2\/pages\/3479","targetHints":{"allow":["GET"]}}],"collection":[{"href":"https:\/\/agora.xtec.cat\/ceip-fontroure\/wp-json\/wp\/v2\/pages"}],"about":[{"href":"https:\/\/agora.xtec.cat\/ceip-fontroure\/wp-json\/wp\/v2\/types\/page"}],"author":[{"embeddable":true,"href":"https:\/\/agora.xtec.cat\/ceip-fontroure\/wp-json\/wp\/v2\/users\/13"}],"replies":[{"embeddable":true,"href":"https:\/\/agora.xtec.cat\/ceip-fontroure\/wp-json\/wp\/v2\/comments?post=3479"}],"version-history":[{"count":2,"href":"https:\/\/agora.xtec.cat\/ceip-fontroure\/wp-json\/wp\/v2\/pages\/3479\/revisions"}],"predecessor-version":[{"id":3483,"href":"https:\/\/agora.xtec.cat\/ceip-fontroure\/wp-json\/wp\/v2\/pages\/3479\/revisions\/3483"}],"up":[{"embeddable":true,"href":"https:\/\/agora.xtec.cat\/ceip-fontroure\/wp-json\/wp\/v2\/pages\/3463"}],"wp:attachment":[{"href":"https:\/\/agora.xtec.cat\/ceip-fontroure\/wp-json\/wp\/v2\/media?parent=3479"}],"curies":[{"name":"wp","href":"https:\/\/api.w.org\/{rel}","templated":true}]}}