{"id":3476,"date":"2022-02-21T13:08:57","date_gmt":"2022-02-21T12:08:57","guid":{"rendered":"https:\/\/agora.xtec.cat\/ceip-fontroure\/?page_id=3476"},"modified":"2022-02-21T13:08:57","modified_gmt":"2022-02-21T12:08:57","slug":"xarxa-de-pedagogia-sistemica-de-catalunya","status":"publish","type":"page","link":"https:\/\/agora.xtec.cat\/ceip-fontroure\/xarxes\/xarxa-de-pedagogia-sistemica-de-catalunya\/","title":{"rendered":"Xarxa de Pedagogia Sist\u00e8mica de Catalunya"},"content":{"rendered":"<div class=\"wpb_text_column wpb_content_element   vc_custom_1566490760428\">\n<div class=\"wpb_wrapper\">\n<h1>Escoles Sist\u00e8miques<\/h1>\n<\/div>\n<\/div>\n<div class=\"wpb_text_column wpb_content_element  \">\n<div class=\"wpb_wrapper\">\n<p><strong>Grup d\u2019Escoles Sist\u00e8miques ICE UAB de Bellaterra<\/strong><\/p>\n<p><strong>Grup de treball<\/strong>\u00a0creat l\u2019any 2008 i 2009 per en Carles Parellada i la Merc\u00e8 Travesset que es reuneix mensualment a la sala de juntes de l\u2019Institut de Ci\u00e8ncies de l\u2019Educaci\u00f3, al rectorat de la Universitat Aut\u00f2noma de Barcelona, de Bellaterra.<\/p>\n<p>Format principalment per membres d\u2019equips directius de diferents centres educatius del territori, terapeutes experts en formaci\u00f3 emocional, moviments sist\u00e8mics, i psic\u00f2legs, amb una llarga experi\u00e8ncia en acompanyar espais educatius i socials.<br \/>\nDins dels objectius, cada any es genera un pla de treball i una temporitzaci\u00f3 de curs amb els temes i intervencions que es faran al llarg dels mesos, amb les seg\u00fcents vessants: Comprom\u00eds amb la documentaci\u00f3, espai de revisi\u00f3, supervisi\u00f3 i acompanyament de situacions a l\u2019Escola i formaci\u00f3.<\/p>\n<\/div>\n<\/div>\n","protected":false},"excerpt":{"rendered":"<p>Escoles Sist\u00e8miques<\/p>\n<p>Grup d\u2019Escoles Sist\u00e8miques ICE UAB de Bellaterra<br \/>\nGrup de treball\u00a0creat l\u2019any 2008 i 2009 per en Carles Parellada i la Merc\u00e8 Travesset que es reuneix mensualment a la sala de juntes de l\u2019Institut de Ci\u00e8ncies de l\u2019Educaci\u00f3, al rectorat de la Universitat Aut\u00f2noma de Barcelona,&hellip;  <a href=\"https:\/\/agora.xtec.cat\/ceip-fontroure\/xarxes\/xarxa-de-pedagogia-sistemica-de-catalunya\/\" title=\"Read Xarxa de Pedagogia Sist\u00e8mica de Catalunya\">Llegeix m\u00e9s\u00bb<\/a><\/p>\n","protected":false},"author":13,"featured_media":0,"parent":3463,"menu_order":0,"comment_status":"closed","ping_status":"closed","template":"","meta":{"_bbp_topic_count":0,"_bbp_reply_count":0,"_bbp_total_topic_count":0,"_bbp_total_reply_count":0,"_bbp_voice_count":0,"_bbp_anonymous_reply_count":0,"_bbp_topic_count_hidden":0,"_bbp_reply_count_hidden":0,"_bbp_forum_subforum_count":0,"footnotes":""},"class_list":["post-3476","page","type-page","status-publish","hentry"],"post_mailing_queue_ids":[],"_links":{"self":[{"href":"https:\/\/agora.xtec.cat\/ceip-fontroure\/wp-json\/wp\/v2\/pages\/3476","targetHints":{"allow":["GET"]}}],"collection":[{"href":"https:\/\/agora.xtec.cat\/ceip-fontroure\/wp-json\/wp\/v2\/pages"}],"about":[{"href":"https:\/\/agora.xtec.cat\/ceip-fontroure\/wp-json\/wp\/v2\/types\/page"}],"author":[{"embeddable":true,"href":"https:\/\/agora.xtec.cat\/ceip-fontroure\/wp-json\/wp\/v2\/users\/13"}],"replies":[{"embeddable":true,"href":"https:\/\/agora.xtec.cat\/ceip-fontroure\/wp-json\/wp\/v2\/comments?post=3476"}],"version-history":[{"count":1,"href":"https:\/\/agora.xtec.cat\/ceip-fontroure\/wp-json\/wp\/v2\/pages\/3476\/revisions"}],"predecessor-version":[{"id":3477,"href":"https:\/\/agora.xtec.cat\/ceip-fontroure\/wp-json\/wp\/v2\/pages\/3476\/revisions\/3477"}],"up":[{"embeddable":true,"href":"https:\/\/agora.xtec.cat\/ceip-fontroure\/wp-json\/wp\/v2\/pages\/3463"}],"wp:attachment":[{"href":"https:\/\/agora.xtec.cat\/ceip-fontroure\/wp-json\/wp\/v2\/media?parent=3476"}],"curies":[{"name":"wp","href":"https:\/\/api.w.org\/{rel}","templated":true}]}}

Xarxa de Pedagogia Sistèmica de Catalunya

<div class="wpb_text_column wpb_content_element   vc_custom_1566490760428">
<div class="wpb_wrapper">
<h1>Escoles Sistèmiques</h1>
</div>
</div>
<div class="wpb_text_column wpb_content_element  ">
<div class="wpb_wrapper">
<p><strong>Grup d’Escoles Sistèmiques ICE UAB de Bellaterra</strong></p>
<p><strong>Grup de treball</strong> creat l’any 2008 i 2009 per en Carles Parellada i la Mercè Travesset que es reuneix mensualment a la sala de juntes de l’Institut de Ciències de l’Educació, al rectorat de la Universitat Autònoma de Barcelona, de Bellaterra.</p>
<p>Format principalment per membres d’equips directius de diferents centres educatius del territori, terapeutes experts en formació emocional, moviments sistèmics, i psicòlegs, amb una llarga experiència en acompanyar espais educatius i socials.<br />
Dins dels objectius, cada any es genera un pla de treball i una temporització de curs amb els temes i intervencions que es faran al llarg dels mesos, amb les següents vessants: Compromís amb la documentació, espai de revisió, supervisió i acompanyament de situacions a l’Escola i formació.</p>
</div>
</div>

<p>Escoles Sistèmiques</p>
<p>Grup d’Escoles Sistèmiques ICE UAB de Bellaterra<br />
Grup de treball creat l’any 2008 i 2009 per en Carles Parellada i la Mercè Travesset que es reuneix mensualment a la sala de juntes de l’Institut de Ciències de l’Educació, al rectorat de la Universitat Autònoma de Barcelona,&hellip;  <a href="https://agora.xtec.cat/ceip-fontroure/xarxes/xarxa-de-pedagogia-sistemica-de-catalunya/" title="Read Xarxa de Pedagogia Sistèmica de Catalunya">Llegeix més»</a></p>
