{"id":3441,"date":"2022-02-21T10:48:44","date_gmt":"2022-02-21T09:48:44","guid":{"rendered":"https:\/\/agora.xtec.cat\/ceip-fontroure\/?page_id=3441"},"modified":"2022-02-21T10:48:44","modified_gmt":"2022-02-21T09:48:44","slug":"cantania","status":"publish","type":"page","link":"https:\/\/agora.xtec.cat\/ceip-fontroure\/metodologia-de-centre\/cantania\/","title":{"rendered":"Cant\u00e0nia."},"content":{"rendered":"<p>Cant\u00e0nia \u00e9s una\u00a0<strong>activitat participativa<\/strong>\u00a0en la que s\u2019inscriuen escolars de cicle mitj\u00e0 i superior de prim\u00e0ria de Catalunya. Cada any s\u2019estrena una obra encarregada especialment per a aquesta activitat. Els enc\u00e0rrecs, fins a dia d\u2019avui, s\u2019han fet a\u00a0<strong>compositors i escriptors catalans de reconegut prestigi<\/strong>.<\/p>\n<p>Aquest curs 2021-22 se celebren els 33 anys de Cant\u00e0nia.<\/p>\n<p><iframe loading=\"lazy\" src=\"https:\/\/drive.google.com\/file\/d\/1z6RA6cYP8vSnxBV6bjMdu7uEzG9zrjuU\/preview\" width=\"640\" height=\"480\"><\/iframe><\/p>\n<p>M\u00e9s informaci\u00f3:<br \/>\nDescarrega&#8217;t el PDF Cant\u00e0nia\u00a0<strong><a href=\"https:\/\/www.auditori.cat\/uploads\/20191029\/DOSSIER_CANTnANIA_GENERAL2020.1.pdf\">aqu\u00ed<\/a><\/strong><\/p>\n<p><a href=\"https:\/\/agora.xtec.cat\/ceip-fontroure\/wp-content\/uploads\/usu620\/2021\/06\/35E3A868-50C1-4E01-89CB-AD6D003F2BBC.jpeg\"><img loading=\"lazy\" decoding=\"async\" class=\"alignnone size-large wp-image-3155\" src=\"https:\/\/agora.xtec.cat\/ceip-fontroure\/wp-content\/uploads\/usu620\/2021\/06\/35E3A868-50C1-4E01-89CB-AD6D003F2BBC-1024x576.jpeg\" sizes=\"auto, (max-width: 1024px) 100vw, 1024px\" srcset=\"https:\/\/agora.xtec.cat\/ceip-fontroure\/wp-content\/uploads\/usu620\/2021\/06\/35E3A868-50C1-4E01-89CB-AD6D003F2BBC-1024x576.jpeg 1024w, https:\/\/agora.xtec.cat\/ceip-fontroure\/wp-content\/uploads\/usu620\/2021\/06\/35E3A868-50C1-4E01-89CB-AD6D003F2BBC-300x169.jpeg 300w, https:\/\/agora.xtec.cat\/ceip-fontroure\/wp-content\/uploads\/usu620\/2021\/06\/35E3A868-50C1-4E01-89CB-AD6D003F2BBC-768x432.jpeg 768w\" alt=\"\" width=\"1024\" height=\"576\" \/><\/a><\/p>\n<p>La promoci\u00f3 \u201cPepa Colomer\u201d i les seves fam\u00edlies han gaudit de \u201cCant\u00e0nia Virtual\u201d a L\u2019Auditori. La cantata participativa amb escolars de tot Catalunya ha acabat d\u2019arrodonir la feina feta a l\u2019escola preparant al llarg del curs l\u2019obra d\u2019\u00d2scar Pe\u00f1arroya i C\u00e8sar Aparicio \u201cVirtual\u201d que han interpretat magn\u00edficament a l\u2019escenari, dirigits per Elisenda Carrasco.<\/p>\n<p>Amb la Cantata \u201cVirtual\u201d Ens endinsem al m\u00f3n digital. Les noves tecnologies s\u00f3n per tot arreu i han vingut per quedar-s\u2019hi. En Marcel s\u2019ha instal\u2022lat una aplicaci\u00f3 d\u2019intel\u2022lig\u00e8ncia artificial i est\u00e0 descobrint un univers que el fascina.<br \/>\nAvui, la tecnologia est\u00e0 mancada de reflexi\u00f3 i de pausa i les problem\u00e0tiques i riscos, sobretot de cara als menors, augmenten i evolucionen, prenent formes canviants.<\/p>\n<p>La identitat, la seguretat, la comunicaci\u00f3 i les aptituds digitals s\u00f3n elements imprescindibles per a la construcci\u00f3 d\u2019un tipus de ciutadania digital que ha de comen\u00e7ar a les aules, i que es fa irrenunciable si volem abastar una societat m\u00e9s lliure i cohesionada, m\u00e9s civilitzada.<\/p>\n<p>L\u2019atrezzo fet pels mateixos infants ens transporta a trav\u00e9s de les melodies de les can\u00e7ons a la dimensi\u00f3 bin\u00e0ria dels ordinadors i a l\u2019espai virtual, ens fa emocionar i ens planteja que reflexionem sobre els beneficis i riscos de l\u2019\u00fas de la tecnologia.<br \/>\nUn tancament brillant, amb una barreja d\u2019il\u2022lusi\u00f3, sentiments i satisfacci\u00f3 per la feina ben feta, ha esclatat en forma d\u2019aplaudiments.<br \/>\nEnhorabona cantaires!<\/p>\n","protected":false},"excerpt":{"rendered":"<p>Cant\u00e0nia \u00e9s una\u00a0activitat participativa\u00a0en la que s\u2019inscriuen escolars de cicle mitj\u00e0 i superior de prim\u00e0ria de Catalunya. Cada any s\u2019estrena una obra encarregada especialment per a aquesta activitat. Els enc\u00e0rrecs, fins a dia d\u2019avui, s\u2019han fet a\u00a0compositors i escriptors catalans de reconegut prestigi.<br \/>\nAquest curs 2021-22&hellip;  <a href=\"https:\/\/agora.xtec.cat\/ceip-fontroure\/metodologia-de-centre\/cantania\/\" title=\"Read Cant\u00e0nia.\">Llegeix m\u00e9s\u00bb<\/a><\/p>\n","protected":false},"author":13,"featured_media":0,"parent":3338,"menu_order":0,"comment_status":"closed","ping_status":"closed","template":"","meta":{"_bbp_topic_count":0,"_bbp_reply_count":0,"_bbp_total_topic_count":0,"_bbp_total_reply_count":0,"_bbp_voice_count":0,"_bbp_anonymous_reply_count":0,"_bbp_topic_count_hidden":0,"_bbp_reply_count_hidden":0,"_bbp_forum_subforum_count":0,"footnotes":""},"class_list":["post-3441","page","type-page","status-publish","hentry"],"post_mailing_queue_ids":[],"_links":{"self":[{"href":"https:\/\/agora.xtec.cat\/ceip-fontroure\/wp-json\/wp\/v2\/pages\/3441","targetHints":{"allow":["GET"]}}],"collection":[{"href":"https:\/\/agora.xtec.cat\/ceip-fontroure\/wp-json\/wp\/v2\/pages"}],"about":[{"href":"https:\/\/agora.xtec.cat\/ceip-fontroure\/wp-json\/wp\/v2\/types\/page"}],"author":[{"embeddable":true,"href":"https:\/\/agora.xtec.cat\/ceip-fontroure\/wp-json\/wp\/v2\/users\/13"}],"replies":[{"embeddable":true,"href":"https:\/\/agora.xtec.cat\/ceip-fontroure\/wp-json\/wp\/v2\/comments?post=3441"}],"version-history":[{"count":1,"href":"https:\/\/agora.xtec.cat\/ceip-fontroure\/wp-json\/wp\/v2\/pages\/3441\/revisions"}],"predecessor-version":[{"id":3442,"href":"https:\/\/agora.xtec.cat\/ceip-fontroure\/wp-json\/wp\/v2\/pages\/3441\/revisions\/3442"}],"up":[{"embeddable":true,"href":"https:\/\/agora.xtec.cat\/ceip-fontroure\/wp-json\/wp\/v2\/pages\/3338"}],"wp:attachment":[{"href":"https:\/\/agora.xtec.cat\/ceip-fontroure\/wp-json\/wp\/v2\/media?parent=3441"}],"curies":[{"name":"wp","href":"https:\/\/api.w.org\/{rel}","templated":true}]}}