{"id":3425,"date":"2022-02-18T15:48:36","date_gmt":"2022-02-18T14:48:36","guid":{"rendered":"https:\/\/agora.xtec.cat\/ceip-fontroure\/?page_id=3425"},"modified":"2023-10-25T16:06:19","modified_gmt":"2023-10-25T14:06:19","slug":"erasmus-etwinning","status":"publish","type":"page","link":"https:\/\/agora.xtec.cat\/ceip-fontroure\/metodologia-de-centre\/laprenentatge-de-la-llengua-estrangera-angles\/erasmus-etwinning\/","title":{"rendered":"Erasmus + eTwinning"},"content":{"rendered":"<div class=\"padlet-embed\" style=\"border: 1px solid rgba(0,0,0,0.1); border-radius: 2px; box-sizing: border-box; overflow: hidden; position: relative; width: 100%; background: #F4F4F4;\">\n<p style=\"padding: 0; margin: 0;\"><iframe style=\"width: 100%; height: 608px; display: block; padding: 0; margin: 0;\" src=\"https:\/\/padlet.com\/embed\/dpsbd0mpr17rzfdr\" frameborder=\"0\"><\/iframe><\/p>\n<div style=\"display: flex; align-items: center; justify-content: end; margin: 0; height: 28px;\">\n<p>&nbsp;<\/p>\n<div style=\"display: flex; align-items: center;\"><img loading=\"lazy\" decoding=\"async\" style=\"padding: 0; margin: 0; background: 0 0; border: none; box-shadow: none;\" src=\"https:\/\/padlet.net\/embeds\/made_with_padlet_2022.png\" alt=\"Fet amb Padlet\" width=\"114\" height=\"28\" \/><\/div>\n<p>&nbsp;<\/p>\n<\/div>\n<div class=\"padlet-embed\" style=\"border: 1px solid rgba(0,0,0,0.1); border-radius: 2px; box-sizing: border-box; overflow: hidden; position: relative; width: 100%; background: #F4F4F4;\">\n<p style=\"padding: 0; margin: 0;\"><iframe style=\"width: 100%; height: 608px; display: block; padding: 0; margin: 0;\" src=\"https:\/\/padlet.com\/embed\/njy7j7824ryi35e6\" frameborder=\"0\"><\/iframe><\/p>\n<div style=\"display: flex; align-items: center; justify-content: end; margin: 0; height: 28px;\">\n<p>&nbsp;<\/p>\n<div style=\"display: flex; align-items: center;\"><img loading=\"lazy\" decoding=\"async\" style=\"padding: 0; margin: 0; background: 0 0; border: none; box-shadow: none;\" src=\"https:\/\/padlet.net\/embeds\/made_with_padlet_2022.png\" alt=\"Fet amb Padlet\" width=\"114\" height=\"28\" \/><\/div>\n<p>&nbsp;<\/p>\n<\/div>\n<\/div>\n<\/div>\n<p>eTwinning \u00e9s la comunitat m\u00e9s extensa de centres educatius d\u2019Europa. Va n\u00e9ixer el 2005 com iniciativa del Programa d&#8217;Aprenentatge eLearning de la Comissi\u00f3 Europea i des del 2014 forma part d&#8217;Erasmus+, el Programa de la Uni\u00f3 Europea en mat\u00e8ria d&#8217;educaci\u00f3, formaci\u00f3, joventut i esport El Servei Central de suport est\u00e0 dirigit per European Schoolnet, una associaci\u00f3 internacional de 30 Ministeris Europeus d&#8217;Educaci\u00f3 que promouen l&#8217;educaci\u00f3 en els centres educatius, a nivell del professorat i l\u2019alumnat de tota Europa.<\/p>\n<p>El\u00a0<a href=\"http:\/\/www.etwinning.net\/\" target=\"_blank\" rel=\"noopener\">portal eTwinning<\/a>\u00a0\u00e9s un punt de trobada i un lloc com\u00fa de treball. Est\u00e0 tradu\u00eft a vint-i-cinc idiomes i proporciona eines en l\u00ednia perqu\u00e8 els docents trobin socis, engeguin projectes, comparteixin idees, intercanvi\u00efn pr\u00e0ctiques interessants i comencin a treballar junts, servint-se de diferents eines personalitzades disponibles a la plataforma eTwinning.<\/p>\n<p>Ofereix una plataforma als equips educatius (professors, directors, bibliotecaris, etc.) europeus per comunicar-se, col\u00b7laborar, desenvolupar projectes o el que \u00e9s el mateix, sentir-se i formar part de la comunitat educativa m\u00e9s \u00e0mplia d&#8217;Europa.<\/p>\n<p>La iniciativa eTwinning promou la col\u00b7laboraci\u00f3 escolar a Europa utilitzant les tecnologies per a l\u2019aprenentatge i el coneixement (TAC) i dona suport als centres oferint-los les eines i els serveis necessaris que facilitin la seva associaci\u00f3 per desenvolupar un projecte en com\u00fa.<\/p>\n<p>El\u00a0<a href=\"http:\/\/www.etwinning.es\/\" target=\"_blank\" rel=\"noopener\">portal del Servicio Nacional de Apoyo eTwinning<\/a>\u00a0ofereix tamb\u00e9 informaci\u00f3, assessorament i formaci\u00f3 als docents que participen en els projectes. Entre altres accions, el SNA compta amb una xarxa d\u2019ambaixadors eTwinning, docents experimentats que fan difusi\u00f3 del programa i poden assessorar altres docents que estan comen\u00e7ant els seus projectes, tant en temes de car\u00e0cter t\u00e8cnic com pedag\u00f2gic.<\/p>\n<p>eTwinning atorga cada any els\u00a0<a href=\"http:\/\/etwinning.es\/es\/premios-nacionales-etwinning-2019\/\" target=\"_blank\" rel=\"noopener\">Premis Nacionals<\/a>\u00a0i els\u00a0<a href=\"http:\/\/etwinning.es\/es\/premios-europeos\/#more-18353\" target=\"_blank\" rel=\"noopener\">Premis Europeus<\/a>\u00a0per a projectes innovadors, integrats en el curr\u00edculum, col.laboratius, que aprofitin la tecnologia i tinguin una bona comunicaci\u00f3 i difusi\u00f3.<\/p>\n","protected":false},"excerpt":{"rendered":"<p>&nbsp;<\/p>\n<p>&nbsp;<\/p>\n<p>&nbsp;<\/p>\n<p>&nbsp;<\/p>\n<p>eTwinning \u00e9s la comunitat m\u00e9s extensa de centres educatius d\u2019Europa. Va n\u00e9ixer el 2005 com iniciativa del Programa d&#8217;Aprenentatge eLearning de la Comissi\u00f3 Europea i des del 2014 forma part d&#8217;Erasmus+, el Programa de la Uni\u00f3 Europea en mat\u00e8ria d&#8217;educaci\u00f3, formaci\u00f3, joventut i esport El&hellip;  <a href=\"https:\/\/agora.xtec.cat\/ceip-fontroure\/metodologia-de-centre\/laprenentatge-de-la-llengua-estrangera-angles\/erasmus-etwinning\/\" title=\"Read Erasmus + eTwinning\">Llegeix m\u00e9s\u00bb<\/a><\/p>\n","protected":false},"author":13,"featured_media":0,"parent":3389,"menu_order":0,"comment_status":"closed","ping_status":"closed","template":"","meta":{"_bbp_topic_count":0,"_bbp_reply_count":0,"_bbp_total_topic_count":0,"_bbp_total_reply_count":0,"_bbp_voice_count":0,"_bbp_anonymous_reply_count":0,"_bbp_topic_count_hidden":0,"_bbp_reply_count_hidden":0,"_bbp_forum_subforum_count":0,"footnotes":""},"class_list":["post-3425","page","type-page","status-publish","hentry"],"post_mailing_queue_ids":[],"_links":{"self":[{"href":"https:\/\/agora.xtec.cat\/ceip-fontroure\/wp-json\/wp\/v2\/pages\/3425","targetHints":{"allow":["GET"]}}],"collection":[{"href":"https:\/\/agora.xtec.cat\/ceip-fontroure\/wp-json\/wp\/v2\/pages"}],"about":[{"href":"https:\/\/agora.xtec.cat\/ceip-fontroure\/wp-json\/wp\/v2\/types\/page"}],"author":[{"embeddable":true,"href":"https:\/\/agora.xtec.cat\/ceip-fontroure\/wp-json\/wp\/v2\/users\/13"}],"replies":[{"embeddable":true,"href":"https:\/\/agora.xtec.cat\/ceip-fontroure\/wp-json\/wp\/v2\/comments?post=3425"}],"version-history":[{"count":4,"href":"https:\/\/agora.xtec.cat\/ceip-fontroure\/wp-json\/wp\/v2\/pages\/3425\/revisions"}],"predecessor-version":[{"id":3968,"href":"https:\/\/agora.xtec.cat\/ceip-fontroure\/wp-json\/wp\/v2\/pages\/3425\/revisions\/3968"}],"up":[{"embeddable":true,"href":"https:\/\/agora.xtec.cat\/ceip-fontroure\/wp-json\/wp\/v2\/pages\/3389"}],"wp:attachment":[{"href":"https:\/\/agora.xtec.cat\/ceip-fontroure\/wp-json\/wp\/v2\/media?parent=3425"}],"curies":[{"name":"wp","href":"https:\/\/api.w.org\/{rel}","templated":true}]}}