{"id":34,"date":"2014-09-18T12:32:18","date_gmt":"2014-09-18T11:32:18","guid":{"rendered":"http:\/\/agora.xtec.cat\/ceip-fontroure\/?page_id=34"},"modified":"2023-07-28T14:10:53","modified_gmt":"2023-07-28T12:10:53","slug":"oferta-educativa","status":"publish","type":"page","link":"https:\/\/agora.xtec.cat\/ceip-fontroure\/lescola\/oferta-educativa\/","title":{"rendered":"Oferta educativa"},"content":{"rendered":"<p style=\"text-align: justify;\">Som una escola de 2n cicle d\u2019Educaci\u00f3 Infantil i d\u2019Educaci\u00f3 Prim\u00e0ria, que acull a nens i nenes de 3 a 12 anys. Les finalitats\u00a0 b\u00e0siques d\u2019aquesta etapa educativa s\u00f3n proporcionar a l\u2019alumnat un marc d\u2019aprenentatge que li permetin iniciar-se en l\u2019adquisici\u00f3 de les compet\u00e8ncies b\u00e0siques i en l\u2019aplicaci\u00f3 d\u2019instruments necessaris per adquirir nous aprenentatges. L\u2019acci\u00f3 educativa procura la integraci\u00f3 de les diverses experi\u00e8ncies i aprenentatges de l\u2019alumnat. Els equips de personal docent s\u2019organitzen per cicles, nivell, comissions i grups de treball per tal de donar coher\u00e8ncia als aprenentatges de l\u2019alumnat. Des de fa ja varis cursos s\u2019ha engegat una coordinaci\u00f3 amb l\u2019Educaci\u00f3 Infantil \u2013 Llar d\u2019Infants- i l\u2019Educaci\u00f3 Secund\u00e0ria Obligat\u00f2ria per assegurar una transici\u00f3 adequada de l\u2019alumnat entre les etapes educatives.<\/p>\n<p>Presentaci\u00f3 de sol\u00b7licituds:<\/p>\n<ul>\n<li>Educaci\u00f3 infantil (3-6 anys) i educaci\u00f3 prim\u00e0ria: del 6 al 20 de mar\u00e7<\/li>\n<li>Educaci\u00f3 secund\u00e0ria obligat\u00f2ria: del 8 al 20 de mar\u00e7<\/li>\n<\/ul>\n<p>Matr\u00edcula:\u00a0del 20 al 28 de juny<\/p>\n<p>Si esteu interessats en con\u00e8ixer el nostre projecte educatiu, podeu sol\u00b7licitar informaci\u00f3 i cita al 93.772.74.32 o <a href=\"mailto:a8060605@xtec.cat\">a8060605@xtec.ca<\/a><\/p>\n<p><iframe loading=\"lazy\" src=\"https:\/\/drive.google.com\/file\/d\/1hNGBb1E8kksvJ4ATVFG5Zc1HSamzzv5r\/preview\" width=\"640\" height=\"480\"><\/iframe><br \/>\n<iframe loading=\"lazy\" src=\"https:\/\/drive.google.com\/file\/d\/1dZR9FcqXqUca3aI_II2EGsAxN3KZVRKM\/preview\" width=\"640\" height=\"480\"><\/iframe><\/p>\n","protected":false},"excerpt":{"rendered":"<p>Som una escola de 2n cicle d\u2019Educaci\u00f3 Infantil i d\u2019Educaci\u00f3 Prim\u00e0ria, que acull a nens i nenes de 3 a 12 anys. Les finalitats\u00a0 b\u00e0siques d\u2019aquesta etapa educativa s\u00f3n proporcionar a l\u2019alumnat un marc d\u2019aprenentatge que li permetin iniciar-se en l\u2019adquisici\u00f3 de les compet\u00e8ncies b\u00e0siques&hellip;  <a href=\"https:\/\/agora.xtec.cat\/ceip-fontroure\/lescola\/oferta-educativa\/\" title=\"Read Oferta educativa\">Llegeix m\u00e9s\u00bb<\/a><\/p>\n","protected":false},"author":1,"featured_media":0,"parent":22,"menu_order":60,"comment_status":"closed","ping_status":"closed","template":"page-templates\/side-menu.php","meta":{"_bbp_topic_count":0,"_bbp_reply_count":0,"_bbp_total_topic_count":0,"_bbp_total_reply_count":0,"_bbp_voice_count":0,"_bbp_anonymous_reply_count":0,"_bbp_topic_count_hidden":0,"_bbp_reply_count_hidden":0,"_bbp_forum_subforum_count":0,"footnotes":""},"class_list":["post-34","page","type-page","status-publish","hentry"],"post_mailing_queue_ids":[],"_links":{"self":[{"href":"https:\/\/agora.xtec.cat\/ceip-fontroure\/wp-json\/wp\/v2\/pages\/34","targetHints":{"allow":["GET"]}}],"collection":[{"href":"https:\/\/agora.xtec.cat\/ceip-fontroure\/wp-json\/wp\/v2\/pages"}],"about":[{"href":"https:\/\/agora.xtec.cat\/ceip-fontroure\/wp-json\/wp\/v2\/types\/page"}],"author":[{"embeddable":true,"href":"https:\/\/agora.xtec.cat\/ceip-fontroure\/wp-json\/wp\/v2\/users\/1"}],"replies":[{"embeddable":true,"href":"https:\/\/agora.xtec.cat\/ceip-fontroure\/wp-json\/wp\/v2\/comments?post=34"}],"version-history":[{"count":3,"href":"https:\/\/agora.xtec.cat\/ceip-fontroure\/wp-json\/wp\/v2\/pages\/34\/revisions"}],"predecessor-version":[{"id":3901,"href":"https:\/\/agora.xtec.cat\/ceip-fontroure\/wp-json\/wp\/v2\/pages\/34\/revisions\/3901"}],"up":[{"embeddable":true,"href":"https:\/\/agora.xtec.cat\/ceip-fontroure\/wp-json\/wp\/v2\/pages\/22"}],"wp:attachment":[{"href":"https:\/\/agora.xtec.cat\/ceip-fontroure\/wp-json\/wp\/v2\/media?parent=34"}],"curies":[{"name":"wp","href":"https:\/\/api.w.org\/{rel}","templated":true}]}}