{"id":3386,"date":"2022-02-17T13:30:32","date_gmt":"2022-02-17T12:30:32","guid":{"rendered":"https:\/\/agora.xtec.cat\/ceip-fontroure\/?page_id=3386"},"modified":"2022-02-21T13:24:01","modified_gmt":"2022-02-21T12:24:01","slug":"science-aicle-aprenentatge-integrat-de-continguts-i-llengua-estrangera-missio-alba","status":"publish","type":"page","link":"https:\/\/agora.xtec.cat\/ceip-fontroure\/metodologia-de-centre\/science-aicle-aprenentatge-integrat-de-continguts-i-llengua-estrangera-missio-alba\/","title":{"rendered":"Science &#8211; AICLE (Aprenentatge integrat de continguts i llengua estrangera) &#8220;Missi\u00f3 Alba&#8221;."},"content":{"rendered":"<p style=\"text-align: justify;\">Un cop els alumnes han assolit un nivell de compet\u00e8ncia comunicativa b\u00e0sic en llengua estrangera s\u00f3n necessaris espais que possibilitin utilitzar la llengua amb un prop\u00f2sit, \u00e9s a dir, amb un \u00fas m\u00e9s real i significatiu. Aquesta pr\u00e0ctica, afavoreix l\u2019aprenentatge impl\u00edcit i incidental de la llengua, ja que la llengua no esdev\u00e9 l\u2019objectiu principal d\u2019aprenentatge sin\u00f3 el mitj\u00e0 per aprendre continguts. Aquesta metodologia no nom\u00e9s suposa un increment de l\u2019exposici\u00f3 amb la llengua, sin\u00f3 que tamb\u00e9 augmenta la motivaci\u00f3 i possibilita el desenvolupament d\u2019habilitats de pensament superior. Tenint en compte totes les possibilitats que ofereix aquesta metodologia, al centre s\u2019ha optat per realitzar una sessi\u00f3 setmanal de medi en llengua anglesa (science) que es realitza en grup desdoblat. La selecci\u00f3 dels continguts a treballar en aquesta mat\u00e8ria s\u2019ha fet tenint en compte el seu caire manipulatiu i tangible per facilitar la seva assimilaci\u00f3 en la llengua estrangera. Aix\u00ed doncs, a cinqu\u00e8 es treballa la mat\u00e8ria i a sis\u00e8 les m\u00e0quines simples.<br \/>\nTenint en compte que el treball integrat de continguts i llengua estrangera implica un enfocament educatiu amb un objectiu doble, l\u2019aprenentatge i l\u2019ensenyament d\u2019un contingut i una llengua, cal una programaci\u00f3 acurada que especifiqui els continguts ling\u00fc\u00edstics i els suports que es donaran en cada moment per tal d\u2019assegurar la comprensi\u00f3 dels continguts.<\/p>\n<p><a href=\"https:\/\/agora.xtec.cat\/ceip-fontroure\/wp-content\/uploads\/usu620\/2022\/02\/e6e86604-9f15-4a48-9108-2ea47c825859.jpg\"><img loading=\"lazy\" decoding=\"async\" class=\"alignnone size-large wp-image-3387\" src=\"https:\/\/agora.xtec.cat\/ceip-fontroure\/wp-content\/uploads\/usu620\/2022\/02\/e6e86604-9f15-4a48-9108-2ea47c825859-724x1024.jpg\" alt=\"\" width=\"724\" height=\"1024\" srcset=\"https:\/\/agora.xtec.cat\/ceip-fontroure\/wp-content\/uploads\/usu620\/2022\/02\/e6e86604-9f15-4a48-9108-2ea47c825859-724x1024.jpg 724w, https:\/\/agora.xtec.cat\/ceip-fontroure\/wp-content\/uploads\/usu620\/2022\/02\/e6e86604-9f15-4a48-9108-2ea47c825859-212x300.jpg 212w, https:\/\/agora.xtec.cat\/ceip-fontroure\/wp-content\/uploads\/usu620\/2022\/02\/e6e86604-9f15-4a48-9108-2ea47c825859-768x1086.jpg 768w, https:\/\/agora.xtec.cat\/ceip-fontroure\/wp-content\/uploads\/usu620\/2022\/02\/e6e86604-9f15-4a48-9108-2ea47c825859-1086x1536.jpg 1086w, https:\/\/agora.xtec.cat\/ceip-fontroure\/wp-content\/uploads\/usu620\/2022\/02\/e6e86604-9f15-4a48-9108-2ea47c825859.jpg 1414w\" sizes=\"auto, (max-width: 724px) 100vw, 724px\" \/><\/a><\/p>\n<p><strong><u>L\u2019Escola Font del Roure, protagonista del projecte Missi\u00f3 Alba<\/u><\/strong><\/p>\n<p>Els\u00a0<strong>alumnes de 5\u00e8 B<\/strong>\u00a0de l\u2019Escola Font del Roure van guanyar el concurs del tercer laboratori de\u00a0<strong>Missi\u00f3 Alba<\/strong>\u00a0\u201cLlum i visi\u00f3\u201d; un projecte impulsat pel sincrotr\u00f3 Alba, membre de la Xarxa de Parcs Cient\u00edfics i Tecnol\u00f2gics de Catalunya (XPCAT) ubicat a Cerdanyola del Vall\u00e8s.<\/p>\n<p>El projecte Missi\u00f3 Alba s\u2019adre\u00e7a als centres educatius i pret\u00e9n donar a con\u00e8ixer als alumnes el funcionament del sincrotr\u00f3 a trav\u00e9s de la manipulaci\u00f3 de diversos materials d\u2019\u00fas quotidi\u00e0 relacionats amb la llum. Aix\u00ed, a trav\u00e9s de l\u2019assignatura de \u201cScience\u201d els alumnes treballen els continguts cient\u00edfics relacionats amb la llum dividits en quatre laboratoris on descobreixen continguts com ara la reflexi\u00f3 i la refracci\u00f3 de la llum, les propietats dels materials, la captaci\u00f3 dels raigs de llum\u2026<\/p>\n<p>Aix\u00ed, es treballen els continguts cient\u00edfics de manera manipulativa i integrant altres compet\u00e8ncies com ara l\u2019art\u00edstica (els alumnes creen materials com ara caixes d\u2019observaci\u00f3), la matem\u00e0tica (els infants apliquen continguts com ara el di\u00e0metre, el radi, en la construcci\u00f3 de materials per desenvolupar els experiments) i la ling\u00fc\u00edstica (en llengua anglesa). Els alumnes, a m\u00e9s, desenvolupen les destreses orals i escrites en llengua anglesa a trav\u00e9s d\u2019un \u00fas funcional de la llengua estrangera, ja que treballen el vocabulari i les estructures comunicatives per entendre i explicar els processos que experimenten.<\/p>\n<p>Enguany hi ha 350 docents inscrits al projecte Missi\u00f3 Alba arreu del territori espanyol; i a l\u2019Escola Font del Roure hi participen els alumnes de 5\u00e8 i 6\u00e8 de prim\u00e0ria.<\/p>\n<p><img loading=\"lazy\" decoding=\"async\" class=\"wp-image-26002 alignleft\" src=\"https:\/\/s3-eu-central-1.amazonaws.com\/ajmasquefa-multimedia-wp\/wp-content\/uploads\/sites\/22\/2021\/06\/11093010\/E2qypz3XEAUt0-W.jpg\" alt=\"\" width=\"1199\" height=\"901\" \/><\/p>\n<p><img loading=\"lazy\" decoding=\"async\" class=\"alignnone size-large\" src=\"https:\/\/pbs.twimg.com\/media\/FK6PfOaXsAA92ig?format=jpg&amp;name=large\" width=\"1200\" height=\"1600\" \/><\/p>\n","protected":false},"excerpt":{"rendered":"<p>Un cop els alumnes han assolit un nivell de compet\u00e8ncia comunicativa b\u00e0sic en llengua estrangera s\u00f3n necessaris espais que possibilitin utilitzar la llengua amb un prop\u00f2sit, \u00e9s a dir, amb un \u00fas m\u00e9s real i significatiu. Aquesta pr\u00e0ctica, afavoreix l\u2019aprenentatge impl\u00edcit i incidental de la&hellip;  <a href=\"https:\/\/agora.xtec.cat\/ceip-fontroure\/metodologia-de-centre\/science-aicle-aprenentatge-integrat-de-continguts-i-llengua-estrangera-missio-alba\/\" title=\"Read Science &#8211; AICLE (Aprenentatge integrat de continguts i llengua estrangera) &#8220;Missi\u00f3 Alba&#8221;.\">Llegeix m\u00e9s\u00bb<\/a><\/p>\n","protected":false},"author":13,"featured_media":0,"parent":3338,"menu_order":0,"comment_status":"closed","ping_status":"closed","template":"","meta":{"_bbp_topic_count":0,"_bbp_reply_count":0,"_bbp_total_topic_count":0,"_bbp_total_reply_count":0,"_bbp_voice_count":0,"_bbp_anonymous_reply_count":0,"_bbp_topic_count_hidden":0,"_bbp_reply_count_hidden":0,"_bbp_forum_subforum_count":0,"footnotes":""},"class_list":["post-3386","page","type-page","status-publish","hentry"],"post_mailing_queue_ids":[],"_links":{"self":[{"href":"https:\/\/agora.xtec.cat\/ceip-fontroure\/wp-json\/wp\/v2\/pages\/3386","targetHints":{"allow":["GET"]}}],"collection":[{"href":"https:\/\/agora.xtec.cat\/ceip-fontroure\/wp-json\/wp\/v2\/pages"}],"about":[{"href":"https:\/\/agora.xtec.cat\/ceip-fontroure\/wp-json\/wp\/v2\/types\/page"}],"author":[{"embeddable":true,"href":"https:\/\/agora.xtec.cat\/ceip-fontroure\/wp-json\/wp\/v2\/users\/13"}],"replies":[{"embeddable":true,"href":"https:\/\/agora.xtec.cat\/ceip-fontroure\/wp-json\/wp\/v2\/comments?post=3386"}],"version-history":[{"count":2,"href":"https:\/\/agora.xtec.cat\/ceip-fontroure\/wp-json\/wp\/v2\/pages\/3386\/revisions"}],"predecessor-version":[{"id":3484,"href":"https:\/\/agora.xtec.cat\/ceip-fontroure\/wp-json\/wp\/v2\/pages\/3386\/revisions\/3484"}],"up":[{"embeddable":true,"href":"https:\/\/agora.xtec.cat\/ceip-fontroure\/wp-json\/wp\/v2\/pages\/3338"}],"wp:attachment":[{"href":"https:\/\/agora.xtec.cat\/ceip-fontroure\/wp-json\/wp\/v2\/media?parent=3386"}],"curies":[{"name":"wp","href":"https:\/\/api.w.org\/{rel}","templated":true}]}}