{"id":3371,"date":"2022-02-17T12:33:29","date_gmt":"2022-02-17T11:33:29","guid":{"rendered":"https:\/\/agora.xtec.cat\/ceip-fontroure\/?page_id=3371"},"modified":"2022-02-18T16:09:17","modified_gmt":"2022-02-18T15:09:17","slug":"aprendre-a-llegir-i-a-escriure","status":"publish","type":"page","link":"https:\/\/agora.xtec.cat\/ceip-fontroure\/metodologia-de-centre\/aprendre-a-llegir-i-a-escriure\/","title":{"rendered":"Aprendre a llegir i a escriure."},"content":{"rendered":"<p style=\"text-align: justify;\"><em>\u201cL\u2019edat d\u2019aprendre a llegir i a escriure compr\u00e8n una franja \u00e0mplia, que va dels tres als set anys. Cada nen i cada nena seguir\u00e0 el seu proc\u00e9s al llarg de m\u00e9s o menys temps dins d\u2019aquesta franja d\u2019edat, i el fet d\u2019entendre com funciona el codi, als cinc anys o als set anys, no condiciona de cap manera que despr\u00e9s siguin bons escriptors i escriptores.\u201d\u00a0<\/em>Montserrat Fons<\/p>\n<p>Fer un bon acompanyament en l\u2019aprenentatge de la lectura i l\u2019escriptura requereix con\u00e8ixer els infants i les diferents etapes per les quals aniran passant en el seu proc\u00e9s individual de construcci\u00f3 d\u2019aquests aprenentatges.<\/p>\n<p><iframe loading=\"lazy\" src=\"https:\/\/drive.google.com\/file\/d\/0B46_aM1R06eLazFCd0llWjFGOUU\/preview?resourcekey=0-SZb7BDjwAHOIeWDECwaF5A\" width=\"640\" height=\"480\"><span data-mce-type=\"bookmark\" style=\"display: inline-block; width: 0px; overflow: hidden; line-height: 0;\" class=\"mce_SELRES_start\">\ufeff<\/span><\/iframe><\/p>\n<h3><em>\u201cNom\u00e9s podrem desenvolupar de<\/em><br \/>\n<em>manera significativa els processos que<\/em><br \/>\n<em>intervenen tant en el llegir com en<\/em><br \/>\n<em>l\u2019escriure si posem als nens i les nenes<\/em><br \/>\n<em>en situacions d\u2019\u00fas real de la lectura i<\/em><\/h3>\n<h3><em>l\u2019escriptura.\u201d (Fons,1999:24).<\/em><\/h3>\n","protected":false},"excerpt":{"rendered":"<p>\u201cL\u2019edat d\u2019aprendre a llegir i a escriure compr\u00e8n una franja \u00e0mplia, que va dels tres als set anys. Cada nen i cada nena seguir\u00e0 el seu proc\u00e9s al llarg de m\u00e9s o menys temps dins d\u2019aquesta franja d\u2019edat, i el fet d\u2019entendre com funciona el&hellip;  <a href=\"https:\/\/agora.xtec.cat\/ceip-fontroure\/metodologia-de-centre\/aprendre-a-llegir-i-a-escriure\/\" title=\"Read Aprendre a llegir i a escriure.\">Llegeix m\u00e9s\u00bb<\/a><\/p>\n","protected":false},"author":13,"featured_media":0,"parent":3338,"menu_order":0,"comment_status":"closed","ping_status":"closed","template":"","meta":{"_bbp_topic_count":0,"_bbp_reply_count":0,"_bbp_total_topic_count":0,"_bbp_total_reply_count":0,"_bbp_voice_count":0,"_bbp_anonymous_reply_count":0,"_bbp_topic_count_hidden":0,"_bbp_reply_count_hidden":0,"_bbp_forum_subforum_count":0,"footnotes":""},"class_list":["post-3371","page","type-page","status-publish","hentry"],"post_mailing_queue_ids":[],"_links":{"self":[{"href":"https:\/\/agora.xtec.cat\/ceip-fontroure\/wp-json\/wp\/v2\/pages\/3371","targetHints":{"allow":["GET"]}}],"collection":[{"href":"https:\/\/agora.xtec.cat\/ceip-fontroure\/wp-json\/wp\/v2\/pages"}],"about":[{"href":"https:\/\/agora.xtec.cat\/ceip-fontroure\/wp-json\/wp\/v2\/types\/page"}],"author":[{"embeddable":true,"href":"https:\/\/agora.xtec.cat\/ceip-fontroure\/wp-json\/wp\/v2\/users\/13"}],"replies":[{"embeddable":true,"href":"https:\/\/agora.xtec.cat\/ceip-fontroure\/wp-json\/wp\/v2\/comments?post=3371"}],"version-history":[{"count":2,"href":"https:\/\/agora.xtec.cat\/ceip-fontroure\/wp-json\/wp\/v2\/pages\/3371\/revisions"}],"predecessor-version":[{"id":3435,"href":"https:\/\/agora.xtec.cat\/ceip-fontroure\/wp-json\/wp\/v2\/pages\/3371\/revisions\/3435"}],"up":[{"embeddable":true,"href":"https:\/\/agora.xtec.cat\/ceip-fontroure\/wp-json\/wp\/v2\/pages\/3338"}],"wp:attachment":[{"href":"https:\/\/agora.xtec.cat\/ceip-fontroure\/wp-json\/wp\/v2\/media?parent=3371"}],"curies":[{"name":"wp","href":"https:\/\/api.w.org\/{rel}","templated":true}]}}

<p style="text-align: justify;"><em>“L’edat d’aprendre a llegir i a escriure comprèn una franja àmplia, que va dels tres als set anys. Cada nen i cada nena seguirà el seu procés al llarg de més o menys temps dins d’aquesta franja d’edat, i el fet d’entendre com funciona el codi, als cinc anys o als set anys, no condiciona de cap manera que després siguin bons escriptors i escriptores.” </em>Montserrat Fons</p>
<p>Fer un bon acompanyament en l’aprenentatge de la lectura i l’escriptura requereix conèixer els infants i les diferents etapes per les quals aniran passant en el seu procés individual de construcció d’aquests aprenentatges.</p>
<p><iframe loading="lazy" src="https://drive.google.com/file/d/0B46_aM1R06eLazFCd0llWjFGOUU/preview?resourcekey=0-SZb7BDjwAHOIeWDECwaF5A" width="640" height="480"><span data-mce-type="bookmark" style="display: inline-block; width: 0px; overflow: hidden; line-height: 0;" class="mce_SELRES_start">﻿</span></iframe></p>
<h3><em>“Només podrem desenvolupar de</em><br />
<em>manera significativa els processos que</em><br />
<em>intervenen tant en el llegir com en</em><br />
<em>l’escriure si posem als nens i les nenes</em><br />
<em>en situacions d’ús real de la lectura i</em></h3>
<h3><em>l’escriptura.” (Fons,1999:24).</em></h3>

<p>“L’edat d’aprendre a llegir i a escriure comprèn una franja àmplia, que va dels tres als set anys. Cada nen i cada nena seguirà el seu procés al llarg de més o menys temps dins d’aquesta franja d’edat, i el fet d’entendre com funciona el&hellip;  <a href="https://agora.xtec.cat/ceip-fontroure/metodologia-de-centre/aprendre-a-llegir-i-a-escriure/" title="Read Aprendre a llegir i a escriure.">Llegeix més»</a></p>
