{"id":34,"date":"2014-09-18T12:32:18","date_gmt":"2014-09-18T11:32:18","guid":{"rendered":"http:\/\/agora.xtec.cat\/ceip-fontfreda\/?page_id=34"},"modified":"2018-02-19T13:02:22","modified_gmt":"2018-02-19T12:02:22","slug":"oferta-educativa","status":"publish","type":"page","link":"https:\/\/agora.xtec.cat\/ceip-fontfreda\/lescola\/oferta-educativa\/","title":{"rendered":"Trets d&#8217;identitat"},"content":{"rendered":"<h3 class=\"post-title entry-title\"><\/h3>\n<div class=\"post-header\"><\/div>\n<div id=\"post-body-1469736345852327387\" class=\"post-body entry-content\"><b><u>OBJECTIUS GENERALS<\/u><\/b><\/p>\n<p><i>La nostra escola t\u00e9 uns principis fonamentals al voltant dels quals desenvolupem la tasca docent. Ens proposem:<\/i><\/p>\n<ul>\n<li><span lang=\"CA\">Fer possible i garantir el proc\u00e9s de creixement personal de tots i cadascun dels alumnes perqu\u00e8 puguin ser persones lliures, responsables i independents.<\/span><\/li>\n<\/ul>\n<ul>\n<li><span lang=\"CA\">Potenciar l\u2019educaci\u00f3 en el respecte, la conviv\u00e8ncia i la solidaritat.\u00a0\u00a0Fomentar una actitud responsable i de respecte al medi natural.<\/span><\/li>\n<\/ul>\n<ul>\n<li><span lang=\"CA\">Posar les condicions necess\u00e0ries perqu\u00e8 tots els alumnes desenvolupin les seves m\u00e0ximes capacitats i aptituds per poder comprendre la realitat que els envolta, i aix\u00ed, poder-hi intervenir.<\/span><\/li>\n<\/ul>\n<ul>\n<li><span lang=\"CA\">Fomentar un proc\u00e9s d\u2019ensenyament \u2013 aprenentatge on els alumnes siguin els protagonistes actius de la construcci\u00f3 dels seus propis coneixements.<\/span><\/li>\n<\/ul>\n<ul>\n<li><span lang=\"CA\">Promoure la llengua catalana com a llengua d\u2019\u00fas i de comunicaci\u00f3 en la vida quotidiana de l\u2019escola, la llengua base d\u2019aprenentatge i la pr\u00f2pia de l\u2019ensenyament. Desenvolupar un projecte pluriling\u00fce coordinat que ha de garantir la compet\u00e8ncia b\u00e0sica en l\u2019\u00fas de la llengua catalana, la llengua castellana i\u00a0\u00a0la llengua anglesa (des de P \u2013 3).<\/span><\/li>\n<\/ul>\n<ul>\n<li><span lang=\"CA\">Considerar l\u2019educaci\u00f3 una responsabilitat compartida entre tots els agents que hi intervenen (fam\u00edlia, mestres, educadors i personal no docent). Per aquesta ra\u00f3 cal afavorir la comunicaci\u00f3 i la participaci\u00f3 de tots els membres de la comunitat escolar, tant a nivell individual com a trav\u00e9s dels \u00f2rgans corresponents (AMPA i Consell Escolar).<\/span><\/li>\n<\/ul>\n<ul>\n<li><span lang=\"CA\">Potenciar la formaci\u00f3 art\u00edstica integral (visual, pl\u00e0stica i musical). L\u2019ensenyament musical s\u2019imparteix, per una mestra especialista, des de P \u2013 3.<\/span><\/li>\n<\/ul>\n<ul>\n<li><span lang=\"CA\">Afavorir la introducci\u00f3 de les noves tecnologies com a eina d\u2019aprenentatge des de P \u2013 3.<\/span><\/li>\n<\/ul>\n<p><span lang=\"CA\">En resum, entenem la nostra tasca docent com el resultat d\u2019un treball de discussi\u00f3, reflexi\u00f3, coordinaci\u00f3 i consens de l\u2019equip de mestres, amb la voluntat d\u2019oferir una l\u00ednea de treball coherent. Som receptius a totes aquelles estrat\u00e8gies i metodologies que ens han de proporcionar els resultats m\u00e9s \u00f2ptims d\u2019acord amb els processos d\u2019avaluaci\u00f3.\u00a0\u00a0\u00a0\u00a0<\/span><\/p>\n<\/div>\n","protected":false},"excerpt":{"rendered":"<p>OBJECTIUS GENERALS<br \/>\nLa nostra escola t\u00e9 uns principis fonamentals al voltant dels quals desenvolupem la tasca docent. Ens proposem:<\/p>\n<ul>\n<li>Fer possible i garantir el proc\u00e9s de creixement personal de tots i cadascun dels alumnes perqu\u00e8 puguin ser persones lliures, responsables i independents.<\/li>\n<\/ul>\n<ul>\n<li>Potenciar l\u2019educaci\u00f3 en el respecte, la&hellip;  <a href=\"https:\/\/agora.xtec.cat\/ceip-fontfreda\/lescola\/oferta-educativa\/\" title=\"Read Trets d&#8217;identitat\">Llegeix m\u00e9s\u00bb<\/a><br \/>\n","protected":false},"author":1,"featured_media":0,"parent":22,"menu_order":60,"comment_status":"closed","ping_status":"closed","template":"page-templates\/side-menu.php","meta":{"_bbp_topic_count":0,"_bbp_reply_count":0,"_bbp_total_topic_count":0,"_bbp_total_reply_count":0,"_bbp_voice_count":0,"_bbp_anonymous_reply_count":0,"_bbp_topic_count_hidden":0,"_bbp_reply_count_hidden":0,"_bbp_forum_subforum_count":0,"footnotes":""},"class_list":["post-34","page","type-page","status-publish","hentry"],"post_mailing_queue_ids":[],"_links":{"self":[{"href":"https:\/\/agora.xtec.cat\/ceip-fontfreda\/wp-json\/wp\/v2\/pages\/34","targetHints":{"allow":["GET"]}}],"collection":[{"href":"https:\/\/agora.xtec.cat\/ceip-fontfreda\/wp-json\/wp\/v2\/pages"}],"about":[{"href":"https:\/\/agora.xtec.cat\/ceip-fontfreda\/wp-json\/wp\/v2\/types\/page"}],"author":[{"embeddable":true,"href":"https:\/\/agora.xtec.cat\/ceip-fontfreda\/wp-json\/wp\/v2\/users\/1"}],"replies":[{"embeddable":true,"href":"https:\/\/agora.xtec.cat\/ceip-fontfreda\/wp-json\/wp\/v2\/comments?post=34"}],"version-history":[{"count":2,"href":"https:\/\/agora.xtec.cat\/ceip-fontfreda\/wp-json\/wp\/v2\/pages\/34\/revisions"}],"predecessor-version":[{"id":257,"href":"https:\/\/agora.xtec.cat\/ceip-fontfreda\/wp-json\/wp\/v2\/pages\/34\/revisions\/257"}],"up":[{"embeddable":true,"href":"https:\/\/agora.xtec.cat\/ceip-fontfreda\/wp-json\/wp\/v2\/pages\/22"}],"wp:attachment":[{"href":"https:\/\/agora.xtec.cat\/ceip-fontfreda\/wp-json\/wp\/v2\/media?parent=34"}],"curies":[{"name":"wp","href":"https:\/\/api.w.org\/{rel}","templated":true}]}}

<h3 class="post-title entry-title"></h3>
<div class="post-header"></div>
<div id="post-body-1469736345852327387" class="post-body entry-content"><b><u>OBJECTIUS GENERALS</u></b></p>
<p><i>La nostra escola té uns principis fonamentals al voltant dels quals desenvolupem la tasca docent. Ens proposem:</i></p>
<ul>
<li><span lang="CA">Fer possible i garantir el procés de creixement personal de tots i cadascun dels alumnes perquè puguin ser persones lliures, responsables i independents.</span></li>
</ul>
<ul>
<li><span lang="CA">Potenciar l’educació en el respecte, la convivència i la solidaritat.  Fomentar una actitud responsable i de respecte al medi natural.</span></li>
</ul>
<ul>
<li><span lang="CA">Posar les condicions necessàries perquè tots els alumnes desenvolupin les seves màximes capacitats i aptituds per poder comprendre la realitat que els envolta, i així, poder-hi intervenir.</span></li>
</ul>
<ul>
<li><span lang="CA">Fomentar un procés d’ensenyament – aprenentatge on els alumnes siguin els protagonistes actius de la construcció dels seus propis coneixements.</span></li>
</ul>
<ul>
<li><span lang="CA">Promoure la llengua catalana com a llengua d’ús i de comunicació en la vida quotidiana de l’escola, la llengua base d’aprenentatge i la pròpia de l’ensenyament. Desenvolupar un projecte plurilingüe coordinat que ha de garantir la competència bàsica en l’ús de la llengua catalana, la llengua castellana i  la llengua anglesa (des de P – 3).</span></li>
</ul>
<ul>
<li><span lang="CA">Considerar l’educació una responsabilitat compartida entre tots els agents que hi intervenen (família, mestres, educadors i personal no docent). Per aquesta raó cal afavorir la comunicació i la participació de tots els membres de la comunitat escolar, tant a nivell individual com a través dels òrgans corresponents (AMPA i Consell Escolar).</span></li>
</ul>
<ul>
<li><span lang="CA">Potenciar la formació artística integral (visual, plàstica i musical). L’ensenyament musical s’imparteix, per una mestra especialista, des de P – 3.</span></li>
</ul>
<ul>
<li><span lang="CA">Afavorir la introducció de les noves tecnologies com a eina d’aprenentatge des de P – 3.</span></li>
</ul>
<p><span lang="CA">En resum, entenem la nostra tasca docent com el resultat d’un treball de discussió, reflexió, coordinació i consens de l’equip de mestres, amb la voluntat d’oferir una línea de treball coherent. Som receptius a totes aquelles estratègies i metodologies que ens han de proporcionar els resultats més òptims d’acord amb els processos d’avaluació.    </span></p>
</div>

<p>OBJECTIUS GENERALS<br />
La nostra escola té uns principis fonamentals al voltant dels quals desenvolupem la tasca docent. Ens proposem:</p>
<ul>
<li>Fer possible i garantir el procés de creixement personal de tots i cadascun dels alumnes perquè puguin ser persones lliures, responsables i independents.</li>
</ul>
<ul>
<li>Potenciar l’educació en el respecte, la&hellip;  <a href="https://agora.xtec.cat/ceip-fontfreda/lescola/oferta-educativa/" title="Read Trets d&#8217;identitat">Llegeix més»</a><br />
