{"id":30,"date":"2014-09-18T12:30:23","date_gmt":"2014-09-18T11:30:23","guid":{"rendered":"http:\/\/agora.xtec.cat\/ceip-fontfreda\/?page_id=30"},"modified":"2025-09-09T17:08:45","modified_gmt":"2025-09-09T15:08:45","slug":"instal%c2%b7lacions","status":"publish","type":"page","link":"https:\/\/agora.xtec.cat\/ceip-fontfreda\/lescola\/instal%c2%b7lacions\/","title":{"rendered":"Instal\u00b7lacions"},"content":{"rendered":"<p>L\u2019escola est\u00e0 composada per diferents edificis i espais amplis i ben il\u00b7luminats:<\/p>\n<ul>\n<li>L&#8217;Edifici de direcci\u00f3<\/li>\n<li>L&#8217;Edifici escolar<\/li>\n<li>El pavell\u00f3 esportiu<\/li>\n<li>La caseta de l&#8217;AFA<\/li>\n<li>Els patis i l&#8217;hort<\/li>\n<\/ul>\n<p>A l\u2019edifici de Direcci\u00f3 s\u2019hi troba la Secretaria de l\u2019escola, els despatxos de la Directora i de la Cap d\u2019estudis, les sales d\u2019entrevistes, de reunions i de reprografia.<br \/>\nA l\u2019edifici escolar hi ha ubicades:<\/p>\n<p><u>Planta baixa<\/u>:<br \/>\n\u00b7 Biblioteca<br \/>\n\u00b7 Menjador i cuina<br \/>\n\u00b7 Sala d&#8217;actes<br \/>\n\u00b7 3 aules d&#8217;Educaci\u00f3 infantil<br \/>\n\u00b7 2 aules d&#8217;usos m\u00faltiples<br \/>\n\u00b7 1 aula dormitori de I-3<br \/>\n\u00b7 1 aula SIEI<br \/>\n\u00b7 3 lavabos<br \/>\n\u00b7 2 tutories<\/p>\n<p><u>Primera planta<\/u>:<br \/>\n\u00b7 9 aules d\u2019Educaci\u00f3 Prim\u00e0ria<br \/>\n\u00b7 1 aula Polivalent<br \/>\n\u00b7 1 aula de m\u00fasica<br \/>\n\u00b7 1 aula d\u2019inform\u00e0tica<br \/>\n\u00b7 1 aula d&#8217;escacs\/audiovisuals<br \/>\n\u00b7 2 lavabos<br \/>\n\u00b7 3 tutories<\/p>\n<p>\u00b7 1 Aula d&#8217;acollida<\/p>\n<p>Els passadissos s\u00f3n for\u00e7a amplis i configuren espais que s\u2019utilitzen per a fer racons, tallers, activitats de petit grup o de pl\u00e0stica.<\/p>\n<p>El pavell\u00f3 esportiu \u00e9s un edifici independent on hi trobem una pista poliesportiva amb parquet, els vestidors i lavabos i els espais on s\u2019emmagatzema el material esportiu i de psicomotricitat.<br \/>\nL\u2019antiga casa del conserge \u00e9s la seu de l\u2019Associaci\u00f3 de Fam\u00edlies. Tots els espais gaudeixen de calefacci\u00f3 i disposen en algunes finestres de mosquiteres.<\/p>\n<p>Els patis ocupen una gran extensi\u00f3 del territori de l\u2019escola. Al pati de Prim\u00e0ria hi ha tres pistes poliesportives, l&#8217;hort i una zona de terra que omple el voltant de les pistes. Hi ha nombrosos arbres, encara joves i de cap\u00e7ada petita. Infantil t\u00e9 el seu propi pati.<\/p>\n<h3 class=\"post-title entry-title\"><\/h3>\n","protected":false},"excerpt":{"rendered":"<p>L\u2019escola est\u00e0 composada per diferents edificis i espais amplis i ben il\u00b7luminats:<\/p>\n<ul>\n<li>L&#8217;Edifici de direcci\u00f3<\/li>\n<li>L&#8217;Edifici escolar<\/li>\n<li>El pavell\u00f3 esportiu<\/li>\n<li>La caseta de l&#8217;AFA<\/li>\n<li>Els patis i l&#8217;hort<\/li>\n<\/ul>\n<p>A l\u2019edifici de Direcci\u00f3 s\u2019hi troba la Secretaria de l\u2019escola, els despatxos de la Directora i de la Cap d\u2019estudis, les sales d\u2019entrevistes,&hellip;  <a href=\"https:\/\/agora.xtec.cat\/ceip-fontfreda\/lescola\/instal%c2%b7lacions\/\" title=\"Read Instal\u00b7lacions\">Llegeix m\u00e9s\u00bb<\/a><\/p>\n","protected":false},"author":1,"featured_media":0,"parent":22,"menu_order":40,"comment_status":"closed","ping_status":"closed","template":"page-templates\/side-menu.php","meta":{"_bbp_topic_count":0,"_bbp_reply_count":0,"_bbp_total_topic_count":0,"_bbp_total_reply_count":0,"_bbp_voice_count":0,"_bbp_anonymous_reply_count":0,"_bbp_topic_count_hidden":0,"_bbp_reply_count_hidden":0,"_bbp_forum_subforum_count":0,"footnotes":""},"class_list":["post-30","page","type-page","status-publish","hentry"],"post_mailing_queue_ids":[],"_links":{"self":[{"href":"https:\/\/agora.xtec.cat\/ceip-fontfreda\/wp-json\/wp\/v2\/pages\/30","targetHints":{"allow":["GET"]}}],"collection":[{"href":"https:\/\/agora.xtec.cat\/ceip-fontfreda\/wp-json\/wp\/v2\/pages"}],"about":[{"href":"https:\/\/agora.xtec.cat\/ceip-fontfreda\/wp-json\/wp\/v2\/types\/page"}],"author":[{"embeddable":true,"href":"https:\/\/agora.xtec.cat\/ceip-fontfreda\/wp-json\/wp\/v2\/users\/1"}],"replies":[{"embeddable":true,"href":"https:\/\/agora.xtec.cat\/ceip-fontfreda\/wp-json\/wp\/v2\/comments?post=30"}],"version-history":[{"count":6,"href":"https:\/\/agora.xtec.cat\/ceip-fontfreda\/wp-json\/wp\/v2\/pages\/30\/revisions"}],"predecessor-version":[{"id":11474,"href":"https:\/\/agora.xtec.cat\/ceip-fontfreda\/wp-json\/wp\/v2\/pages\/30\/revisions\/11474"}],"up":[{"embeddable":true,"href":"https:\/\/agora.xtec.cat\/ceip-fontfreda\/wp-json\/wp\/v2\/pages\/22"}],"wp:attachment":[{"href":"https:\/\/agora.xtec.cat\/ceip-fontfreda\/wp-json\/wp\/v2\/media?parent=30"}],"curies":[{"name":"wp","href":"https:\/\/api.w.org\/{rel}","templated":true}]}}

<p>L’escola està composada per diferents edificis i espais amplis i ben il·luminats:</p>
<ul>
<li>L&#8217;Edifici de direcció</li>
<li>L&#8217;Edifici escolar</li>
<li>El pavelló esportiu</li>
<li>La caseta de l&#8217;AFA</li>
<li>Els patis i l&#8217;hort</li>
</ul>
<p>A l’edifici de Direcció s’hi troba la Secretaria de l’escola, els despatxos de la Directora i de la Cap d’estudis, les sales d’entrevistes, de reunions i de reprografia.<br />
A l’edifici escolar hi ha ubicades:</p>
<p><u>Planta baixa</u>:<br />
· Biblioteca<br />
· Menjador i cuina<br />
· Sala d&#8217;actes<br />
· 3 aules d&#8217;Educació infantil<br />
· 2 aules d&#8217;usos múltiples<br />
· 1 aula dormitori de I-3<br />
· 1 aula SIEI<br />
· 3 lavabos<br />
· 2 tutories</p>
<p><u>Primera planta</u>:<br />
· 9 aules d’Educació Primària<br />
· 1 aula Polivalent<br />
· 1 aula de música<br />
· 1 aula d’informàtica<br />
· 1 aula d&#8217;escacs/audiovisuals<br />
· 2 lavabos<br />
· 3 tutories</p>
<p>· 1 Aula d&#8217;acollida</p>
<p>Els passadissos són força amplis i configuren espais que s’utilitzen per a fer racons, tallers, activitats de petit grup o de plàstica.</p>
<p>El pavelló esportiu és un edifici independent on hi trobem una pista poliesportiva amb parquet, els vestidors i lavabos i els espais on s’emmagatzema el material esportiu i de psicomotricitat.<br />
L’antiga casa del conserge és la seu de l’Associació de Famílies. Tots els espais gaudeixen de calefacció i disposen en algunes finestres de mosquiteres.</p>
<p>Els patis ocupen una gran extensió del territori de l’escola. Al pati de Primària hi ha tres pistes poliesportives, l&#8217;hort i una zona de terra que omple el voltant de les pistes. Hi ha nombrosos arbres, encara joves i de capçada petita. Infantil té el seu propi pati.</p>
<h3 class="post-title entry-title"></h3>

<p>L’escola està composada per diferents edificis i espais amplis i ben il·luminats:</p>
<ul>
<li>L&#8217;Edifici de direcció</li>
<li>L&#8217;Edifici escolar</li>
<li>El pavelló esportiu</li>
<li>La caseta de l&#8217;AFA</li>
<li>Els patis i l&#8217;hort</li>
</ul>
<p>A l’edifici de Direcció s’hi troba la Secretaria de l’escola, els despatxos de la Directora i de la Cap d’estudis, les sales d’entrevistes,&hellip;  <a href="https://agora.xtec.cat/ceip-fontfreda/lescola/instal%c2%b7lacions/" title="Read Instal·lacions">Llegeix més»</a></p>
