{"id":24,"date":"2014-09-18T12:23:15","date_gmt":"2014-09-18T11:23:15","guid":{"rendered":"http:\/\/agora.xtec.cat\/ceip-fontfreda\/?page_id=24"},"modified":"2023-12-19T14:08:22","modified_gmt":"2023-12-19T13:08:22","slug":"on-som","status":"publish","type":"page","link":"https:\/\/agora.xtec.cat\/ceip-fontfreda\/lescola\/on-som\/","title":{"rendered":"On som"},"content":{"rendered":"<p>Montcada i Reixac \u00e9s un municipi de la comarca del Vall\u00e8s Occidental que ocupa una superf\u00edcie de 23,34 Km2. Es troba al nord del pas de Finestrelles, per on el Bes\u00f2s s\u2019obre pas a trav\u00e9s de la Serralada Litoral de cam\u00ed vers el Pla de Barcelona. Limita amb les comarques del Vall\u00e8s Oriental i del Barcelon\u00e8s a una dist\u00e0ncia aproximada de 6 quil\u00f2metres de Barcelona.\u00a0Pel seu terme hi passen, a m\u00e9s a m\u00e9s del Bes\u00f2s, el riu Ripoll i el seu afluent la riera de Sant Cugat. La part meridional del municipi \u00e9s accidentada per la pres\u00e8ncia de la Serralada Litoral.<\/p>\n<p>Tanmateix, el que ha condicionat l\u2019evoluci\u00f3 del municipi \u00e9s el corredor natural obert pel riu, doncs comunica el Vall\u00e8s i una bona part de la Catalunya interior amb Barcelona. Aquesta configuraci\u00f3 natural ha estat aprofitada per a construir algunes de les vies de comunicaci\u00f3 m\u00e9s importants del territori la qual cosa d\u00f3na una aparen\u00e7a molt caracter\u00edstica al territori.<\/p>\n<p>La nostra escola est\u00e0 situada en el barri de MONTCADA NOVA, un dels deu barris que formen la poblaci\u00f3 de Montcada i Reixac. Es troba a l\u2019\u00e0rea m\u00e9s planera al nord de la localitat, \u00a0enmig de la depressi\u00f3 del Vall\u00e8s i a tocar del riu Bes\u00f2s.\u00a0Aquest \u00e9s una zona \u00a0de nova urbanitzaci\u00f3 en la qual, s\u2019ha constru\u00eft una zona residencial que ha substitu\u00eft l\u2019antiga ocupaci\u00f3 del territori. Hi destaca, a part del conjunt de noves resid\u00e8ncies, el pavell\u00f3 municipal.<\/p>\n<p>Actualment, l\u2019espai proper a l\u2019escola est\u00e0 afectat com a conseq\u00fc\u00e8ncia de les obres del tren d\u2019alta velocitat, doncs just \u00e9s el punt on comen\u00e7a el t\u00fanel que l\u2019ha de conduir a Barcelona per sota de la cru\u00eflla dels rius.<\/p>\n<p><span id=\"tar-nomCentre\">Escola Font Freda <\/span><span class=\"street-address\">C. Francesc Layret, s\/n <\/span><span class=\"postal-code\">08110<\/span>\u00a0<span class=\"locality\">Montcada i Reixac<\/span><\/p>\n<p><a href=\"https:\/\/agora.xtec.cat\/ceip-fontfreda\/wp-content\/uploads\/usu813\/2023\/12\/mapa.jpg\"><img loading=\"lazy\" decoding=\"async\" class=\"alignnone size-large wp-image-10795\" src=\"https:\/\/agora.xtec.cat\/ceip-fontfreda\/wp-content\/uploads\/usu813\/2023\/12\/mapa-1024x537.jpg\" alt=\"\" width=\"1024\" height=\"537\" srcset=\"https:\/\/agora.xtec.cat\/ceip-fontfreda\/wp-content\/uploads\/usu813\/2023\/12\/mapa-1024x537.jpg 1024w, https:\/\/agora.xtec.cat\/ceip-fontfreda\/wp-content\/uploads\/usu813\/2023\/12\/mapa-300x157.jpg 300w, https:\/\/agora.xtec.cat\/ceip-fontfreda\/wp-content\/uploads\/usu813\/2023\/12\/mapa-768x403.jpg 768w, https:\/\/agora.xtec.cat\/ceip-fontfreda\/wp-content\/uploads\/usu813\/2023\/12\/mapa.jpg 1123w\" sizes=\"auto, (max-width: 1024px) 100vw, 1024px\" \/><\/a><\/p>\n","protected":false},"excerpt":{"rendered":"<p>Montcada i Reixac \u00e9s un municipi de la comarca del Vall\u00e8s Occidental que ocupa una superf\u00edcie de 23,34 Km2. Es troba al nord del pas de Finestrelles, per on el Bes\u00f2s s\u2019obre pas a trav\u00e9s de la Serralada Litoral de cam\u00ed vers el Pla de&hellip;  <a href=\"https:\/\/agora.xtec.cat\/ceip-fontfreda\/lescola\/on-som\/\" title=\"Read On som\">Llegeix m\u00e9s\u00bb<\/a><\/p>\n","protected":false},"author":1,"featured_media":0,"parent":22,"menu_order":10,"comment_status":"closed","ping_status":"closed","template":"page-templates\/side-menu.php","meta":{"_bbp_topic_count":0,"_bbp_reply_count":0,"_bbp_total_topic_count":0,"_bbp_total_reply_count":0,"_bbp_voice_count":0,"_bbp_anonymous_reply_count":0,"_bbp_topic_count_hidden":0,"_bbp_reply_count_hidden":0,"_bbp_forum_subforum_count":0,"footnotes":""},"class_list":["post-24","page","type-page","status-publish","hentry"],"post_mailing_queue_ids":[],"_links":{"self":[{"href":"https:\/\/agora.xtec.cat\/ceip-fontfreda\/wp-json\/wp\/v2\/pages\/24","targetHints":{"allow":["GET"]}}],"collection":[{"href":"https:\/\/agora.xtec.cat\/ceip-fontfreda\/wp-json\/wp\/v2\/pages"}],"about":[{"href":"https:\/\/agora.xtec.cat\/ceip-fontfreda\/wp-json\/wp\/v2\/types\/page"}],"author":[{"embeddable":true,"href":"https:\/\/agora.xtec.cat\/ceip-fontfreda\/wp-json\/wp\/v2\/users\/1"}],"replies":[{"embeddable":true,"href":"https:\/\/agora.xtec.cat\/ceip-fontfreda\/wp-json\/wp\/v2\/comments?post=24"}],"version-history":[{"count":5,"href":"https:\/\/agora.xtec.cat\/ceip-fontfreda\/wp-json\/wp\/v2\/pages\/24\/revisions"}],"predecessor-version":[{"id":10797,"href":"https:\/\/agora.xtec.cat\/ceip-fontfreda\/wp-json\/wp\/v2\/pages\/24\/revisions\/10797"}],"up":[{"embeddable":true,"href":"https:\/\/agora.xtec.cat\/ceip-fontfreda\/wp-json\/wp\/v2\/pages\/22"}],"wp:attachment":[{"href":"https:\/\/agora.xtec.cat\/ceip-fontfreda\/wp-json\/wp\/v2\/media?parent=24"}],"curies":[{"name":"wp","href":"https:\/\/api.w.org\/{rel}","templated":true}]}}

<p>Montcada i Reixac és un municipi de la comarca del Vallès Occidental que ocupa una superfície de 23,34 Km2. Es troba al nord del pas de Finestrelles, per on el Besòs s’obre pas a través de la Serralada Litoral de camí vers el Pla de Barcelona. Limita amb les comarques del Vallès Oriental i del Barcelonès a una distància aproximada de 6 quilòmetres de Barcelona. Pel seu terme hi passen, a més a més del Besòs, el riu Ripoll i el seu afluent la riera de Sant Cugat. La part meridional del municipi és accidentada per la presència de la Serralada Litoral.</p>
<p>Tanmateix, el que ha condicionat l’evolució del municipi és el corredor natural obert pel riu, doncs comunica el Vallès i una bona part de la Catalunya interior amb Barcelona. Aquesta configuració natural ha estat aprofitada per a construir algunes de les vies de comunicació més importants del territori la qual cosa dóna una aparença molt característica al territori.</p>
<p>La nostra escola està situada en el barri de MONTCADA NOVA, un dels deu barris que formen la població de Montcada i Reixac. Es troba a l’àrea més planera al nord de la localitat,  enmig de la depressió del Vallès i a tocar del riu Besòs. Aquest és una zona  de nova urbanització en la qual, s’ha construït una zona residencial que ha substituït l’antiga ocupació del territori. Hi destaca, a part del conjunt de noves residències, el pavelló municipal.</p>
<p>Actualment, l’espai proper a l’escola està afectat com a conseqüència de les obres del tren d’alta velocitat, doncs just és el punt on comença el túnel que l’ha de conduir a Barcelona per sota de la cruïlla dels rius.</p>
<p><span id="tar-nomCentre">Escola Font Freda </span><span class="street-address">C. Francesc Layret, s/n </span><span class="postal-code">08110</span> <span class="locality">Montcada i Reixac</span></p>
<p><a href="https://agora.xtec.cat/ceip-fontfreda/wp-content/uploads/usu813/2023/12/mapa.jpg"><img loading="lazy" decoding="async" class="alignnone size-large wp-image-10795" src="https://agora.xtec.cat/ceip-fontfreda/wp-content/uploads/usu813/2023/12/mapa-1024x537.jpg" alt="" width="1024" height="537" srcset="https://agora.xtec.cat/ceip-fontfreda/wp-content/uploads/usu813/2023/12/mapa-1024x537.jpg 1024w, https://agora.xtec.cat/ceip-fontfreda/wp-content/uploads/usu813/2023/12/mapa-300x157.jpg 300w, https://agora.xtec.cat/ceip-fontfreda/wp-content/uploads/usu813/2023/12/mapa-768x403.jpg 768w, https://agora.xtec.cat/ceip-fontfreda/wp-content/uploads/usu813/2023/12/mapa.jpg 1123w" sizes="auto, (max-width: 1024px) 100vw, 1024px" /></a></p>

<p>Montcada i Reixac és un municipi de la comarca del Vallès Occidental que ocupa una superfície de 23,34 Km2. Es troba al nord del pas de Finestrelles, per on el Besòs s’obre pas a través de la Serralada Litoral de camí vers el Pla de&hellip;  <a href="https://agora.xtec.cat/ceip-fontfreda/lescola/on-som/" title="Read On som">Llegeix més»</a></p>
