{"id":73,"date":"2014-09-18T14:01:51","date_gmt":"2014-09-18T13:01:51","guid":{"rendered":"http:\/\/agora.xtec.cat\/ceip-folchitorres\/?page_id=73"},"modified":"2024-07-10T12:16:42","modified_gmt":"2024-07-10T10:16:42","slug":"menjador-escolar","status":"publish","type":"page","link":"https:\/\/agora.xtec.cat\/ceip-folchitorres\/serveis\/menjador-escolar\/","title":{"rendered":"Menjador escolar"},"content":{"rendered":"<p><strong>De 12&#8217;30 a 15 h.<\/strong> les fam\u00edlies que ho necessiteu podeu comptar amb un <strong>servei de menjador administrat per l&#8217;AFA,<\/strong> on els alumnes s\u00f3n atesos per monitores titulades.<\/p>\n<p>Cada edifici t\u00e9 el seu menjador, amb mobiliari i estris <strong>adaptats a les edats dels alumnes.<\/strong><\/p>\n<p>En l&#8217;edifici Folch hi ha una<strong> cuina pr\u00f2pia de l&#8217;escola<\/strong> on es reben di\u00e0riament els aliments sense processar, i s\u00f3n cuinats per les nostres cuineres per tal que els alumnes puguin dinar<strong> menjar casol\u00e0 acabat de fer.<\/strong><\/p>\n<h4><em>Els men\u00fas<\/em><\/h4>\n<p>Els men\u00fas s\u00f3n <strong>elaborats per una dietista-nutricionista col\u00b7legiada<\/strong>,de l&#8217;empresa <strong>Fundesplai.<\/strong><\/p>\n<p>No nom\u00e9s s\u00f3n pensats per les edats dels alumnes i les seves necessitats, sin\u00f3 que tamb\u00e9 es t\u00e9 en compte que siguin <strong>variats<\/strong>, que c<strong>ompleixin la pir\u00e0mide nutricional<\/strong>, que s&#8217;utilitzin\u00a0<strong>aliments de temporada<\/strong>, i que siguin de<strong> km.0<\/strong>.<\/p>\n<p>L&#8217;arr\u00f2s, les llenties, els cigrons i les mongetes seques, pertanyen al Consell Catal\u00e0 de la Producci\u00f3 Agr\u00e0ria Ecol\u00f2gica, i els productes l\u00e0ctics s\u00f3n de la marca La Fageda.<\/p>\n<p><strong>Aquest men\u00fa canvia cada mes.<\/strong> Els mesos que hi ha algun <strong>esdeveniment tradicional<\/strong> que comporta un menjar t\u00edpic o simplement, per celebrar la festivitat (Sant Jordi, la Castanyada, Dijous Gras, &#8230;), es t\u00e9 en compte a l&#8217;hora de planificar els men\u00fas.<\/p>\n<p><strong>La direcci\u00f3 del centre<\/strong> els envia per correu perqu\u00e8 els pogueu consultar. Tamb\u00e9 s&#8217;envien <strong>recomanacions de men\u00fa<\/strong> que podeu fer per sopar per tal de completar una dieta mediterr\u00e0nia i equilibrada.<\/p>\n<h4><em>M\u00e9s informaci\u00f3<\/em><\/h4>\n<p>Per a m\u00e9s informaci\u00f3, podeu preguntar al<strong> despatx de l&#8217;AFA<\/strong> situat a l&#8217;edifici Folch (carrer Folch i Torres) <strong>de 9 a 12 h.<\/strong> o trucant al n\u00famero<strong> 93.863.90.26<\/strong>.<\/p>\n<p>&nbsp;<\/p>\n","protected":false},"excerpt":{"rendered":"<p>De 12&#8217;30 a 15 h. les fam\u00edlies que ho necessiteu podeu comptar amb un servei de menjador administrat per l&#8217;AFA, on els alumnes s\u00f3n atesos per monitores titulades.<br \/>\nCada edifici t\u00e9 el seu menjador, amb mobiliari i estris adaptats a les edats dels alumnes.<br \/>\nEn l&#8217;edifici Folch&hellip;  <a href=\"https:\/\/agora.xtec.cat\/ceip-folchitorres\/serveis\/menjador-escolar\/\" title=\"Read Menjador escolar\">Llegeix m\u00e9s\u00bb<\/a><\/p>\n","protected":false},"author":1,"featured_media":0,"parent":66,"menu_order":30,"comment_status":"closed","ping_status":"closed","template":"page-templates\/side-menu.php","meta":{"_bbp_topic_count":0,"_bbp_reply_count":0,"_bbp_total_topic_count":0,"_bbp_total_reply_count":0,"_bbp_voice_count":0,"_bbp_anonymous_reply_count":0,"_bbp_topic_count_hidden":0,"_bbp_reply_count_hidden":0,"_bbp_forum_subforum_count":0,"footnotes":""},"class_list":["post-73","page","type-page","status-publish","hentry"],"post_mailing_queue_ids":[],"_links":{"self":[{"href":"https:\/\/agora.xtec.cat\/ceip-folchitorres\/wp-json\/wp\/v2\/pages\/73","targetHints":{"allow":["GET"]}}],"collection":[{"href":"https:\/\/agora.xtec.cat\/ceip-folchitorres\/wp-json\/wp\/v2\/pages"}],"about":[{"href":"https:\/\/agora.xtec.cat\/ceip-folchitorres\/wp-json\/wp\/v2\/types\/page"}],"author":[{"embeddable":true,"href":"https:\/\/agora.xtec.cat\/ceip-folchitorres\/wp-json\/wp\/v2\/users\/1"}],"replies":[{"embeddable":true,"href":"https:\/\/agora.xtec.cat\/ceip-folchitorres\/wp-json\/wp\/v2\/comments?post=73"}],"version-history":[{"count":4,"href":"https:\/\/agora.xtec.cat\/ceip-folchitorres\/wp-json\/wp\/v2\/pages\/73\/revisions"}],"predecessor-version":[{"id":5859,"href":"https:\/\/agora.xtec.cat\/ceip-folchitorres\/wp-json\/wp\/v2\/pages\/73\/revisions\/5859"}],"up":[{"embeddable":true,"href":"https:\/\/agora.xtec.cat\/ceip-folchitorres\/wp-json\/wp\/v2\/pages\/66"}],"wp:attachment":[{"href":"https:\/\/agora.xtec.cat\/ceip-folchitorres\/wp-json\/wp\/v2\/media?parent=73"}],"curies":[{"name":"wp","href":"https:\/\/api.w.org\/{rel}","templated":true}]}}