{"id":494,"date":"2016-09-28T18:04:14","date_gmt":"2016-09-28T17:04:14","guid":{"rendered":"http:\/\/agora.xtec.cat\/ceip-folchitorres\/?page_id=494"},"modified":"2025-06-27T10:07:25","modified_gmt":"2025-06-27T08:07:25","slug":"trets-didentitat","status":"publish","type":"page","link":"https:\/\/agora.xtec.cat\/ceip-folchitorres\/lescola\/trets-didentitat\/","title":{"rendered":"Trets d\u2019identitat de l\u2019escola FiT!!"},"content":{"rendered":"<p>L\u2019escola Josep Ma Folch i Torres es troba al centre del nostre municipi, Palau-solit\u00e0 i Plegamans. \u00c9s l\u2019escola m\u00e9s antiga del poble i per ella han transitat centenars i centenars d\u2019alumnes i un nombre considerable de mestres. Per tant, \u00e9s una escola arrelada al territori amb una llarga traject\u00f2ria i experi\u00e8ncia docent.<\/p>\n<p>El Folch \u00e9s una escola petita que ofereix un tracte proper i una atenci\u00f3 molt personalitzada, dades claus en les primeres etapes educatives dels infants i element essencial per a l\u2019\u00e8xit i la seva realitzaci\u00f3 personal.<\/p>\n<p>A la nostra escola hi tenim una SIEI on una mestra d\u2019Educaci\u00f3 Especial i una Educadora d\u2019Educaci\u00f3 Especial atenen els alumnes m\u00e9s singulars estimulant la seva evoluci\u00f3 i afavorint la relaci\u00f3 amb els altres.<\/p>\n<p>Una mestra d\u2019Educaci\u00f3 Especial, una mestra d\u2019Audici\u00f3 i Llenguatge i una vetlladora donen suport als alumnes que ho necessiten acompanyant-los en el seu dia a dia perqu\u00e8 agafin autonomia i confian\u00e7a.<\/p>\n<p>El Folch compta amb dos edificis independents: l\u2019edifici de Carrerada per a Educaci\u00f3 Infantil i l\u2019edifici del C\/Folch i Torres per a la resta de Prim\u00e0ria. \u00c9s una escola amb molts espais i grans patis. Aquesta amplitud f\u00edsica possibilita la realitzaci\u00f3 de moltes actuacions.<\/p>\n<p>Des de fa temps, el Folch s\u2019est\u00e0 renovant i implementant processos de millora.<\/p>\n<p><strong>El\u00a0catal\u00e0 \u00e9s la llengua vehicular i d\u2019aprenentatge de la nostra escola. Tamb\u00e9 estem implementant estrat\u00e8gies perqu\u00e8 esdevingui veritablement la primera llengua d&#8217;\u00fas social.<\/strong><\/p>\n<h2><strong><u>Infantil<\/u><\/strong><\/h2>\n<ul style=\"list-style-type: disc;\">\n<li><strong>Projecte d\u2019angl\u00e8s<\/strong> (5 sessions\/setmanals):\n<ul style=\"list-style-type: disc;\">\n<li>Narraci\u00f3 d\u2019un conte (1sessi\u00f3)<\/li>\n<li>Realitzaci\u00f3 d\u2019una activitat pl\u00e0stica (1 sessi\u00f3)<\/li>\n<li>Activitats de preguntes\/respostes\/jocs (1 sessi\u00f3)<\/li>\n<li>Teatre (2 sessions)<\/li>\n<\/ul>\n<\/li>\n<\/ul>\n<p>Aquest projecte s\u2019implementa a tots els nivells d\u2019educaci\u00f3 infantil i totes les actuacions es realitzen en angl\u00e8s.<\/p>\n<ul>\n<li><strong>Treball per projectes o propostes globalitzades<\/strong><strong>: <\/strong>treballem per projectes perqu\u00e8 possibiliten l\u2019aprenentatge aut\u00e8ntic, aquell que es produeix quan els aprenents contextualitzen all\u00f2 que aprenen, descobreixen el m\u00f3n en companyia dels altres, s\u2019enfronten al desafiament de plantejar i resoldre problemes reals, dirigeixen la seva pr\u00f2pia indagaci\u00f3 i se sorprenen dels seus triomfs.<\/li>\n<li><strong>Ambients:<\/strong> circulaci\u00f3 lliure, barreja de l\u2019alumnat d\u2019infantil, presentaci\u00f3 i execuci\u00f3 de propostes diverses dins d\u2019\u00e0mbits diferents, reflexi\u00f3 final en rotllana.<\/li>\n<li><strong>Aprenentatge competencial<\/strong> o aprenentatge d\u2019utilitat per a la vida quotidiana i que serveixi per resoldre els problemes\/reptes que aquesta presenta als infants.<\/li>\n<li><strong>Representaci\u00f3 de propostes esc\u00e8niques:<\/strong> teatre, titelles, cant, ball, recitaci\u00f3&#8230;al teatre de la vila i amb les fam\u00edlies com a p\u00fablic.<\/li>\n<li><strong>Celebraci\u00f3 de festivitats pr\u00f2pies de la nostra comunitat i\/o intr\u00ednseques de l\u2019escola<\/strong> ( aniversaris, castanyada, nadal, carnestoltes, Sant Jordi, Sr Josep Ma Folch i Torres&#8230;).<\/li>\n<li><strong>Apadrinament lector<\/strong>: els alumnes m\u00e9s grans acompanyen als m\u00e9s petits en el proc\u00e9s d\u2019aprenentatge de la lectura.<\/li>\n<li><strong>Portes obertes a les fam\u00edlies<\/strong><strong>: <\/strong>es convida al llarg del curs a les fam\u00edlies a entrar dins les aules en qualitat d\u2019alumne\/a, espectador\/a o participant a iniciativa de les\/els mestres.<\/li>\n<li><strong>Sortides, teatres&#8230;<\/strong>realitzem una sortida de tot un dia al trimestre i un teatre tamb\u00e9 al trimestre. Dels tres teatres que visualitzen el nostre alumnat al llarg del curs, un \u00e9s en angl\u00e8s.<\/li>\n<li><strong style=\"font-family: inherit; font-size: 1em;\">L\u2019hort<\/strong><strong style=\"font-family: inherit; font-size: 1em;\">:<\/strong><span style=\"font-family: inherit; font-size: 1em;\"> l\u2019hort ofereix als nostres infants d\u2019infantil un context per aprendre a pensar, per educar-los emocionalment, per treballar les habilitats socials i, tot aix\u00f2, englobat en un marc pr\u00e0ctic, vivencial i manipulatiu&#8230; extensi\u00f3 de l\u2019aprenentatge de les ci\u00e8ncies naturals.<\/span><\/li>\n<\/ul>\n<h2><strong><u>Prim\u00e0ria<\/u><\/strong><\/h2>\n<ul style=\"list-style-type: disc;\">\n<li><strong>Projecte d\u2019angl\u00e8s<\/strong> <strong>tamb\u00e9 a 1r<\/strong> (5 sessions\/setmanals):\n<ul style=\"list-style-type: disc;\">\n<li>Narraci\u00f3 d\u2019un conte (1sessi\u00f3)<\/li>\n<li>Realitzaci\u00f3 d\u2019una activitat pl\u00e0stica (1 sessi\u00f3)<\/li>\n<li>Activitats de preguntes\/respostes\/jocs (1 sessi\u00f3)<\/li>\n<li>Teatre (2 sessions)<\/li>\n<\/ul>\n<\/li>\n<li><strong>Treball per projectes (medi):<\/strong> l\u2019alumnat \u00e9s el protagonista del proc\u00e9s d\u2019ensenyament\/aprenentatge. Per aix\u00f2 nosaltres, arrenquem les sessions formulant reptes que elles\/s han de resoldre. Aquest enfocament potencia l\u2019autonomia de l\u2019alumnat, la cooperaci\u00f3, la recerca i la creativitat. Un cop resolt el repte, cadasc\u00fa ha de ser capa\u00e7 de compartir les seves descobertes amb la resta de companyes\/s ja sigui de forma individual o grupal. Tamb\u00e9 estan en disposici\u00f3 de donar respostes als dubtes que altres companyes\/s puguin formular.<\/li>\n<li><strong>Treball cooperatiu:<\/strong> estem implementant el treball cooperatiu perqu\u00e8 \u00e9s una eina d\u2019aprenentatge on els alumnes s\u2019organitzen en petits grups per treballar junts amb la intenci\u00f3 d\u2019aconseguir metes i objectius comuns.<\/li>\n<li><strong>\u00das de dispositius digitals (port\u00e0tils) com a recursos del proc\u00e9s d\u2019ensenyament\/aprenentatge a tots els nivells<\/strong> (al llarg de la setmana, l\u2019alumnat de tots els nivells disposa d\u2019un port\u00e0til\/tauletes per a la realitzaci\u00f3 de tasques escolars com ara recerca d\u2019informaci\u00f3, elaboraci\u00f3 de documents i treballs)<\/li>\n<li><strong style=\"font-family: inherit; font-size: 1em;\">Gimcanes matem\u00e0tiques i<\/strong> <strong style=\"font-family: inherit; font-size: 1em;\">ling\u00fc\u00edstiques: <\/strong><span style=\"font-family: inherit; font-size: 1em;\">s\u00f3n gimcanes on l\u2019alumnat en petits grups posa en pr\u00e0ctica els conceptes treballat a les aules i els valors d\u2019ajut i col\u00b7laboraci\u00f3 entre iguals.<\/span><\/li>\n<li><strong style=\"font-family: inherit; font-size: 1em;\">Representaci\u00f3 de propostes esc\u00e8niques<\/strong><strong style=\"font-family: inherit; font-size: 1em;\">: <\/strong><span style=\"font-family: inherit; font-size: 1em;\">teatre, titelles, danses&#8230; amb les fam\u00edlies com a p\u00fablic.<\/span><\/li>\n<li><strong style=\"font-family: inherit; font-size: 1em;\">Aprenentatge competencial:<\/strong><span style=\"font-family: inherit; font-size: 1em;\"> o aprenentatge d\u2019utilitat per a la vida quotidiana i que serveix per resoldre els problemes\/reptes que aquesta presenta als nens i nenes.<\/span><\/li>\n<li><strong style=\"font-family: inherit; font-size: 1em;\">Celebraci\u00f3 de festivitats pr\u00f2pies de la nostra comunitat i\/o intr\u00ednseques de l\u2019escola<\/strong><span style=\"font-family: inherit; font-size: 1em;\"> ( aniversaris, castanyada, nadal, carnestoltes, Sant Jordi, Sr Josep Ma Folch i Torres&#8230;).<\/span><\/li>\n<li><strong style=\"font-family: inherit; font-size: 1em;\">Apadrinament lector<\/strong><span style=\"font-family: inherit; font-size: 1em;\">: els alumnes m\u00e9s grans acompanyen als m\u00e9s petits en el proc\u00e9s d\u2019aprenentatge de la lectura per refor\u00e7ar el que s\u2019ha apr\u00e8s a classe.<\/span><\/li>\n<li><strong>Portes obertes a les fam\u00edlies<\/strong><strong>: <\/strong>es convida al llarg del curs a les fam\u00edlies a entrar dins les aules en qualitat d\u2019alumne\/a, espectador\/a o participant a iniciativa de les\/els mestres.<\/li>\n<li><strong style=\"font-family: inherit; font-size: 1em;\">Fem sortides, col\u00f2nies <\/strong><span style=\"font-family: inherit; font-size: 1em;\">(2n, 4t),<\/span><strong style=\"font-family: inherit; font-size: 1em;\"> viatge fi de curs <\/strong><span style=\"font-family: inherit; font-size: 1em;\">(6\u00e8),<\/span><strong style=\"font-family: inherit; font-size: 1em;\"> tallers, teatres&#8230;<\/strong><\/li>\n<li><strong style=\"font-family: inherit; font-size: 1em;\">Tots els grups de prim\u00e0ria fan la<\/strong> <strong style=\"font-family: inherit; font-size: 1em;\">PL\u00e0STICA EN ANGL\u00e8S<\/strong><strong style=\"font-family: inherit; font-size: 1em;\"> (ARTS &amp; CRAFTS)<\/strong><\/li>\n<li><strong style=\"font-family: inherit; font-size: 1em;\">HORT ESCOLAR ECOL\u00f2GIC<\/strong> <strong style=\"font-family: inherit; font-size: 1em;\">a 1r i 2n: <\/strong><span style=\"font-family: inherit; font-size: 1em;\">l\u2019hort ofereix als nostres infants un context per aprendre a pensar, per educar-los emocionalment, per treballar les habilitats socials i, tot aix\u00f2, englobat en un marc pr\u00e0ctic, vivencial i manipulatiu&#8230; extensi\u00f3 de l\u2019aprenentatge de les ci\u00e8ncies naturals.<\/span><\/li>\n<li><strong>ROB\u00d2TICA : A partir de 3r es fa una sessi\u00f3 setmanal.<\/strong><\/li>\n<li><strong style=\"font-family: inherit; font-size: 1em;\">R\u00c0DIO a 6\u00e8<\/strong><\/li>\n<\/ul>\n<p><strong><sup>\u00a0<\/sup><\/strong>Els\/les mestres del Folch tenim vocaci\u00f3 de servidors i volem, en tot moment, acompanyar l\u2019alumnat perqu\u00e8 assoleixi els aprenentatges i desenvolupi al m\u00e0xim el seu potencial des de totes les vessants.<\/p>\n<p>Fomentem\u00a0 un ambient de confian\u00e7a que afavoreix l\u2019autoestima i el creixement.<\/p>\n<p>L\u2019escola col\u00b7labora en les activitats on hi participen les entitats del municipi i les escoles de la localitat per potenciar els valors c\u00edvics, \u00e8tics i solidaris que han de conformar el nostre alumnat en futurs adults cr\u00edtics i participatius per a la construcci\u00f3 d\u2019una societat millor.<\/p>\n<p><strong>EL CLAUSTRE<\/strong><\/p>\n<p>&nbsp;<\/p>\n","protected":false},"excerpt":{"rendered":"<p>L\u2019escola Josep Ma Folch i Torres es troba al centre del nostre municipi, Palau-solit\u00e0 i Plegamans. \u00c9s l\u2019escola m\u00e9s antiga del poble i per ella han transitat centenars i centenars d\u2019alumnes i un nombre considerable de mestres. Per tant, \u00e9s una escola arrelada al territori&hellip;  <a href=\"https:\/\/agora.xtec.cat\/ceip-folchitorres\/lescola\/trets-didentitat\/\" title=\"Read Trets d\u2019identitat de l\u2019escola FiT!!\">Llegeix m\u00e9s\u00bb<\/a><\/p>\n","protected":false},"author":1,"featured_media":0,"parent":22,"menu_order":0,"comment_status":"closed","ping_status":"closed","template":"page-templates\/side-menu.php","meta":{"_bbp_topic_count":0,"_bbp_reply_count":0,"_bbp_total_topic_count":0,"_bbp_total_reply_count":0,"_bbp_voice_count":0,"_bbp_anonymous_reply_count":0,"_bbp_topic_count_hidden":0,"_bbp_reply_count_hidden":0,"_bbp_forum_subforum_count":0,"footnotes":""},"class_list":["post-494","page","type-page","status-publish","hentry"],"post_mailing_queue_ids":[],"_links":{"self":[{"href":"https:\/\/agora.xtec.cat\/ceip-folchitorres\/wp-json\/wp\/v2\/pages\/494","targetHints":{"allow":["GET"]}}],"collection":[{"href":"https:\/\/agora.xtec.cat\/ceip-folchitorres\/wp-json\/wp\/v2\/pages"}],"about":[{"href":"https:\/\/agora.xtec.cat\/ceip-folchitorres\/wp-json\/wp\/v2\/types\/page"}],"author":[{"embeddable":true,"href":"https:\/\/agora.xtec.cat\/ceip-folchitorres\/wp-json\/wp\/v2\/users\/1"}],"replies":[{"embeddable":true,"href":"https:\/\/agora.xtec.cat\/ceip-folchitorres\/wp-json\/wp\/v2\/comments?post=494"}],"version-history":[{"count":5,"href":"https:\/\/agora.xtec.cat\/ceip-folchitorres\/wp-json\/wp\/v2\/pages\/494\/revisions"}],"predecessor-version":[{"id":6084,"href":"https:\/\/agora.xtec.cat\/ceip-folchitorres\/wp-json\/wp\/v2\/pages\/494\/revisions\/6084"}],"up":[{"embeddable":true,"href":"https:\/\/agora.xtec.cat\/ceip-folchitorres\/wp-json\/wp\/v2\/pages\/22"}],"wp:attachment":[{"href":"https:\/\/agora.xtec.cat\/ceip-folchitorres\/wp-json\/wp\/v2\/media?parent=494"}],"curies":[{"name":"wp","href":"https:\/\/api.w.org\/{rel}","templated":true}]}}