{"id":477,"date":"2016-09-27T17:50:34","date_gmt":"2016-09-27T16:50:34","guid":{"rendered":"http:\/\/agora.xtec.cat\/ceip-folchitorres\/?page_id=477"},"modified":"2025-06-27T10:28:59","modified_gmt":"2025-06-27T08:28:59","slug":"biografia-den-josep-ma-folch-i-torres","status":"publish","type":"page","link":"https:\/\/agora.xtec.cat\/ceip-folchitorres\/lescola\/biografia-den-josep-ma-folch-i-torres\/","title":{"rendered":"Biografia d&#8217;en Josep M\u00aa Folch i Torres"},"content":{"rendered":"<p>&nbsp;<\/p>\n<p><a href=\"http:\/\/agora.xtec.cat\/ceip-folchitorres\/wp-content\/uploads\/usu170\/2016\/09\/Josep-Maria-Folch-i-Torres.jpg\"><img loading=\"lazy\" decoding=\"async\" class=\"wp-image-525 aligncenter\" src=\"http:\/\/agora.xtec.cat\/ceip-folchitorres\/wp-content\/uploads\/usu170\/2016\/09\/Josep-Maria-Folch-i-Torres-213x300.jpg\" alt=\"josep-maria-folch-i-torres\" width=\"350\" height=\"493\" srcset=\"https:\/\/agora.xtec.cat\/ceip-folchitorres\/wp-content\/uploads\/usu170\/2016\/09\/Josep-Maria-Folch-i-Torres-213x300.jpg 213w, https:\/\/agora.xtec.cat\/ceip-folchitorres\/wp-content\/uploads\/usu170\/2016\/09\/Josep-Maria-Folch-i-Torres-768x1082.jpg 768w, https:\/\/agora.xtec.cat\/ceip-folchitorres\/wp-content\/uploads\/usu170\/2016\/09\/Josep-Maria-Folch-i-Torres-727x1024.jpg 727w, https:\/\/agora.xtec.cat\/ceip-folchitorres\/wp-content\/uploads\/usu170\/2016\/09\/Josep-Maria-Folch-i-Torres.jpg 1013w\" sizes=\"auto, (max-width: 350px) 100vw, 350px\" \/><\/a><\/p>\n<p>En Josep M\u00aa Folch i Torres (Barcelona, 1880-1950) fou un novel.lista, narrador i autor teatral que\u00a0va aconseguir un \u00e8xit popular mai m\u00e9s aconseguit per cap escriptor en catal\u00e0, realment va ser un dels pocs escriptors de l&#8217;\u00e8poca que va poder viure de les seves obres.<\/p>\n<p>Va escriure en diverses revistes, comen\u00e7\u00e0 escrivint a<em> La Renaixen\u00e7a<\/em>, <em>La Veu de Catalunya<\/em>,<em> El Poble Catal\u00e0<\/em> i <em>Joventut<\/em>, tamb\u00e9 va dirigir el setmanari<em> La Tralla<\/em>,<em> L&#8217;Atl\u00e0ntida<\/em> i el <a href=\"https:\/\/es.wikipedia.org\/wiki\/%C2%A1Cu-Cut!\" target=\"_blank\" rel=\"noopener\"><em>\u00a1Cu-Cut!<\/em><\/a>.<\/p>\n<p>Va ser detingut i processat per la publicaci\u00f3 d&#8217;un n\u00famero commemoratiu de la Independ\u00e8ncia de Cuba, amb la<a href=\"https:\/\/es.wikipedia.org\/wiki\/Ley_de_Jurisdicciones\" target=\"_blank\" rel=\"noopener\"> Llei de Jurisdiccions<\/a> es va revisar el proc\u00e9s i va haver de fugir a l&#8217;exili a Fran\u00e7a fins el 1908.<\/p>\n<p>Des del 1909-1910 va dirigir la revista infantil il\u00b7lustrada <em><a href=\"https:\/\/es.wikipedia.org\/wiki\/En_Patufet\" target=\"_blank\" rel=\"noopener\">En Patufet<\/a><\/em>\u00a0aconseguint una tirada de 65.000 exemplars i aproximadament 325.000 lectors setmanals, arribant a un p\u00fablic nou, un p\u00fablic que fins aleshores no havia llegit res, despertant el seu inter\u00e8s per la lectura, pel qu\u00e8 en Folch i Torres va esdevenir aix\u00ed el primer escriptor catal\u00e0 de masses.<\/p>\n<p>L&#8217;any 1968, amb la recuperaci\u00f3 d&#8217;aquesta revista, el seu fill Ramon Folch i Camarasa va imitar l&#8217;estil de les P\u00e0gines Viscudes sota el t\u00edtol Hist\u00f2ries Possibles.<\/p>\n<p>En el cap\u00edtol d&#8217;escriptor per a infants i joves, col\u00b7labor\u00e0 tamb\u00e9 en Els Pomells de Joventut de Catalunya, i fou el creador del Teatre Catal\u00e0 per a Infants.<\/p>\n<p>La producci\u00f3 total d&#8217;en Josep Maria Folch i Torres est\u00e0 formada per 50 novel\u00b7les d&#8217;aventures (&#8220;Biblioteca Patufet&#8221;), 48 novel\u00b7les rosa (&#8220;Biblioteca Gentil&#8221;), 51 obres de teatre i m\u00e9s de 1.200 &#8220;P\u00e0gines viscudes&#8221;, a m\u00e9s de petites narracions i escrits diversos que van apar\u00e8ixer a les p\u00e0gines d&#8217;<em>En Patufet.<\/em><\/p>\n<p>A partir del 1938, amb els canvis que va patir el pa\u00eds amb la guerra i la repressi\u00f3 del catal\u00e0, Folch i Torres va quedar fora de qualsevol possibilitat de continuar la seva tasca. Va fer alguns intents d&#8217;escriure en castell\u00e0 i particip\u00e0 en algun programa cultural de r\u00e0dio, per\u00f2 no es va veure amb cor de continuar.<\/p>\n<p>&nbsp;<\/p>\n<p><span class=\"ff1 cf0 fs28\"><strong>La nostra escola porta el nom d&#8217;en Josep Maria Folch i Torres<\/strong> en homenatge a aquest gran escriptor en llengua catalana que va tenir relaci\u00f3 amb Palau-<wbr \/>solit\u00e0 i Plegamans on hi passava els estius.<\/span><\/p>\n<div>\n<div>\n<div id=\"imCell_1\" class=\"imGrid[1, 1]\">\n<div id=\"imCellStyle_1\">\n<div id=\"imTextObject_1\">\n<p>Des de l&#8217;escola pensem que s\u2019ha de mantenir viva la mem\u00f2ria d\u2019en Josep Maria Folch i Torres i fer-<wbr \/>la arribar a les joves generacions, \u00e9s per aix\u00f2 que cada any organitzem visites a la <strong><a href=\"http:\/\/www.fundaciofolchitorres.org\/\" target=\"_blank\" rel=\"noopener\">Fundaci\u00f3 Folch i Torres<\/a><\/strong> per tal que ens expliquin la seva hist\u00f2ria i la seva obra. Si voleu anar-hi podeu concertar una visita guiada, a la seva <a href=\"http:\/\/www.fundaciofolchitorres.org\/\" target=\"_blank\" rel=\"noopener\">p\u00e0gina web <\/a>teniu tota la informaci\u00f3.<\/p>\n<\/div>\n<\/div>\n<\/div>\n<\/div>\n<\/div>\n<div>\n<div id=\"imCell_2\" class=\"imGrid[2, 2]\">\n<div id=\"imCellStyle_2\">\n<div id=\"imTextObject_2\">\n<p>&nbsp;<\/p>\n<\/div>\n<\/div>\n<\/div>\n<\/div>\n","protected":false},"excerpt":{"rendered":"<p>&nbsp;<br \/>\n<a href=\"http:\/\/agora.xtec.cat\/ceip-folchitorres\/wp-content\/uploads\/usu170\/2016\/09\/Josep-Maria-Folch-i-Torres.jpg\"><\/a><br \/>\nEn Josep M\u00aa Folch i Torres (Barcelona, 1880-1950) fou un novel.lista, narrador i autor teatral que\u00a0va aconseguir un \u00e8xit popular mai m\u00e9s aconseguit per cap escriptor en catal\u00e0, realment va ser un dels pocs escriptors de l&#8217;\u00e8poca que va poder viure de les seves&hellip;  <a href=\"https:\/\/agora.xtec.cat\/ceip-folchitorres\/lescola\/biografia-den-josep-ma-folch-i-torres\/\" title=\"Read Biografia d&#8217;en Josep M\u00aa Folch i Torres\">Llegeix m\u00e9s\u00bb<\/a><\/p>\n","protected":false},"author":1,"featured_media":0,"parent":22,"menu_order":25,"comment_status":"closed","ping_status":"closed","template":"page-templates\/side-menu.php","meta":{"_bbp_topic_count":0,"_bbp_reply_count":0,"_bbp_total_topic_count":0,"_bbp_total_reply_count":0,"_bbp_voice_count":0,"_bbp_anonymous_reply_count":0,"_bbp_topic_count_hidden":0,"_bbp_reply_count_hidden":0,"_bbp_forum_subforum_count":0,"footnotes":""},"class_list":["post-477","page","type-page","status-publish","hentry"],"post_mailing_queue_ids":[],"_links":{"self":[{"href":"https:\/\/agora.xtec.cat\/ceip-folchitorres\/wp-json\/wp\/v2\/pages\/477","targetHints":{"allow":["GET"]}}],"collection":[{"href":"https:\/\/agora.xtec.cat\/ceip-folchitorres\/wp-json\/wp\/v2\/pages"}],"about":[{"href":"https:\/\/agora.xtec.cat\/ceip-folchitorres\/wp-json\/wp\/v2\/types\/page"}],"author":[{"embeddable":true,"href":"https:\/\/agora.xtec.cat\/ceip-folchitorres\/wp-json\/wp\/v2\/users\/1"}],"replies":[{"embeddable":true,"href":"https:\/\/agora.xtec.cat\/ceip-folchitorres\/wp-json\/wp\/v2\/comments?post=477"}],"version-history":[{"count":4,"href":"https:\/\/agora.xtec.cat\/ceip-folchitorres\/wp-json\/wp\/v2\/pages\/477\/revisions"}],"predecessor-version":[{"id":6086,"href":"https:\/\/agora.xtec.cat\/ceip-folchitorres\/wp-json\/wp\/v2\/pages\/477\/revisions\/6086"}],"up":[{"embeddable":true,"href":"https:\/\/agora.xtec.cat\/ceip-folchitorres\/wp-json\/wp\/v2\/pages\/22"}],"wp:attachment":[{"href":"https:\/\/agora.xtec.cat\/ceip-folchitorres\/wp-json\/wp\/v2\/media?parent=477"}],"curies":[{"name":"wp","href":"https:\/\/api.w.org\/{rel}","templated":true}]}}