{"id":717,"date":"2017-09-21T22:12:03","date_gmt":"2017-09-21T20:12:03","guid":{"rendered":"http:\/\/agora.xtec.cat\/ceip-ferreriguardia\/?page_id=717"},"modified":"2022-11-04T09:45:24","modified_gmt":"2022-11-04T08:45:24","slug":"dansa-ara","status":"publish","type":"page","link":"https:\/\/agora.xtec.cat\/ceip-ferreriguardia\/projectes\/dansa-ara\/","title":{"rendered":"Dansa ara"},"content":{"rendered":"<p>Dansa Ara \u00e9s un gran esdeveniment de dansa contempor\u00e0nia organitzat per l\u2019<a href=\"http:\/\/www.barcelona.cat\/\" target=\"_blank\" rel=\"noopener noreferrer\">Ajuntament de Barcelona<\/a>\u00a0i adre\u00e7at a l\u2019alumnat de cicle inicial d\u2019escoles de Barcelona.<br \/>\nVol promocionar l\u2019aprenentatge de les habilitats r\u00edtmiques i art\u00edstiques dels infants mitjan\u00e7ant la dansa contempor\u00e0nia.<br \/>\nDespr\u00e9s del treball d\u2019aprenentatge d\u2019un repertori de danses amb el professorat al centre educatiu, l\u2019alumnat participa en una jornada de dansa en la qual els nens i les nenes s\u00f3n protagonistes d\u2019un gran espectacle de dansa contempor\u00e0nia que t\u00e9 lloc actualment a l\u2019Estadi Ol\u00edmpic Llu\u00eds Companys i anteriorment al\u00a0<a class=\"broken_link\" href=\"http:\/\/www.palausantjordi.cat\/\" target=\"_blank\" rel=\"noopener noreferrer\">Palau Sant Jordi<\/a>.<\/p>\n<p>Aquesta activitat tamb\u00e9 compta amb la col\u00b7laboraci\u00f3 de les seg\u00fcents entitats:\u00a0<a href=\"http:\/\/www.institutdelteatre.cat\/ca\/thm28\/graduats.htm\" target=\"_blank\" rel=\"noopener noreferrer\">Companyia IT Dansa de l\u2019Institut del Teatre<\/a>,\u00a0<a href=\"https:\/\/factoriamascaro.wordpress.com\/\" target=\"_blank\" rel=\"noopener noreferrer\">Factoria Mascar\u00f3<\/a>, Palau Sant Jordi-BSM i Barcelona Promoci\u00f3- Anella Ol\u00edmpica.<\/p>\n<p>La inscripci\u00f3 est\u00e0 oberta a les escoles de la ciutat de Barcelona i s\u2019ha de fer a trav\u00e9s del\u00a0<a href=\"http:\/\/w13.bcn.cat\/APPS\/wprpae\/general\/homeInit.do?method=cargar\" target=\"_blank\" rel=\"noopener noreferrer\">PAE (Programa d\u2019activitats escolars)<\/a>.<\/p>\n<p>&nbsp;<\/p>\n","protected":false},"excerpt":{"rendered":"<p>Dansa Ara \u00e9s un gran esdeveniment de dansa contempor\u00e0nia organitzat per l\u2019<a href=\"http:\/\/www.barcelona.cat\/\" target=\"_blank\" rel=\"noopener noreferrer\">Ajuntament de Barcelona<\/a>\u00a0i adre\u00e7at a l\u2019alumnat de cicle inicial d\u2019escoles de Barcelona.<br \/>\nVol promocionar l\u2019aprenentatge de les habilitats r\u00edtmiques i art\u00edstiques dels infants mitjan\u00e7ant la dansa contempor\u00e0nia.<br \/>\nDespr\u00e9s del treball d\u2019aprenentatge d\u2019un&hellip;  <a href=\"https:\/\/agora.xtec.cat\/ceip-ferreriguardia\/projectes\/dansa-ara\/\" title=\"Read Dansa ara\">Llegeix m\u00e9s\u00bb<\/a><\/p>\n","protected":false},"author":11,"featured_media":0,"parent":64,"menu_order":0,"comment_status":"closed","ping_status":"closed","template":"","meta":{"_bbp_topic_count":0,"_bbp_reply_count":0,"_bbp_total_topic_count":0,"_bbp_total_reply_count":0,"_bbp_voice_count":0,"_bbp_anonymous_reply_count":0,"_bbp_topic_count_hidden":0,"_bbp_reply_count_hidden":0,"_bbp_forum_subforum_count":0,"footnotes":""},"class_list":["post-717","page","type-page","status-publish","hentry"],"post_mailing_queue_ids":[],"_links":{"self":[{"href":"https:\/\/agora.xtec.cat\/ceip-ferreriguardia\/wp-json\/wp\/v2\/pages\/717","targetHints":{"allow":["GET"]}}],"collection":[{"href":"https:\/\/agora.xtec.cat\/ceip-ferreriguardia\/wp-json\/wp\/v2\/pages"}],"about":[{"href":"https:\/\/agora.xtec.cat\/ceip-ferreriguardia\/wp-json\/wp\/v2\/types\/page"}],"author":[{"embeddable":true,"href":"https:\/\/agora.xtec.cat\/ceip-ferreriguardia\/wp-json\/wp\/v2\/users\/11"}],"replies":[{"embeddable":true,"href":"https:\/\/agora.xtec.cat\/ceip-ferreriguardia\/wp-json\/wp\/v2\/comments?post=717"}],"version-history":[{"count":1,"href":"https:\/\/agora.xtec.cat\/ceip-ferreriguardia\/wp-json\/wp\/v2\/pages\/717\/revisions"}],"predecessor-version":[{"id":718,"href":"https:\/\/agora.xtec.cat\/ceip-ferreriguardia\/wp-json\/wp\/v2\/pages\/717\/revisions\/718"}],"up":[{"embeddable":true,"href":"https:\/\/agora.xtec.cat\/ceip-ferreriguardia\/wp-json\/wp\/v2\/pages\/64"}],"wp:attachment":[{"href":"https:\/\/agora.xtec.cat\/ceip-ferreriguardia\/wp-json\/wp\/v2\/media?parent=717"}],"curies":[{"name":"wp","href":"https:\/\/api.w.org\/{rel}","templated":true}]}}