{"id":698,"date":"2017-09-21T22:01:31","date_gmt":"2017-09-21T20:01:31","guid":{"rendered":"http:\/\/agora.xtec.cat\/ceip-ferreriguardia\/?page_id=698"},"modified":"2023-06-16T09:56:44","modified_gmt":"2023-06-16T07:56:44","slug":"agenda-21","status":"publish","type":"page","link":"https:\/\/agora.xtec.cat\/ceip-ferreriguardia\/projectes\/agenda-21\/","title":{"rendered":"Escola Verda"},"content":{"rendered":"<p><a href=\"https:\/\/agora.xtec.cat\/ceip-ferreriguardia\/wp-content\/uploads\/usu418\/2023\/06\/xesctextfinal.jpg.jpg\"><img loading=\"lazy\" decoding=\"async\" class=\"alignnone wp-image-8083\" src=\"https:\/\/agora.xtec.cat\/ceip-ferreriguardia\/wp-content\/uploads\/usu418\/2023\/06\/xesctextfinal.jpg-1024x822.jpg\" alt=\"\" width=\"315\" height=\"253\" \/><\/a><\/p>\n<p>&nbsp;<\/p>\n<p>Des de 1998 la Generalitat de Catalunya, a trav\u00e9s del Programa d&#8217;Escoles Verdes i de les Agendes 21 escolars, est\u00e0 impulsant uns programes d&#8217;educaci\u00f3 per a la sostenibilitat adre\u00e7ats als centres educatius, tot promovent la participaci\u00f3 i implicaci\u00f3 de tota la comunitat educativa.<\/p>\n<p>Durant el curs 2009-2010 neix la Xarxa d&#8217;Escoles per a la Sostenibilitat de Catalunya (XESC) formada per la xarxa d&#8217;escoles verdes i xarxes locals, que promouen programes d&#8217;educaci\u00f3 per a la sostenibilitat adre\u00e7ats als centres educatius de Catalunya. L&#8217;escola Ferrer i Gu\u00e0rdia forma part de la xarxa\u00a0 <a href=\"https:\/\/www.barcelona.cat\/barcelonasostenible\/ca\/escoles-sostenibles\/pginabsicaambdesplegables\/que-es-escoles-sostenibles\">Escoles m\u00e9s sostenibles.<\/a><\/p>\n<p>Al setembre de 2015, i amb l\u2019acord hist\u00f2ric de 193 pa\u00efsos, l\u2019<a href=\"https:\/\/sdgs.un.org\/\">Assemblea General de les Nacions Unides<\/a>\u00a0va aprovar l\u2019<a href=\"https:\/\/www.un.org\/sustainabledevelopment\/es\/development-agenda\/\">Agenda 2030 per al Desenvolupament Sostenible<\/a>\u00a0i els seus 17 objectius de desenvolupament sostenible (ODS), com a instrument global amb un ampli abast i una import\u00e0ncia sense precedents.<\/p>\n<p>Com a comprom\u00eds mundial, busca que tots els estats es proposin fermament posar fi a la pobresa i la fam, a combatre les desigualtats, protegir els drets humans, especialment de les persones m\u00e9s excloses i de major vulnerabilitat, promoure la igualtat de g\u00e8nere i l\u2019empoderament de les dones i les nenes, construir societats pac\u00edfiques, justes i inclusives i garantir una protecci\u00f3 resilient del planeta i dels seus recursos naturals.<\/p>\n<p><b>Els ODS s\u00f3n disset objectius de car\u00e0cter ambiental, social i econ\u00f2mic<\/b> que guien la implementaci\u00f3 de l\u2019Agenda 2030. Tots els objectius estan molt relacionats: per avan\u00e7ar en un cal avan\u00e7ar tamb\u00e9 en d\u2019altres. Volen ser unes fites concises, f\u00e0cils de comunicar, orientades a l\u2019acci\u00f3 i aplicables a tots els pa\u00efsos<\/p>\n<p>&nbsp;<\/p>\n<p>L\u00b4escola \u00e9s un lloc on poder imaginar i experimentar estrat\u00e8gies per viure d\u00b4acord amb els principis de sostenibilitat. La participaci\u00f3 real de tots els membres de la comunitat educativa facilita que els valors ambientals arribin a la resta de la societat. El nostre projecte de l&#8217; hort ecol\u00f2gic i urb\u00e0 est\u00e0 emmarcat en aquest projecte. Volem que els nens i les nenes valorin la import\u00e0ncia dels recursos naturals.<\/p>\n<p>Una de les activitats m\u00e9s rellevants que l&#8217;escola Ferrer i Gu\u00e0rdia organitza (entre moltes altres)\u00a0 s\u00f3n les Olimpiades Verdes, una trobada on els nens i nenes de les escoles del barri fan jocs i activitats relacionades amb la cura de l&#8217;entorn.<\/p>\n<p>&nbsp;<\/p>\n<p><iframe loading=\"lazy\" title=\"OLIMPIADES VERDES La m\u00e0gia de la sostenibilitat\" width=\"500\" height=\"281\" src=\"https:\/\/www.youtube.com\/embed\/0GYY6qjD_qY?feature=oembed\" frameborder=\"0\" allow=\"accelerometer; autoplay; clipboard-write; encrypted-media; gyroscope; picture-in-picture; web-share\" referrerpolicy=\"strict-origin-when-cross-origin\" allowfullscreen><\/iframe><\/p>\n","protected":false},"excerpt":{"rendered":"<p><a href=\"https:\/\/agora.xtec.cat\/ceip-ferreriguardia\/wp-content\/uploads\/usu418\/2023\/06\/xesctextfinal.jpg.jpg\"><\/a><br \/>\n&nbsp;<br \/>\nDes de 1998 la Generalitat de Catalunya, a trav\u00e9s del Programa d&#8217;Escoles Verdes i de les Agendes 21 escolars, est\u00e0 impulsant uns programes d&#8217;educaci\u00f3 per a la sostenibilitat adre\u00e7ats als centres educatius, tot promovent la participaci\u00f3 i implicaci\u00f3 de tota la comunitat educativa.<br \/>\nDurant el&hellip;  <a href=\"https:\/\/agora.xtec.cat\/ceip-ferreriguardia\/projectes\/agenda-21\/\" title=\"Read Escola Verda\">Llegeix m\u00e9s\u00bb<\/a><\/p>\n","protected":false},"author":11,"featured_media":0,"parent":64,"menu_order":0,"comment_status":"closed","ping_status":"closed","template":"","meta":{"_bbp_topic_count":0,"_bbp_reply_count":0,"_bbp_total_topic_count":0,"_bbp_total_reply_count":0,"_bbp_voice_count":0,"_bbp_anonymous_reply_count":0,"_bbp_topic_count_hidden":0,"_bbp_reply_count_hidden":0,"_bbp_forum_subforum_count":0,"footnotes":""},"class_list":["post-698","page","type-page","status-publish","hentry"],"post_mailing_queue_ids":[],"_links":{"self":[{"href":"https:\/\/agora.xtec.cat\/ceip-ferreriguardia\/wp-json\/wp\/v2\/pages\/698","targetHints":{"allow":["GET"]}}],"collection":[{"href":"https:\/\/agora.xtec.cat\/ceip-ferreriguardia\/wp-json\/wp\/v2\/pages"}],"about":[{"href":"https:\/\/agora.xtec.cat\/ceip-ferreriguardia\/wp-json\/wp\/v2\/types\/page"}],"author":[{"embeddable":true,"href":"https:\/\/agora.xtec.cat\/ceip-ferreriguardia\/wp-json\/wp\/v2\/users\/11"}],"replies":[{"embeddable":true,"href":"https:\/\/agora.xtec.cat\/ceip-ferreriguardia\/wp-json\/wp\/v2\/comments?post=698"}],"version-history":[{"count":0,"href":"https:\/\/agora.xtec.cat\/ceip-ferreriguardia\/wp-json\/wp\/v2\/pages\/698\/revisions"}],"up":[{"embeddable":true,"href":"https:\/\/agora.xtec.cat\/ceip-ferreriguardia\/wp-json\/wp\/v2\/pages\/64"}],"wp:attachment":[{"href":"https:\/\/agora.xtec.cat\/ceip-ferreriguardia\/wp-json\/wp\/v2\/media?parent=698"}],"curies":[{"name":"wp","href":"https:\/\/api.w.org\/{rel}","templated":true}]}}