{"id":34,"date":"2014-09-18T12:32:18","date_gmt":"2014-09-18T10:32:18","guid":{"rendered":"http:\/\/agora.xtec.cat\/ceip-ferreriguardia\/?page_id=34"},"modified":"2017-11-19T23:21:58","modified_gmt":"2017-11-19T22:21:58","slug":"oferta-educativa","status":"publish","type":"page","link":"https:\/\/agora.xtec.cat\/ceip-ferreriguardia\/lescola\/oferta-educativa\/","title":{"rendered":"Oferta educativa"},"content":{"rendered":"<p style=\"color: #444444;\">L&#8217;escola imparteix:<\/p>\n<p><strong>Educaci\u00f3 Infantil<\/strong> (de 3 a 5 anys)<br \/>\n\u00b7 P-3, P-4 i P-5 (2 l\u00ednies)<\/p>\n<p><strong>Educaci\u00f3 Prim\u00e0ria<\/strong> (de 6 a 12 anys)<br \/>\n\u00b7 Cicle Inicial (1r i 2n) -2 l\u00ednies<br \/>\n\u00b7 Cicle Mitj\u00e0 (3r i 4t) &#8211; 2 l\u00ednies<br \/>\n\u00b7 Cicle Superior (5\u00e8 i 6\u00e8) &#8211; 2 l\u00ednies<\/p>\n<p><strong>SIEI<\/strong><\/p>\n","protected":false},"excerpt":{"rendered":"<p>L&#8217;escola imparteix:<br \/>\nEducaci\u00f3 Infantil (de 3 a 5 anys)<br \/>\n\u00b7 P-3, P-4 i P-5 (2 l\u00ednies)<br \/>\nEducaci\u00f3 Prim\u00e0ria (de 6 a 12 anys)<br \/>\n\u00b7 Cicle Inicial (1r i 2n) -2 l\u00ednies<br \/>\n\u00b7 Cicle Mitj\u00e0 (3r i 4t) &#8211; 2 l\u00ednies<br \/>\n\u00b7 Cicle Superior (5\u00e8 i 6\u00e8) &#8211; 2 l\u00ednies<br \/>\nSIEI<\/p>\n","protected":false},"author":1,"featured_media":0,"parent":26,"menu_order":60,"comment_status":"closed","ping_status":"closed","template":"page-templates\/side-menu.php","meta":{"_bbp_topic_count":0,"_bbp_reply_count":0,"_bbp_total_topic_count":0,"_bbp_total_reply_count":0,"_bbp_voice_count":0,"_bbp_anonymous_reply_count":0,"_bbp_topic_count_hidden":0,"_bbp_reply_count_hidden":0,"_bbp_forum_subforum_count":0,"footnotes":""},"class_list":["post-34","page","type-page","status-publish","hentry"],"post_mailing_queue_ids":[],"_links":{"self":[{"href":"https:\/\/agora.xtec.cat\/ceip-ferreriguardia\/wp-json\/wp\/v2\/pages\/34","targetHints":{"allow":["GET"]}}],"collection":[{"href":"https:\/\/agora.xtec.cat\/ceip-ferreriguardia\/wp-json\/wp\/v2\/pages"}],"about":[{"href":"https:\/\/agora.xtec.cat\/ceip-ferreriguardia\/wp-json\/wp\/v2\/types\/page"}],"author":[{"embeddable":true,"href":"https:\/\/agora.xtec.cat\/ceip-ferreriguardia\/wp-json\/wp\/v2\/users\/1"}],"replies":[{"embeddable":true,"href":"https:\/\/agora.xtec.cat\/ceip-ferreriguardia\/wp-json\/wp\/v2\/comments?post=34"}],"version-history":[{"count":3,"href":"https:\/\/agora.xtec.cat\/ceip-ferreriguardia\/wp-json\/wp\/v2\/pages\/34\/revisions"}],"predecessor-version":[{"id":914,"href":"https:\/\/agora.xtec.cat\/ceip-ferreriguardia\/wp-json\/wp\/v2\/pages\/34\/revisions\/914"}],"up":[{"embeddable":true,"href":"https:\/\/agora.xtec.cat\/ceip-ferreriguardia\/wp-json\/wp\/v2\/pages\/26"}],"wp:attachment":[{"href":"https:\/\/agora.xtec.cat\/ceip-ferreriguardia\/wp-json\/wp\/v2\/media?parent=34"}],"curies":[{"name":"wp","href":"https:\/\/api.w.org\/{rel}","templated":true}]}}