{"id":26,"date":"2017-03-25T20:20:32","date_gmt":"2017-03-25T19:20:32","guid":{"rendered":"http:\/\/agora.xtec.cat\/ceip-ferreriguardia\/?page_id=26"},"modified":"2017-11-08T17:49:40","modified_gmt":"2017-11-08T16:49:40","slug":"lescola","status":"publish","type":"page","link":"https:\/\/agora.xtec.cat\/ceip-ferreriguardia\/lescola\/","title":{"rendered":"L&#8217;escola"},"content":{"rendered":"<p>A finals dels 70 la lluita per l&#8217;escola p\u00fablica es converteix en una de les principals preocupacions del barri Ciutat Meridiana. Nom\u00e9s es contava amb dues escoles nacionals, clarament insuficients i motiu de la proliferaci\u00f3 d&#8217;acad\u00e8mies privades. Les mobilitzacions per a millorar la qualitat de l&#8217;ensenyament van ser unes de les m\u00e9s reprimides per la policia. \u00c9s a partir d&#8217;aquestes mobilitzacions que neix provisionalment l&#8217;escola p\u00fablica Ferrer i Gu\u00e0rdia en un barrac\u00f3 l&#8217;any 1977. Finalment i tamb\u00e9 fruit de les mobilitzacions populars s&#8217;aconsegueix la construcci\u00f3 de l&#8217;actual escola. Aquell antic barrac\u00f3 \u00e9s avui l&#8217;Escola d&#8217;Adults del barri.<\/p>\n<p><span style=\"font-family: inherit; font-size: 1em;\"><img loading=\"lazy\" decoding=\"async\" class=\" wp-image-467 aligncenter\" src=\"http:\/\/agora.xtec.cat\/ceip-ferreriguardia\/wp-content\/uploads\/usu418\/2017\/03\/MVC-850F.jpg\" alt=\"mvc-850f\" width=\"425\" height=\"567\" srcset=\"https:\/\/agora.xtec.cat\/ceip-ferreriguardia\/wp-content\/uploads\/usu418\/2017\/03\/MVC-850F.jpg 480w, https:\/\/agora.xtec.cat\/ceip-ferreriguardia\/wp-content\/uploads\/usu418\/2017\/03\/MVC-850F-225x300.jpg 225w\" sizes=\"auto, (max-width: 425px) 100vw, 425px\" \/><\/span><\/p>\n<p><span style=\"font-family: inherit; font-size: 1em;\">L&#8217;Escola Moderna va ser un moviment de pedagogia llibert\u00e0ria que va tenir lloc durant la primera meitat del segle XX, i que va adoptar la filosofia d&#8217;ensenyament de Francesc Ferrer i Gu\u00e0rdia. Per a donar impuls a aquest moviment reformador, va ser creada el 1906 la Lliga Internacional per a la Instrucci\u00f3 Racional de la Inf\u00e0ncia, els principis estatutaris de la qual establien que:<\/span><\/p>\n<ul>\n<li>L&#8217;educaci\u00f3 de la inf\u00e0ncia ha de fonamentar-se sobre una base cient\u00edfica i racional; en conseq\u00fc\u00e8ncia, cal separar d&#8217;ella tota noci\u00f3 m\u00edstica o sobrenatural.<\/li>\n<li>La instrucci\u00f3 \u00e9s part d&#8217;aquesta educaci\u00f3. La instrucci\u00f3 ha de comprendre tamb\u00e9, al costat de la formaci\u00f3 de la intel\u00b7lig\u00e8ncia, el desenvolupament del car\u00e0cter, la cultura de la voluntat, la preparaci\u00f3 d&#8217;un \u00e9sser moral i f\u00edsic ben equilibrat, les facultats del qual estiguin associades i elevades a la seva m\u00e0xima pot\u00e8ncia.<\/li>\n<li>L&#8217;educaci\u00f3 moral, molt menys te\u00f2rica que pr\u00e0ctica, ha de resultar principalment de l&#8217;exemple i en donar-se suport sobre la gran llei natural de la solidaritat.<\/li>\n<\/ul>\n<p>&nbsp;<\/p>\n","protected":false},"excerpt":{"rendered":"<p>A finals dels 70 la lluita per l&#8217;escola p\u00fablica es converteix en una de les principals preocupacions del barri Ciutat Meridiana. Nom\u00e9s es contava amb dues escoles nacionals, clarament insuficients i motiu de la proliferaci\u00f3 d&#8217;acad\u00e8mies privades. Les mobilitzacions per a millorar la qualitat de&hellip;  <a href=\"https:\/\/agora.xtec.cat\/ceip-ferreriguardia\/lescola\/\" title=\"Read L&#8217;escola\">Llegeix m\u00e9s\u00bb<\/a><\/p>\n","protected":false},"author":1,"featured_media":0,"parent":0,"menu_order":20,"comment_status":"closed","ping_status":"closed","template":"page-templates\/side-menu.php","meta":{"_bbp_topic_count":0,"_bbp_reply_count":0,"_bbp_total_topic_count":0,"_bbp_total_reply_count":0,"_bbp_voice_count":0,"_bbp_anonymous_reply_count":0,"_bbp_topic_count_hidden":0,"_bbp_reply_count_hidden":0,"_bbp_forum_subforum_count":0,"footnotes":""},"class_list":["post-26","page","type-page","status-publish","hentry"],"post_mailing_queue_ids":[],"_links":{"self":[{"href":"https:\/\/agora.xtec.cat\/ceip-ferreriguardia\/wp-json\/wp\/v2\/pages\/26","targetHints":{"allow":["GET"]}}],"collection":[{"href":"https:\/\/agora.xtec.cat\/ceip-ferreriguardia\/wp-json\/wp\/v2\/pages"}],"about":[{"href":"https:\/\/agora.xtec.cat\/ceip-ferreriguardia\/wp-json\/wp\/v2\/types\/page"}],"author":[{"embeddable":true,"href":"https:\/\/agora.xtec.cat\/ceip-ferreriguardia\/wp-json\/wp\/v2\/users\/1"}],"replies":[{"embeddable":true,"href":"https:\/\/agora.xtec.cat\/ceip-ferreriguardia\/wp-json\/wp\/v2\/comments?post=26"}],"version-history":[{"count":4,"href":"https:\/\/agora.xtec.cat\/ceip-ferreriguardia\/wp-json\/wp\/v2\/pages\/26\/revisions"}],"predecessor-version":[{"id":784,"href":"https:\/\/agora.xtec.cat\/ceip-ferreriguardia\/wp-json\/wp\/v2\/pages\/26\/revisions\/784"}],"wp:attachment":[{"href":"https:\/\/agora.xtec.cat\/ceip-ferreriguardia\/wp-json\/wp\/v2\/media?parent=26"}],"curies":[{"name":"wp","href":"https:\/\/api.w.org\/{rel}","templated":true}]}}