{"id":2285,"date":"2018-05-16T15:37:16","date_gmt":"2018-05-16T13:37:16","guid":{"rendered":"http:\/\/agora.xtec.cat\/ceip-ferreriguardia\/?page_id=2285"},"modified":"2024-02-17T20:54:03","modified_gmt":"2024-02-17T19:54:03","slug":"projecte-de-direccio-2016-2020","status":"publish","type":"page","link":"https:\/\/agora.xtec.cat\/ceip-ferreriguardia\/projectes\/projecte-de-direccio-2016-2020\/","title":{"rendered":"Projecte de direcci\u00f3 2020-2024"},"content":{"rendered":"<p>Ens complau saber que aquest nou Projecte de Direcci\u00f3 consta amb l\u2019acceptaci\u00f3 de la majoria de l\u2019equip de mestres, AFA, Consell Escolar, i altres entitats de l\u2019escola.<\/p>\n<p>Entenem que l\u2019equip directiu\u00a0 no ha de ser nom\u00e9s un bon gestor de recursos humans i materials sin\u00f3 que tamb\u00e9 ha de transmetre a la comunitat educativa il\u00b7lusi\u00f3 i acompanyar-la en tot moment perqu\u00e8 tothom se senti part d\u2019un projecte com\u00fa.<\/p>\n<p>Ser\u00e0 fonamental crear un bon clima de confian\u00e7a m\u00fatua per tal\u00a0 d\u2019organitzar i coordinar la tasca dels docents i que tot aix\u00f2 reverteixi amb la finalitat de poder oferir als nostres alumnes el millor marc perqu\u00e8 puguin assolir el m\u00e0xim de compet\u00e8ncies i\u00a0 valors positius.<\/p>\n<p>Amb aquest fets exposats, les persones membres de la proposta d\u2019Equip Directiu, les quals hem elaborat conjuntament aquest treball, ens comprometem a gestionar el projecte de direcci\u00f3 fent participar i implicant al claustre i a la resta de la comunitat educativa.<strong>\u00a0<\/strong><\/p>\n<p><strong><span style=\"text-decoration: underline;\">NOU EQUIP DIRECTIU<\/span><\/strong><\/p>\n<p><strong>SECRET\u00c0RIA: MARIA CALLEJ\u00d3N<\/strong><\/p>\n<p><strong>CAP D\u2019ESTUDIS: LLU\u00cfSA SELMA<\/strong><\/p>\n<p><strong>DIRECTOR:\u00a0 TONI CAMACHO<\/strong><\/p>\n<p><a href=\"https:\/\/agora.xtec.cat\/ceip-ferreriguardia\/wp-content\/uploads\/usu418\/2024\/02\/PdD-2020-2024.pdf\">PDF\u00a0PROJECTE DE DIRECCI\u00d3 2020-2024<\/a><\/p>\n","protected":false},"excerpt":{"rendered":"<p>Ens complau saber que aquest nou Projecte de Direcci\u00f3 consta amb l\u2019acceptaci\u00f3 de la majoria de l\u2019equip de mestres, AFA, Consell Escolar, i altres entitats de l\u2019escola.<br \/>\nEntenem que l\u2019equip directiu\u00a0 no ha de ser nom\u00e9s un bon gestor de recursos humans i materials sin\u00f3 que&hellip;  <a href=\"https:\/\/agora.xtec.cat\/ceip-ferreriguardia\/projectes\/projecte-de-direccio-2016-2020\/\" title=\"Read Projecte de direcci\u00f3 2020-2024\">Llegeix m\u00e9s\u00bb<\/a><\/p>\n","protected":false},"author":5,"featured_media":0,"parent":64,"menu_order":0,"comment_status":"closed","ping_status":"closed","template":"","meta":{"_bbp_topic_count":0,"_bbp_reply_count":0,"_bbp_total_topic_count":0,"_bbp_total_reply_count":0,"_bbp_voice_count":0,"_bbp_anonymous_reply_count":0,"_bbp_topic_count_hidden":0,"_bbp_reply_count_hidden":0,"_bbp_forum_subforum_count":0,"footnotes":""},"class_list":["post-2285","page","type-page","status-publish","hentry"],"post_mailing_queue_ids":[],"_links":{"self":[{"href":"https:\/\/agora.xtec.cat\/ceip-ferreriguardia\/wp-json\/wp\/v2\/pages\/2285","targetHints":{"allow":["GET"]}}],"collection":[{"href":"https:\/\/agora.xtec.cat\/ceip-ferreriguardia\/wp-json\/wp\/v2\/pages"}],"about":[{"href":"https:\/\/agora.xtec.cat\/ceip-ferreriguardia\/wp-json\/wp\/v2\/types\/page"}],"author":[{"embeddable":true,"href":"https:\/\/agora.xtec.cat\/ceip-ferreriguardia\/wp-json\/wp\/v2\/users\/5"}],"replies":[{"embeddable":true,"href":"https:\/\/agora.xtec.cat\/ceip-ferreriguardia\/wp-json\/wp\/v2\/comments?post=2285"}],"version-history":[{"count":2,"href":"https:\/\/agora.xtec.cat\/ceip-ferreriguardia\/wp-json\/wp\/v2\/pages\/2285\/revisions"}],"predecessor-version":[{"id":8168,"href":"https:\/\/agora.xtec.cat\/ceip-ferreriguardia\/wp-json\/wp\/v2\/pages\/2285\/revisions\/8168"}],"up":[{"embeddable":true,"href":"https:\/\/agora.xtec.cat\/ceip-ferreriguardia\/wp-json\/wp\/v2\/pages\/64"}],"wp:attachment":[{"href":"https:\/\/agora.xtec.cat\/ceip-ferreriguardia\/wp-json\/wp\/v2\/media?parent=2285"}],"curies":[{"name":"wp","href":"https:\/\/api.w.org\/{rel}","templated":true}]}}