{"id":73,"date":"2014-09-18T14:01:51","date_gmt":"2014-09-18T12:01:51","guid":{"rendered":"http:\/\/agora.xtec.cat\/ceip-ferra\/?page_id=73"},"modified":"2025-07-17T08:49:08","modified_gmt":"2025-07-17T06:49:08","slug":"menjador-escolar","status":"publish","type":"page","link":"https:\/\/agora.xtec.cat\/ceip-ferra\/families\/menjador-escolar\/","title":{"rendered":"Menjador escolar"},"content":{"rendered":"<h5><\/h5>\n<h5 class=\"p6\"><a href=\"https:\/\/agora.xtec.cat\/ceip-ferra\/wp-content\/uploads\/usu925\/2023\/02\/Fundesplai.jpg\"><img loading=\"lazy\" decoding=\"async\" class=\"alignnone size-large wp-image-8333\" src=\"https:\/\/agora.xtec.cat\/ceip-ferra\/wp-content\/uploads\/usu925\/2023\/02\/Fundesplai-1024x725.jpg\" alt=\"\" width=\"1024\" height=\"725\" srcset=\"https:\/\/agora.xtec.cat\/ceip-ferra\/wp-content\/uploads\/usu925\/2023\/02\/Fundesplai-1024x725.jpg 1024w, https:\/\/agora.xtec.cat\/ceip-ferra\/wp-content\/uploads\/usu925\/2023\/02\/Fundesplai-300x212.jpg 300w, https:\/\/agora.xtec.cat\/ceip-ferra\/wp-content\/uploads\/usu925\/2023\/02\/Fundesplai-768x543.jpg 768w, https:\/\/agora.xtec.cat\/ceip-ferra\/wp-content\/uploads\/usu925\/2023\/02\/Fundesplai-1536x1087.jpg 1536w, https:\/\/agora.xtec.cat\/ceip-ferra\/wp-content\/uploads\/usu925\/2023\/02\/Fundesplai.jpg 1737w\" sizes=\"auto, (max-width: 1024px) 100vw, 1024px\" \/><\/a><\/h5>\n<h5 class=\"p6\">Calendari<\/h5>\n<p>Inici del servei: 8 de setembre de 2025.<\/p>\n<p>Final del servei: 19 de juny de 2026.<\/p>\n<h5 class=\"p6\">Horari d\u2019atenci\u00f3<\/h5>\n<p>09.00 &#8211; 09.30h<\/p>\n<p>Coordinadora: <strong><span style=\"color: #993300;\">Pendent<\/span><\/strong><\/p>\n<p>La fam\u00edlia ha d\u2019avisar tamb\u00e9 la tutora dels canvis per saber si es queda o marxa (amb l\u2019agenda).<\/p>\n<p class=\"btn-simple\"><span style=\"color: #993300;\"><strong> Correu electr\u00f2nic: menjadorferra@gmail.com<\/strong><\/span><\/p>\n<p class=\"btn-simple\"><span style=\"color: #993300;\"><strong> Tel\u00e8fon: 671609674<\/strong><\/span><\/p>\n<p class=\"btn_5\"><strong><span style=\"color: #993300;\"> (es prega no utilitzar el tel\u00e8fon de l&#8217;escola per temes del menjador)<\/span> <\/strong><\/p>\n<h5 class=\"p6\">Preu del servei<\/h5>\n<p>Inclou menjar, monitoratge, material dels tallers, inversions i manteniment del menjador.<\/p>\n<p><strong><em>Alumnes fixes: 7,54\u20ac<\/em><\/strong><em> (tres dies a la setmana m\u00ednim, a partir de dues setmanes) <\/em><\/p>\n<p><em><strong>Alumnes eventuals:<\/strong> <strong>8,29\u20ac\u00a0<\/strong> (per dia) <\/em><\/p>\n<h5 class=\"p6\">R\u00e0tio<\/h5>\n<p>16 alumnes\/monitor.<\/p>\n<h5>Men\u00fas<\/h5>\n<ul style=\"list-style-type: square;\">\n<li>Equilibrats, variats,&#8230;<\/li>\n<li>Es lliura una c\u00f2pia als usuaris cada mes, amb meus derivacions i amb una recomanaci\u00f3 de sopar.<\/li>\n<li>Men\u00fa al web del centre i a Fundesplai.<\/li>\n<\/ul>\n<h5>Informes m\u00e8dics<\/h5>\n<ul>\n<li>S\u2019han de portar a l\u2019inici de cada curs els informes de dietes especials: d\u2019al\u00b7l\u00e8rgies i intoler\u00e0ncies. (no coses que no agraden).<\/li>\n<li>Es recullen anualment a secretaria.<\/li>\n<\/ul>\n<h5>P\u00edcnic Sortides<\/h5>\n<p>Tots els alumnes del menjador tindran un p\u00edcnic quan hi hagi una sortida fora del poble.<\/p>\n<p>S&#8217;ha d&#8217;avisar amb dos dies d&#8217;antelaci\u00f3 si l&#8217;alumne no vol el p\u00edcnic d&#8217;una sortida. En aquest cas es descomptar\u00e0 la meitat de la quota del dia.<\/p>\n<h5>Comissi\u00f3 de menjador<\/h5>\n<p>Dues vegades per curs i sense avisar fan una valoraci\u00f3 del servei un mestre i un pare o mare.<\/p>\n<h5>Pagament<\/h5>\n<p>Les fam\u00edlies fan la inscripci\u00f3 per internet, tal i com indica la carta que se\u2019ls lliurar\u00e0. El pagament de P3 es compta a partir del dia que comencen. La Fundaci\u00f3 Catalana de l\u2019Esplai emetr\u00e0 un rebut mensual que va del dia 25 al 25 de cada mes. <span style=\"color: #993300;\"><strong>Si es deixa de pagar el rebut d\u2019un mes, l\u2019alumne no podr\u00e0 fer \u00fas del servei\u00a0 de menjador fins que no es regularitzi la situaci\u00f3<\/strong>.<\/span><\/p>\n<h5>Altres<\/h5>\n<p><strong>Material:<\/strong> portar bata de menjador de i3 fins a 1r. A 2n \u00e9s opcional.<\/p>\n<p><strong>Malalties cr\u00f2niques:<\/strong> Cal adjuntar informe m\u00e8dic de l\u2019especialista i confirmar-ho anualment.<\/p>\n<p><strong>Informes:<\/strong> i3 diaris (mitjan\u00e7ant la llibreta viatgera), i4 i i5 mensuals, i prim\u00e0ria trimestrals.<\/p>\n<h5>Activitats despr\u00e9s de dinar<\/h5>\n<ul style=\"list-style-type: square;\">\n<li>Els alumnes de i3 fan migdiada (normalment els dos primers trimestres).<\/li>\n<li>La resta d\u2019alumnes fan racons de joc<br \/>\n<h6><\/h6>\n<\/li>\n<\/ul>\n<p style=\"text-align: left;\"><a href=\"https:\/\/escoles.fundesplai.org\/escola-josep-ferra-esteva\/\" target=\"_blank\" rel=\"noopener noreferrer\">Enlla\u00e7 a Fundesplai<\/a><\/p>\n<p>&nbsp;<\/p>\n","protected":false},"excerpt":{"rendered":"<p>Calendari Inici del servei: 8 de setembre de 2025. Final del servei: 19 de juny de 2026. Horari d\u2019atenci\u00f3 09.00 &#8211; 09.30h Coordinadora: Pendent La fam\u00edlia ha d\u2019avisar tamb\u00e9 la tutora dels canvis per saber si es queda o marxa (amb l\u2019agenda). Correu electr\u00f2nic: menjadorferra@gmail.com Tel\u00e8fon: 671609674 (es prega no utilitzar el tel\u00e8fon de l&#8217;escola [&hellip;]<\/p>\n","protected":false},"author":1,"featured_media":0,"parent":64,"menu_order":30,"comment_status":"closed","ping_status":"closed","template":"","meta":{"_bbp_topic_count":0,"_bbp_reply_count":0,"_bbp_total_topic_count":0,"_bbp_total_reply_count":0,"_bbp_voice_count":0,"_bbp_anonymous_reply_count":0,"_bbp_topic_count_hidden":0,"_bbp_reply_count_hidden":0,"_bbp_forum_subforum_count":0,"site-sidebar-layout":"default","site-content-layout":"","ast-site-content-layout":"default","site-content-style":"default","site-sidebar-style":"default","ast-global-header-display":"","ast-banner-title-visibility":"","ast-main-header-display":"","ast-hfb-above-header-display":"","ast-hfb-below-header-display":"","ast-hfb-mobile-header-display":"","site-post-title":"","ast-breadcrumbs-content":"","ast-featured-img":"","footer-sml-layout":"","theme-transparent-header-meta":"default","adv-header-id-meta":"","stick-header-meta":"","header-above-stick-meta":"","header-main-stick-meta":"","header-below-stick-meta":"","astra-migrate-meta-layouts":"set","ast-page-background-enabled":"default","ast-page-background-meta":{"desktop":{"background-color":"var(--ast-global-color-4)","background-image":"","background-repeat":"repeat","background-position":"center center","background-size":"auto","background-attachment":"scroll","background-type":"","background-media":"","overlay-type":"","overlay-color":"","overlay-opacity":"","overlay-gradient":""},"tablet":{"background-color":"","background-image":"","background-repeat":"repeat","background-position":"center center","background-size":"auto","background-attachment":"scroll","background-type":"","background-media":"","overlay-type":"","overlay-color":"","overlay-opacity":"","overlay-gradient":""},"mobile":{"background-color":"","background-image":"","background-repeat":"repeat","background-position":"center center","background-size":"auto","background-attachment":"scroll","background-type":"","background-media":"","overlay-type":"","overlay-color":"","overlay-opacity":"","overlay-gradient":""}},"ast-content-background-meta":{"desktop":{"background-color":"var(--ast-global-color-5)","background-image":"","background-repeat":"repeat","background-position":"center center","background-size":"auto","background-attachment":"scroll","background-type":"","background-media":"","overlay-type":"","overlay-color":"","overlay-opacity":"","overlay-gradient":""},"tablet":{"background-color":"var(--ast-global-color-5)","background-image":"","background-repeat":"repeat","background-position":"center center","background-size":"auto","background-attachment":"scroll","background-type":"","background-media":"","overlay-type":"","overlay-color":"","overlay-opacity":"","overlay-gradient":""},"mobile":{"background-color":"var(--ast-global-color-5)","background-image":"","background-repeat":"repeat","background-position":"center center","background-size":"auto","background-attachment":"scroll","background-type":"","background-media":"","overlay-type":"","overlay-color":"","overlay-opacity":"","overlay-gradient":""}},"footnotes":""},"class_list":["post-73","page","type-page","status-publish","hentry"],"post_mailing_queue_ids":[],"_links":{"self":[{"href":"https:\/\/agora.xtec.cat\/ceip-ferra\/wp-json\/wp\/v2\/pages\/73","targetHints":{"allow":["GET"]}}],"collection":[{"href":"https:\/\/agora.xtec.cat\/ceip-ferra\/wp-json\/wp\/v2\/pages"}],"about":[{"href":"https:\/\/agora.xtec.cat\/ceip-ferra\/wp-json\/wp\/v2\/types\/page"}],"author":[{"embeddable":true,"href":"https:\/\/agora.xtec.cat\/ceip-ferra\/wp-json\/wp\/v2\/users\/1"}],"replies":[{"embeddable":true,"href":"https:\/\/agora.xtec.cat\/ceip-ferra\/wp-json\/wp\/v2\/comments?post=73"}],"version-history":[{"count":6,"href":"https:\/\/agora.xtec.cat\/ceip-ferra\/wp-json\/wp\/v2\/pages\/73\/revisions"}],"predecessor-version":[{"id":9816,"href":"https:\/\/agora.xtec.cat\/ceip-ferra\/wp-json\/wp\/v2\/pages\/73\/revisions\/9816"}],"up":[{"embeddable":true,"href":"https:\/\/agora.xtec.cat\/ceip-ferra\/wp-json\/wp\/v2\/pages\/64"}],"wp:attachment":[{"href":"https:\/\/agora.xtec.cat\/ceip-ferra\/wp-json\/wp\/v2\/media?parent=73"}],"curies":[{"name":"wp","href":"https:\/\/api.w.org\/{rel}","templated":true}]}}

<h5></h5>
<h5 class="p6"><a href="https://agora.xtec.cat/ceip-ferra/wp-content/uploads/usu925/2023/02/Fundesplai.jpg"><img loading="lazy" decoding="async" class="alignnone size-large wp-image-8333" src="https://agora.xtec.cat/ceip-ferra/wp-content/uploads/usu925/2023/02/Fundesplai-1024x725.jpg" alt="" width="1024" height="725" srcset="https://agora.xtec.cat/ceip-ferra/wp-content/uploads/usu925/2023/02/Fundesplai-1024x725.jpg 1024w, https://agora.xtec.cat/ceip-ferra/wp-content/uploads/usu925/2023/02/Fundesplai-300x212.jpg 300w, https://agora.xtec.cat/ceip-ferra/wp-content/uploads/usu925/2023/02/Fundesplai-768x543.jpg 768w, https://agora.xtec.cat/ceip-ferra/wp-content/uploads/usu925/2023/02/Fundesplai-1536x1087.jpg 1536w, https://agora.xtec.cat/ceip-ferra/wp-content/uploads/usu925/2023/02/Fundesplai.jpg 1737w" sizes="auto, (max-width: 1024px) 100vw, 1024px" /></a></h5>
<h5 class="p6">Calendari</h5>
<p>Inici del servei: 8 de setembre de 2025.</p>
<p>Final del servei: 19 de juny de 2026.</p>
<h5 class="p6">Horari d’atenció</h5>
<p>09.00 &#8211; 09.30h</p>
<p>Coordinadora: <strong><span style="color: #993300;">Pendent</span></strong></p>
<p>La família ha d’avisar també la tutora dels canvis per saber si es queda o marxa (amb l’agenda).</p>
<p class="btn-simple"><span style="color: #993300;"><strong> Correu electrònic: menjadorferra@gmail.com</strong></span></p>
<p class="btn-simple"><span style="color: #993300;"><strong> Telèfon: 671609674</strong></span></p>
<p class="btn_5"><strong><span style="color: #993300;"> (es prega no utilitzar el telèfon de l&#8217;escola per temes del menjador)</span> </strong></p>
<h5 class="p6">Preu del servei</h5>
<p>Inclou menjar, monitoratge, material dels tallers, inversions i manteniment del menjador.</p>
<p><strong><em>Alumnes fixes: 7,54€</em></strong><em> (tres dies a la setmana mínim, a partir de dues setmanes) </em></p>
<p><em><strong>Alumnes eventuals:</strong> <strong>8,29€ </strong> (per dia) </em></p>
<h5 class="p6">Ràtio</h5>
<p>16 alumnes/monitor.</p>
<h5>Menús</h5>
<ul style="list-style-type: square;">
<li>Equilibrats, variats,&#8230;</li>
<li>Es lliura una còpia als usuaris cada mes, amb meus derivacions i amb una recomanació de sopar.</li>
<li>Menú al web del centre i a Fundesplai.</li>
</ul>
<h5>Informes mèdics</h5>
<ul>
<li>S’han de portar a l’inici de cada curs els informes de dietes especials: d’al·lèrgies i intoleràncies. (no coses que no agraden).</li>
<li>Es recullen anualment a secretaria.</li>
</ul>
<h5>Pícnic Sortides</h5>
<p>Tots els alumnes del menjador tindran un pícnic quan hi hagi una sortida fora del poble.</p>
<p>S&#8217;ha d&#8217;avisar amb dos dies d&#8217;antelació si l&#8217;alumne no vol el pícnic d&#8217;una sortida. En aquest cas es descomptarà la meitat de la quota del dia.</p>
<h5>Comissió de menjador</h5>
<p>Dues vegades per curs i sense avisar fan una valoració del servei un mestre i un pare o mare.</p>
<h5>Pagament</h5>
<p>Les famílies fan la inscripció per internet, tal i com indica la carta que se’ls lliurarà. El pagament de P3 es compta a partir del dia que comencen. La Fundació Catalana de l’Esplai emetrà un rebut mensual que va del dia 25 al 25 de cada mes. <span style="color: #993300;"><strong>Si es deixa de pagar el rebut d’un mes, l’alumne no podrà fer ús del servei  de menjador fins que no es regularitzi la situació</strong>.</span></p>
<h5>Altres</h5>
<p><strong>Material:</strong> portar bata de menjador de i3 fins a 1r. A 2n és opcional.</p>
<p><strong>Malalties cròniques:</strong> Cal adjuntar informe mèdic de l’especialista i confirmar-ho anualment.</p>
<p><strong>Informes:</strong> i3 diaris (mitjançant la llibreta viatgera), i4 i i5 mensuals, i primària trimestrals.</p>
<h5>Activitats després de dinar</h5>
<ul style="list-style-type: square;">
<li>Els alumnes de i3 fan migdiada (normalment els dos primers trimestres).</li>
<li>La resta d’alumnes fan racons de joc<br />
<h6></h6>
</li>
</ul>
<p style="text-align: left;"><a href="https://escoles.fundesplai.org/escola-josep-ferra-esteva/" target="_blank" rel="noopener noreferrer">Enllaç a Fundesplai</a></p>
<p>&nbsp;</p>

<p>Calendari Inici del servei: 8 de setembre de 2025. Final del servei: 19 de juny de 2026. Horari d’atenció 09.00 &#8211; 09.30h Coordinadora: Pendent La família ha d’avisar també la tutora dels canvis per saber si es queda o marxa (amb l’agenda). Correu electrònic: menjadorferra@gmail.com Telèfon: 671609674 (es prega no utilitzar el telèfon de l&#8217;escola [&hellip;]</p>
