{"id":6756,"date":"2021-04-13T11:56:50","date_gmt":"2021-04-13T09:56:50","guid":{"rendered":"http:\/\/agora.xtec.cat\/ceip-ferra\/?page_id=6756"},"modified":"2023-07-20T17:03:01","modified_gmt":"2023-07-20T15:03:01","slug":"objectius-a-partir-de-la-diagnosi","status":"publish","type":"page","link":"https:\/\/agora.xtec.cat\/ceip-ferra\/estrategia-digital-de-centre\/part-estrategica\/objectius\/objectius-a-partir-de-la-diagnosi\/","title":{"rendered":"Objectius espec\u00edfics que treballem al Ferr\u00e0"},"content":{"rendered":"<ul>\n<li>Definir i planificar els \u00e0mbits d&#8217;actuaci\u00f3 i les l\u00ednies generals de planificaci\u00f3 de les tecnologies en el centre<\/li>\n<li>Fixar els serveis digitals del centre, promoure i facilitar la participaci\u00f3 de la comunitat educativa en el seu \u00fas i fer-ne el seguiment<\/li>\n<li>Establir la l\u00ednia temporal d&#8217;aplicaci\u00f3 anual del pla TAC, avaluar el seu assoliment i proposar les futures l\u00ednies d&#8217;actuaci\u00f3<\/li>\n<li>Definir les aplicacions metodol\u00f2giques de les tecnologies en el centre, afavorir el seu \u00fas i vetllar per la seva pres\u00e8ncia a totes les \u00e0rees curriculars<\/li>\n<\/ul>\n<p><a href=\"https:\/\/agora.xtec.cat\/ceip-ferra\/wp-content\/uploads\/usu925\/2022\/04\/competencia_digital2.jpg\"><img loading=\"lazy\" decoding=\"async\" class=\"alignnone size-full wp-image-7563 aligncenter\" src=\"https:\/\/agora.xtec.cat\/ceip-ferra\/wp-content\/uploads\/usu925\/2022\/04\/competencia_digital2.jpg\" alt=\"\" width=\"234\" height=\"216\" \/><\/a><\/p>\n<ul>\n<li>Detectar les necessitats de recursos i gestionar els existents efica\u00e7ment quant a \u00fas i manteniment<\/li>\n<li>Establir les tasques associades a l&#8217;aplicaci\u00f3 del pla TAC i els responsables corresponents<\/li>\n<li>Gestionar l&#8217;organitzaci\u00f3 d&#8217;espais, recursos i agrupaments per tal d&#8217;afavorir l&#8217;\u00fas de les tecnologies en el centre en les condicions m\u00e9s adients<\/li>\n<li>Vetllar per un \u00fas de les TAC de forma segura, establint les normes d&#8217;\u00fas i seguint els protocols de drets d&#8217;autoria i llic\u00e8ncies digitals<\/li>\n<li>Assegurar la inclusi\u00f3 digital de tot l&#8217;alumnat i el professorat definint les eines necess\u00e0ries i garantir-ne l&#8217;accessibilitat a tots els recursos<\/li>\n<li>Aplicar les TAC per tal de dur a terme el proc\u00e9s de millora dels aprenentatges, adaptant-los a les caracter\u00edstiques de les mat\u00e8ries i les necessitats de l&#8217;alumnat<\/li>\n<li>Definir les necessitats de formaci\u00f3 del professorat i promoure el treball en xarxa dins i fora del centre<\/li>\n<\/ul>\n","protected":false},"excerpt":{"rendered":"<p>Definir i planificar els \u00e0mbits d&#8217;actuaci\u00f3 i les l\u00ednies generals de planificaci\u00f3 de les tecnologies en el centre Fixar els serveis digitals del centre, promoure i facilitar la participaci\u00f3 de la comunitat educativa en el seu \u00fas i fer-ne el seguiment Establir la l\u00ednia temporal d&#8217;aplicaci\u00f3 anual del pla TAC, avaluar el seu assoliment i [&hellip;]<\/p>\n","protected":false},"author":3,"featured_media":0,"parent":6679,"menu_order":0,"comment_status":"closed","ping_status":"closed","template":"","meta":{"_bbp_topic_count":0,"_bbp_reply_count":0,"_bbp_total_topic_count":0,"_bbp_total_reply_count":0,"_bbp_voice_count":0,"_bbp_anonymous_reply_count":0,"_bbp_topic_count_hidden":0,"_bbp_reply_count_hidden":0,"_bbp_forum_subforum_count":0,"site-sidebar-layout":"default","site-content-layout":"","ast-site-content-layout":"","site-content-style":"default","site-sidebar-style":"default","ast-global-header-display":"","ast-banner-title-visibility":"","ast-main-header-display":"","ast-hfb-above-header-display":"","ast-hfb-below-header-display":"","ast-hfb-mobile-header-display":"","site-post-title":"","ast-breadcrumbs-content":"","ast-featured-img":"","footer-sml-layout":"","theme-transparent-header-meta":"","adv-header-id-meta":"","stick-header-meta":"","header-above-stick-meta":"","header-main-stick-meta":"","header-below-stick-meta":"","astra-migrate-meta-layouts":"default","ast-page-background-enabled":"default","ast-page-background-meta":{"desktop":{"background-color":"var(--ast-global-color-4)","background-image":"","background-repeat":"repeat","background-position":"center center","background-size":"auto","background-attachment":"scroll","background-type":"","background-media":"","overlay-type":"","overlay-color":"","overlay-opacity":"","overlay-gradient":""},"tablet":{"background-color":"","background-image":"","background-repeat":"repeat","background-position":"center center","background-size":"auto","background-attachment":"scroll","background-type":"","background-media":"","overlay-type":"","overlay-color":"","overlay-opacity":"","overlay-gradient":""},"mobile":{"background-color":"","background-image":"","background-repeat":"repeat","background-position":"center center","background-size":"auto","background-attachment":"scroll","background-type":"","background-media":"","overlay-type":"","overlay-color":"","overlay-opacity":"","overlay-gradient":""}},"ast-content-background-meta":{"desktop":{"background-color":"var(--ast-global-color-5)","background-image":"","background-repeat":"repeat","background-position":"center center","background-size":"auto","background-attachment":"scroll","background-type":"","background-media":"","overlay-type":"","overlay-color":"","overlay-opacity":"","overlay-gradient":""},"tablet":{"background-color":"var(--ast-global-color-5)","background-image":"","background-repeat":"repeat","background-position":"center center","background-size":"auto","background-attachment":"scroll","background-type":"","background-media":"","overlay-type":"","overlay-color":"","overlay-opacity":"","overlay-gradient":""},"mobile":{"background-color":"var(--ast-global-color-5)","background-image":"","background-repeat":"repeat","background-position":"center center","background-size":"auto","background-attachment":"scroll","background-type":"","background-media":"","overlay-type":"","overlay-color":"","overlay-opacity":"","overlay-gradient":""}},"footnotes":""},"class_list":["post-6756","page","type-page","status-publish","hentry"],"post_mailing_queue_ids":[],"_links":{"self":[{"href":"https:\/\/agora.xtec.cat\/ceip-ferra\/wp-json\/wp\/v2\/pages\/6756","targetHints":{"allow":["GET"]}}],"collection":[{"href":"https:\/\/agora.xtec.cat\/ceip-ferra\/wp-json\/wp\/v2\/pages"}],"about":[{"href":"https:\/\/agora.xtec.cat\/ceip-ferra\/wp-json\/wp\/v2\/types\/page"}],"author":[{"embeddable":true,"href":"https:\/\/agora.xtec.cat\/ceip-ferra\/wp-json\/wp\/v2\/users\/3"}],"replies":[{"embeddable":true,"href":"https:\/\/agora.xtec.cat\/ceip-ferra\/wp-json\/wp\/v2\/comments?post=6756"}],"version-history":[{"count":3,"href":"https:\/\/agora.xtec.cat\/ceip-ferra\/wp-json\/wp\/v2\/pages\/6756\/revisions"}],"predecessor-version":[{"id":7564,"href":"https:\/\/agora.xtec.cat\/ceip-ferra\/wp-json\/wp\/v2\/pages\/6756\/revisions\/7564"}],"up":[{"embeddable":true,"href":"https:\/\/agora.xtec.cat\/ceip-ferra\/wp-json\/wp\/v2\/pages\/6679"}],"wp:attachment":[{"href":"https:\/\/agora.xtec.cat\/ceip-ferra\/wp-json\/wp\/v2\/media?parent=6756"}],"curies":[{"name":"wp","href":"https:\/\/api.w.org\/{rel}","templated":true}]}}

Objectius específics que treballem al Ferrà

<ul>
<li>Definir i planificar els àmbits d&#8217;actuació i les línies generals de planificació de les tecnologies en el centre</li>
<li>Fixar els serveis digitals del centre, promoure i facilitar la participació de la comunitat educativa en el seu ús i fer-ne el seguiment</li>
<li>Establir la línia temporal d&#8217;aplicació anual del pla TAC, avaluar el seu assoliment i proposar les futures línies d&#8217;actuació</li>
<li>Definir les aplicacions metodològiques de les tecnologies en el centre, afavorir el seu ús i vetllar per la seva presència a totes les àrees curriculars</li>
</ul>
<p><a href="https://agora.xtec.cat/ceip-ferra/wp-content/uploads/usu925/2022/04/competencia_digital2.jpg"><img loading="lazy" decoding="async" class="alignnone size-full wp-image-7563 aligncenter" src="https://agora.xtec.cat/ceip-ferra/wp-content/uploads/usu925/2022/04/competencia_digital2.jpg" alt="" width="234" height="216" /></a></p>
<ul>
<li>Detectar les necessitats de recursos i gestionar els existents eficaçment quant a ús i manteniment</li>
<li>Establir les tasques associades a l&#8217;aplicació del pla TAC i els responsables corresponents</li>
<li>Gestionar l&#8217;organització d&#8217;espais, recursos i agrupaments per tal d&#8217;afavorir l&#8217;ús de les tecnologies en el centre en les condicions més adients</li>
<li>Vetllar per un ús de les TAC de forma segura, establint les normes d&#8217;ús i seguint els protocols de drets d&#8217;autoria i llicències digitals</li>
<li>Assegurar la inclusió digital de tot l&#8217;alumnat i el professorat definint les eines necessàries i garantir-ne l&#8217;accessibilitat a tots els recursos</li>
<li>Aplicar les TAC per tal de dur a terme el procés de millora dels aprenentatges, adaptant-los a les característiques de les matèries i les necessitats de l&#8217;alumnat</li>
<li>Definir les necessitats de formació del professorat i promoure el treball en xarxa dins i fora del centre</li>
</ul>

<p>Definir i planificar els àmbits d&#8217;actuació i les línies generals de planificació de les tecnologies en el centre Fixar els serveis digitals del centre, promoure i facilitar la participació de la comunitat educativa en el seu ús i fer-ne el seguiment Establir la línia temporal d&#8217;aplicació anual del pla TAC, avaluar el seu assoliment i [&hellip;]</p>
