{"id":6754,"date":"2021-04-13T11:56:31","date_gmt":"2021-04-13T09:56:31","guid":{"rendered":"http:\/\/agora.xtec.cat\/ceip-ferra\/?page_id=6754"},"modified":"2023-07-20T17:01:30","modified_gmt":"2023-07-20T15:01:30","slug":"objectius-vinculats-al-pec","status":"publish","type":"page","link":"https:\/\/agora.xtec.cat\/ceip-ferra\/estrategia-digital-de-centre\/part-estrategica\/objectius\/objectius-vinculats-al-pec\/","title":{"rendered":"Objectius dels 5 \u00e0mbits de l&#8217;Estrat\u00e8gia Digital de Centre"},"content":{"rendered":"<p><span style=\"text-decoration: underline;\"><strong> Assoliment de la compet\u00e8ncia digital<\/strong><\/span><\/p>\n<ul>\n<li>Assegurar l\u2019assoliment m\u00e0xim de la compet\u00e8ncia digital de tot l\u2019alumnat, del professorat i del centre.<\/li>\n<\/ul>\n<p><span style=\"text-decoration: underline;\"><strong> Planificaci\u00f3 estrat\u00e8gica i organitzaci\u00f3<\/strong><\/span><\/p>\n<ul>\n<li>Planificar el desplegament i la implantaci\u00f3 de les tecnologies digitals en els \u00e0mbits educatiu, administratiu i comunicatiu.<\/li>\n<li>Assignar responsabilitats compartides en la gesti\u00f3 de la tecnologia en el centre i en els diferents aspectes relacionats amb la cultura digital.<\/li>\n<li>Establir criteris per definir les prioritats de dotaci\u00f3 dels recursos tecnol\u00f2gics i d\u2019assessorament, i de formaci\u00f3 del professorat.<\/li>\n<li>Establir la pres\u00e8ncia del centre a Internet (portal web del centre, plataforma virtual, xarxes socials&#8230;), per tal de definir la identitat digital del centre i la seva difusi\u00f3.<\/li>\n<li>Integrar en un document tots els aspectes relacionats amb la implementaci\u00f3 de les tecnologies digitals i vetllar perqu\u00e8 siguin coherents amb el PEC del qual forma part.<\/li>\n<li>Concretar les infraestructures i maquinari que es requereixen per assolir els objectius anteriors.<\/li>\n<li>Fomentar la inclusivitat de tota la comunitat educativa en l\u2019assoliment del m\u00e0xim nivell de compet\u00e8ncia digital.<\/li>\n<li>Implicar la comunitat educativa en l\u2019elaboraci\u00f3 de l\u2019EDC.<\/li>\n<li>Divulgar l\u2019EDC a la comunitat escolar.<\/li>\n<\/ul>\n<p><span style=\"text-decoration: underline;\"><strong> Metodologies did\u00e0ctiques i innovaci\u00f3<\/strong><\/span><\/p>\n<ul>\n<li>Impulsar els usos curriculars de les tecnologies digitals i fer-ne el seguiment i avaluaci\u00f3.<\/li>\n<li>Fomentar una cultura de pr\u00e0ctica reflexiva i millora cont\u00ednua.<\/li>\n<li>Fomentar la formaci\u00f3 cont\u00ednua del professorat del centre, l\u2019aprenentatge entre iguals, i l\u2019intercanvi d\u2019experi\u00e8ncies did\u00e0ctiques i metodol\u00f2giques entre el professorat del centre i en xarxes externes al centre.<\/li>\n<\/ul>\n<p><span style=\"text-decoration: underline;\"><strong> Inclusi\u00f3 digital i de g\u00e8nere<\/strong><\/span><\/p>\n<ul>\n<li>Establir mesures per garantir la inclusi\u00f3 digital de l\u2019alumnat, professorat i fam\u00edlies, per evitar la bretxa digital.<\/li>\n<li>Promoure accions i iniciatives tecnol\u00f2giques per a la igualtat de g\u00e8nere i per afavorir la cohesi\u00f3 social.<\/li>\n<\/ul>\n<p><span style=\"text-decoration: underline;\"><strong> Seguretat i protecci\u00f3 de dades<\/strong><\/span><\/p>\n<ul>\n<li>Vetllar pel compliment de la normativa en els usos de la tecnologia, especialment en all\u00f2 que s\u2019estableix a la Llei org\u00e0nica 3\/2018, de protecci\u00f3 de dades personals i garantia dels drets digitals (LOPD), i a la Llei de propietat intel\u00b7lectual (LPI), aix\u00ed com les actualitzacions i lleis vigents en mat\u00e8ria de protecci\u00f3 de dades, i propietat intel\u00b7lectual en el moment que es publiquin les estrat\u00e8gies digitals de centre en la PGA.<\/li>\n<li>Establir mecanismes de cust\u00f2dia, seguretat i perman\u00e8ncia de les dades digitals del centre.<\/li>\n<li>Respectar l\u2019autoria en la tria, \u00fas i creaci\u00f3 de recursos digitals, tant per part de l\u2019alumnat com del professorat.<\/li>\n<li>Establir mesures de protecci\u00f3 de l\u2019alumnat i de les dades personals pel que fa a l\u2019\u00fas i instal\u00b7laci\u00f3 de plataformes i de programari.<\/li>\n<li>Establir mesures de protecci\u00f3 de l\u2019alumnat vers els continguts inadequats en l\u2019acc\u00e9s a Internet, tant dels equipaments del centre com dels personals de l\u2019alumne.<\/li>\n<\/ul>\n","protected":false},"excerpt":{"rendered":"<p>Assoliment de la compet\u00e8ncia digital Assegurar l\u2019assoliment m\u00e0xim de la compet\u00e8ncia digital de tot l\u2019alumnat, del professorat i del centre. Planificaci\u00f3 estrat\u00e8gica i organitzaci\u00f3 Planificar el desplegament i la implantaci\u00f3 de les tecnologies digitals en els \u00e0mbits educatiu, administratiu i comunicatiu. Assignar responsabilitats compartides en la gesti\u00f3 de la tecnologia en el centre i en [&hellip;]<\/p>\n","protected":false},"author":3,"featured_media":0,"parent":6679,"menu_order":0,"comment_status":"closed","ping_status":"closed","template":"","meta":{"_bbp_topic_count":0,"_bbp_reply_count":0,"_bbp_total_topic_count":0,"_bbp_total_reply_count":0,"_bbp_voice_count":0,"_bbp_anonymous_reply_count":0,"_bbp_topic_count_hidden":0,"_bbp_reply_count_hidden":0,"_bbp_forum_subforum_count":0,"site-sidebar-layout":"default","site-content-layout":"","ast-site-content-layout":"","site-content-style":"default","site-sidebar-style":"default","ast-global-header-display":"","ast-banner-title-visibility":"","ast-main-header-display":"","ast-hfb-above-header-display":"","ast-hfb-below-header-display":"","ast-hfb-mobile-header-display":"","site-post-title":"","ast-breadcrumbs-content":"","ast-featured-img":"","footer-sml-layout":"","theme-transparent-header-meta":"","adv-header-id-meta":"","stick-header-meta":"","header-above-stick-meta":"","header-main-stick-meta":"","header-below-stick-meta":"","astra-migrate-meta-layouts":"default","ast-page-background-enabled":"default","ast-page-background-meta":{"desktop":{"background-color":"var(--ast-global-color-4)","background-image":"","background-repeat":"repeat","background-position":"center center","background-size":"auto","background-attachment":"scroll","background-type":"","background-media":"","overlay-type":"","overlay-color":"","overlay-opacity":"","overlay-gradient":""},"tablet":{"background-color":"","background-image":"","background-repeat":"repeat","background-position":"center center","background-size":"auto","background-attachment":"scroll","background-type":"","background-media":"","overlay-type":"","overlay-color":"","overlay-opacity":"","overlay-gradient":""},"mobile":{"background-color":"","background-image":"","background-repeat":"repeat","background-position":"center center","background-size":"auto","background-attachment":"scroll","background-type":"","background-media":"","overlay-type":"","overlay-color":"","overlay-opacity":"","overlay-gradient":""}},"ast-content-background-meta":{"desktop":{"background-color":"var(--ast-global-color-5)","background-image":"","background-repeat":"repeat","background-position":"center center","background-size":"auto","background-attachment":"scroll","background-type":"","background-media":"","overlay-type":"","overlay-color":"","overlay-opacity":"","overlay-gradient":""},"tablet":{"background-color":"var(--ast-global-color-5)","background-image":"","background-repeat":"repeat","background-position":"center center","background-size":"auto","background-attachment":"scroll","background-type":"","background-media":"","overlay-type":"","overlay-color":"","overlay-opacity":"","overlay-gradient":""},"mobile":{"background-color":"var(--ast-global-color-5)","background-image":"","background-repeat":"repeat","background-position":"center center","background-size":"auto","background-attachment":"scroll","background-type":"","background-media":"","overlay-type":"","overlay-color":"","overlay-opacity":"","overlay-gradient":""}},"footnotes":""},"class_list":["post-6754","page","type-page","status-publish","hentry"],"post_mailing_queue_ids":[],"_links":{"self":[{"href":"https:\/\/agora.xtec.cat\/ceip-ferra\/wp-json\/wp\/v2\/pages\/6754","targetHints":{"allow":["GET"]}}],"collection":[{"href":"https:\/\/agora.xtec.cat\/ceip-ferra\/wp-json\/wp\/v2\/pages"}],"about":[{"href":"https:\/\/agora.xtec.cat\/ceip-ferra\/wp-json\/wp\/v2\/types\/page"}],"author":[{"embeddable":true,"href":"https:\/\/agora.xtec.cat\/ceip-ferra\/wp-json\/wp\/v2\/users\/3"}],"replies":[{"embeddable":true,"href":"https:\/\/agora.xtec.cat\/ceip-ferra\/wp-json\/wp\/v2\/comments?post=6754"}],"version-history":[{"count":3,"href":"https:\/\/agora.xtec.cat\/ceip-ferra\/wp-json\/wp\/v2\/pages\/6754\/revisions"}],"predecessor-version":[{"id":7560,"href":"https:\/\/agora.xtec.cat\/ceip-ferra\/wp-json\/wp\/v2\/pages\/6754\/revisions\/7560"}],"up":[{"embeddable":true,"href":"https:\/\/agora.xtec.cat\/ceip-ferra\/wp-json\/wp\/v2\/pages\/6679"}],"wp:attachment":[{"href":"https:\/\/agora.xtec.cat\/ceip-ferra\/wp-json\/wp\/v2\/media?parent=6754"}],"curies":[{"name":"wp","href":"https:\/\/api.w.org\/{rel}","templated":true}]}}

Objectius dels 5 àmbits de l&#8217;Estratègia Digital de Centre

<p><span style="text-decoration: underline;"><strong> Assoliment de la competència digital</strong></span></p>
<ul>
<li>Assegurar l’assoliment màxim de la competència digital de tot l’alumnat, del professorat i del centre.</li>
</ul>
<p><span style="text-decoration: underline;"><strong> Planificació estratègica i organització</strong></span></p>
<ul>
<li>Planificar el desplegament i la implantació de les tecnologies digitals en els àmbits educatiu, administratiu i comunicatiu.</li>
<li>Assignar responsabilitats compartides en la gestió de la tecnologia en el centre i en els diferents aspectes relacionats amb la cultura digital.</li>
<li>Establir criteris per definir les prioritats de dotació dels recursos tecnològics i d’assessorament, i de formació del professorat.</li>
<li>Establir la presència del centre a Internet (portal web del centre, plataforma virtual, xarxes socials&#8230;), per tal de definir la identitat digital del centre i la seva difusió.</li>
<li>Integrar en un document tots els aspectes relacionats amb la implementació de les tecnologies digitals i vetllar perquè siguin coherents amb el PEC del qual forma part.</li>
<li>Concretar les infraestructures i maquinari que es requereixen per assolir els objectius anteriors.</li>
<li>Fomentar la inclusivitat de tota la comunitat educativa en l’assoliment del màxim nivell de competència digital.</li>
<li>Implicar la comunitat educativa en l’elaboració de l’EDC.</li>
<li>Divulgar l’EDC a la comunitat escolar.</li>
</ul>
<p><span style="text-decoration: underline;"><strong> Metodologies didàctiques i innovació</strong></span></p>
<ul>
<li>Impulsar els usos curriculars de les tecnologies digitals i fer-ne el seguiment i avaluació.</li>
<li>Fomentar una cultura de pràctica reflexiva i millora contínua.</li>
<li>Fomentar la formació contínua del professorat del centre, l’aprenentatge entre iguals, i l’intercanvi d’experiències didàctiques i metodològiques entre el professorat del centre i en xarxes externes al centre.</li>
</ul>
<p><span style="text-decoration: underline;"><strong> Inclusió digital i de gènere</strong></span></p>
<ul>
<li>Establir mesures per garantir la inclusió digital de l’alumnat, professorat i famílies, per evitar la bretxa digital.</li>
<li>Promoure accions i iniciatives tecnològiques per a la igualtat de gènere i per afavorir la cohesió social.</li>
</ul>
<p><span style="text-decoration: underline;"><strong> Seguretat i protecció de dades</strong></span></p>
<ul>
<li>Vetllar pel compliment de la normativa en els usos de la tecnologia, especialment en allò que s’estableix a la Llei orgànica 3/2018, de protecció de dades personals i garantia dels drets digitals (LOPD), i a la Llei de propietat intel·lectual (LPI), així com les actualitzacions i lleis vigents en matèria de protecció de dades, i propietat intel·lectual en el moment que es publiquin les estratègies digitals de centre en la PGA.</li>
<li>Establir mecanismes de custòdia, seguretat i permanència de les dades digitals del centre.</li>
<li>Respectar l’autoria en la tria, ús i creació de recursos digitals, tant per part de l’alumnat com del professorat.</li>
<li>Establir mesures de protecció de l’alumnat i de les dades personals pel que fa a l’ús i instal·lació de plataformes i de programari.</li>
<li>Establir mesures de protecció de l’alumnat vers els continguts inadequats en l’accés a Internet, tant dels equipaments del centre com dels personals de l’alumne.</li>
</ul>

<p>Assoliment de la competència digital Assegurar l’assoliment màxim de la competència digital de tot l’alumnat, del professorat i del centre. Planificació estratègica i organització Planificar el desplegament i la implantació de les tecnologies digitals en els àmbits educatiu, administratiu i comunicatiu. Assignar responsabilitats compartides en la gestió de la tecnologia en el centre i en [&hellip;]</p>
