{"id":6692,"date":"2021-04-12T16:27:12","date_gmt":"2021-04-12T14:27:12","guid":{"rendered":"http:\/\/agora.xtec.cat\/ceip-ferra\/?page_id=6692"},"modified":"2023-07-20T17:04:57","modified_gmt":"2023-07-20T15:04:57","slug":"avaluacio-i-millora","status":"publish","type":"page","link":"https:\/\/agora.xtec.cat\/ceip-ferra\/estrategia-digital-de-centre\/part-estrategica\/avaluacio-i-millora\/","title":{"rendered":"Avaluaci\u00f3 i Millora"},"content":{"rendered":"<p><strong>ESTRAT\u00c8GIA DIGITAL DE CENTRE<\/strong><\/p>\n<p>Les actuacions que s&#8217;han planificat pel curs 2022-23 s\u00f3n les que apareixen a continuaci\u00f3 i totes s&#8217;han dut a terme i han estat valorades positivament<\/p>\n<table width=\"850\">\n<tbody>\n<tr>\n<td width=\"359\"><strong>PLANIFICACI\u00d3<\/strong><\/td>\n<td width=\"491\"><strong>ACTUACIONS<\/strong><\/td>\n<\/tr>\n<tr>\n<td rowspan=\"2\" width=\"359\">\n<h2>ESTRAT\u00c8GIA, LIDERATGE I GESTI\u00d3<\/h2>\n<\/td>\n<td width=\"491\">Realitzar una diagnosi de les TAC al centre en tots els seus vessants (infraestructures i equipaments)<\/td>\n<\/tr>\n<tr>\n<td width=\"491\">Crear la comissi\u00f3 TAC de centre integrada per l&#8217;equip directiu i professorat<\/td>\n<\/tr>\n<tr>\n<td rowspan=\"2\" width=\"359\">\n<h2>USOS CURRICULARS<\/h2>\n<\/td>\n<td width=\"491\">Definir i graduar els usos de les TAC en funci\u00f3 del nivell educatiu i de les activitats establertes a les diferents \u00e0rees<\/td>\n<\/tr>\n<tr>\n<td width=\"491\">Definir els nivells de compet\u00e8ncia digital de l&#8217;alumnat a assolir a cada nivell educatiu<\/td>\n<\/tr>\n<tr>\n<td rowspan=\"2\" width=\"359\">\n<h2>SEGUIMENT, AVALUACI\u00d3 I MILLORA<\/h2>\n<\/td>\n<td width=\"491\">Revisar la documentaci\u00f3 del centre amb l&#8217;objectiu d&#8217;introduir-hi l&#8217;esment a l&#8217;\u00fas de les tecnologies<\/td>\n<\/tr>\n<tr>\n<td width=\"491\">Definir mecanismes d&#8217;avaluaci\u00f3 de la compet\u00e8ncia digital de l&#8217;alumnat com a compet\u00e8ncia b\u00e0sica transversal<\/td>\n<\/tr>\n<\/tbody>\n<\/table>\n<p>.<\/p>\n<p>&nbsp;<\/p>\n<p>&nbsp;<\/p>\n","protected":false},"excerpt":{"rendered":"<p>ESTRAT\u00c8GIA DIGITAL DE CENTRE Les actuacions que s&#8217;han planificat pel curs 2022-23 s\u00f3n les que apareixen a continuaci\u00f3 i totes s&#8217;han dut a terme i han estat valorades positivament PLANIFICACI\u00d3 ACTUACIONS ESTRAT\u00c8GIA, LIDERATGE I GESTI\u00d3 Realitzar una diagnosi de les TAC al centre en tots els seus vessants (infraestructures i equipaments) Crear la comissi\u00f3 TAC [&hellip;]<\/p>\n","protected":false},"author":3,"featured_media":0,"parent":6675,"menu_order":0,"comment_status":"closed","ping_status":"closed","template":"","meta":{"_bbp_topic_count":0,"_bbp_reply_count":0,"_bbp_total_topic_count":0,"_bbp_total_reply_count":0,"_bbp_voice_count":0,"_bbp_anonymous_reply_count":0,"_bbp_topic_count_hidden":0,"_bbp_reply_count_hidden":0,"_bbp_forum_subforum_count":0,"site-sidebar-layout":"default","site-content-layout":"","ast-site-content-layout":"","site-content-style":"default","site-sidebar-style":"default","ast-global-header-display":"","ast-banner-title-visibility":"","ast-main-header-display":"","ast-hfb-above-header-display":"","ast-hfb-below-header-display":"","ast-hfb-mobile-header-display":"","site-post-title":"","ast-breadcrumbs-content":"","ast-featured-img":"","footer-sml-layout":"","theme-transparent-header-meta":"","adv-header-id-meta":"","stick-header-meta":"","header-above-stick-meta":"","header-main-stick-meta":"","header-below-stick-meta":"","astra-migrate-meta-layouts":"default","ast-page-background-enabled":"default","ast-page-background-meta":{"desktop":{"background-color":"var(--ast-global-color-4)","background-image":"","background-repeat":"repeat","background-position":"center center","background-size":"auto","background-attachment":"scroll","background-type":"","background-media":"","overlay-type":"","overlay-color":"","overlay-opacity":"","overlay-gradient":""},"tablet":{"background-color":"","background-image":"","background-repeat":"repeat","background-position":"center center","background-size":"auto","background-attachment":"scroll","background-type":"","background-media":"","overlay-type":"","overlay-color":"","overlay-opacity":"","overlay-gradient":""},"mobile":{"background-color":"","background-image":"","background-repeat":"repeat","background-position":"center center","background-size":"auto","background-attachment":"scroll","background-type":"","background-media":"","overlay-type":"","overlay-color":"","overlay-opacity":"","overlay-gradient":""}},"ast-content-background-meta":{"desktop":{"background-color":"var(--ast-global-color-5)","background-image":"","background-repeat":"repeat","background-position":"center center","background-size":"auto","background-attachment":"scroll","background-type":"","background-media":"","overlay-type":"","overlay-color":"","overlay-opacity":"","overlay-gradient":""},"tablet":{"background-color":"var(--ast-global-color-5)","background-image":"","background-repeat":"repeat","background-position":"center center","background-size":"auto","background-attachment":"scroll","background-type":"","background-media":"","overlay-type":"","overlay-color":"","overlay-opacity":"","overlay-gradient":""},"mobile":{"background-color":"var(--ast-global-color-5)","background-image":"","background-repeat":"repeat","background-position":"center center","background-size":"auto","background-attachment":"scroll","background-type":"","background-media":"","overlay-type":"","overlay-color":"","overlay-opacity":"","overlay-gradient":""}},"footnotes":""},"class_list":["post-6692","page","type-page","status-publish","hentry"],"post_mailing_queue_ids":[],"_links":{"self":[{"href":"https:\/\/agora.xtec.cat\/ceip-ferra\/wp-json\/wp\/v2\/pages\/6692","targetHints":{"allow":["GET"]}}],"collection":[{"href":"https:\/\/agora.xtec.cat\/ceip-ferra\/wp-json\/wp\/v2\/pages"}],"about":[{"href":"https:\/\/agora.xtec.cat\/ceip-ferra\/wp-json\/wp\/v2\/types\/page"}],"author":[{"embeddable":true,"href":"https:\/\/agora.xtec.cat\/ceip-ferra\/wp-json\/wp\/v2\/users\/3"}],"replies":[{"embeddable":true,"href":"https:\/\/agora.xtec.cat\/ceip-ferra\/wp-json\/wp\/v2\/comments?post=6692"}],"version-history":[{"count":3,"href":"https:\/\/agora.xtec.cat\/ceip-ferra\/wp-json\/wp\/v2\/pages\/6692\/revisions"}],"predecessor-version":[{"id":8615,"href":"https:\/\/agora.xtec.cat\/ceip-ferra\/wp-json\/wp\/v2\/pages\/6692\/revisions\/8615"}],"up":[{"embeddable":true,"href":"https:\/\/agora.xtec.cat\/ceip-ferra\/wp-json\/wp\/v2\/pages\/6675"}],"wp:attachment":[{"href":"https:\/\/agora.xtec.cat\/ceip-ferra\/wp-json\/wp\/v2\/media?parent=6692"}],"curies":[{"name":"wp","href":"https:\/\/api.w.org\/{rel}","templated":true}]}}

Avaluació i Millora

<p><strong>ESTRATÈGIA DIGITAL DE CENTRE</strong></p>
<p>Les actuacions que s&#8217;han planificat pel curs 2022-23 són les que apareixen a continuació i totes s&#8217;han dut a terme i han estat valorades positivament</p>
<table width="850">
<tbody>
<tr>
<td width="359"><strong>PLANIFICACIÓ</strong></td>
<td width="491"><strong>ACTUACIONS</strong></td>
</tr>
<tr>
<td rowspan="2" width="359">
<h2>ESTRATÈGIA, LIDERATGE I GESTIÓ</h2>
</td>
<td width="491">Realitzar una diagnosi de les TAC al centre en tots els seus vessants (infraestructures i equipaments)</td>
</tr>
<tr>
<td width="491">Crear la comissió TAC de centre integrada per l&#8217;equip directiu i professorat</td>
</tr>
<tr>
<td rowspan="2" width="359">
<h2>USOS CURRICULARS</h2>
</td>
<td width="491">Definir i graduar els usos de les TAC en funció del nivell educatiu i de les activitats establertes a les diferents àrees</td>
</tr>
<tr>
<td width="491">Definir els nivells de competència digital de l&#8217;alumnat a assolir a cada nivell educatiu</td>
</tr>
<tr>
<td rowspan="2" width="359">
<h2>SEGUIMENT, AVALUACIÓ I MILLORA</h2>
</td>
<td width="491">Revisar la documentació del centre amb l&#8217;objectiu d&#8217;introduir-hi l&#8217;esment a l&#8217;ús de les tecnologies</td>
</tr>
<tr>
<td width="491">Definir mecanismes d&#8217;avaluació de la competència digital de l&#8217;alumnat com a competència bàsica transversal</td>
</tr>
</tbody>
</table>
<p>.</p>
<p>&nbsp;</p>
<p>&nbsp;</p>

<p>ESTRATÈGIA DIGITAL DE CENTRE Les actuacions que s&#8217;han planificat pel curs 2022-23 són les que apareixen a continuació i totes s&#8217;han dut a terme i han estat valorades positivament PLANIFICACIÓ ACTUACIONS ESTRATÈGIA, LIDERATGE I GESTIÓ Realitzar una diagnosi de les TAC al centre en tots els seus vessants (infraestructures i equipaments) Crear la comissió TAC [&hellip;]</p>
