{"id":476,"date":"2017-11-15T15:52:01","date_gmt":"2017-11-15T14:52:01","guid":{"rendered":"http:\/\/agora.xtec.cat\/ceip-ferra\/?page_id=476"},"modified":"2024-02-07T09:21:36","modified_gmt":"2024-02-07T08:21:36","slug":"acollida","status":"publish","type":"page","link":"https:\/\/agora.xtec.cat\/ceip-ferra\/families\/acollida\/","title":{"rendered":"Servei d&#8217;Acollida"},"content":{"rendered":"<h4><strong>PLANIFICACI\u00d3 i ORGANITZACI\u00d3 DEL SERVEI D&#8217;ACOLLIDA<\/strong><\/h4>\n<p><strong>TEL\u00c8FON DE CONTACTE<\/strong><\/p>\n<ul>\n<li>El tel\u00e8fon de contacte del servei d\u2019acollida \u00e9s el <strong>611803342.<\/strong><\/li>\n<\/ul>\n<p><strong>MONITORES <\/strong><\/p>\n<ul>\n<li>Esther Adolfo L\u00f3pez<\/li>\n<li>S\u00edlvia Artero Flores<\/li>\n<\/ul>\n<p><strong>HORARI\u00a0<\/strong><\/p>\n<ul>\n<li>Mat\u00ed: de 07.45h a 09.00h.<\/li>\n<li>Tarda:\u00a0 de 16.30h a 17.30h.<\/li>\n<\/ul>\n<p><strong>ESPAI\u00a0<\/strong><\/p>\n<ul>\n<li>Menjador escolar.<\/li>\n<li>Lavabos del porxo, accedint-hi des de la porta interior.<\/li>\n<\/ul>\n<p><strong>PREUS MENSUALS<\/strong><\/p>\n<ul>\n<li>5% de descompte per a les fam\u00edlies nombroses i monoparentals.<\/li>\n<li>Meitat de preu de la quota inicial pel 3r germ\u00e0.<\/li>\n<\/ul>\n<p><strong><u>Tarifes mat\u00ed<\/u><\/strong><\/p>\n<ul>\n<li>de 7.45h a 9.00h \u00a0\u00a0\u00a0\u00a0\u00a0\u00a0\u00a0\u00a0\u00a0\u00a0\u00a0\u00a0\u00a0\u00a0 43\u20ac\u00a0\u00a0\u00a0\u00a0\u00a0\u00a0 \u00a0\u00a0\u00a0\u00a0\u00a0\u00a0\u00a0\u00a0\u00a0\u00a0\u00a0\u00a0\u00a0\u00a0 40\u20ac germ\u00e0<\/li>\n<li>de 8.00h a 9.00h \u00a0\u00a0\u00a0\u00a0\u00a0\u00a0\u00a0\u00a0\u00a0\u00a0\u00a0\u00a0\u00a0\u00a0 37\u20ac\u00a0\u00a0\u00a0\u00a0\u00a0\u00a0 \u00a0\u00a0\u00a0\u00a0\u00a0\u00a0\u00a0\u00a0\u00a0\u00a0\u00a0\u00a0\u00a0\u00a0 34\u20ac germ\u00e0<\/li>\n<li>de 8.30h a 9.00h \u00a0\u00a0\u00a0\u00a0\u00a0\u00a0\u00a0\u00a0\u00a0\u00a0\u00a0\u00a0\u00a0\u00a0 28\u20ac\u00a0\u00a0\u00a0\u00a0\u00a0\u00a0 \u00a0\u00a0\u00a0\u00a0\u00a0\u00a0\u00a0\u00a0\u00a0\u00a0\u00a0\u00a0\u00a0\u00a0 25\u20ac germ\u00e0<\/li>\n<\/ul>\n<p><strong><u>Tarifes tarda<\/u><\/strong><\/p>\n<ul>\n<li>de 16.30h a 17.00h 28\u20ac\u00a0\u00a0\u00a0\u00a0\u00a0\u00a0 \u00a0\u00a0\u00a0\u00a0\u00a0\u00a0\u00a0\u00a0\u00a0\u00a0\u00a0\u00a0\u00a0\u00a0 25\u20ac germ\u00e0<\/li>\n<li>de 16.30h a 17.30h 37\u20ac\u00a0\u00a0\u00a0\u00a0\u00a0\u00a0 \u00a0\u00a0\u00a0\u00a0\u00a0\u00a0\u00a0\u00a0\u00a0\u00a0\u00a0\u00a0\u00a0\u00a0 34\u20ac germ\u00e0<\/li>\n<\/ul>\n<p><strong>PREUS ESPOR\u00c0DICS\u00a0<\/strong><\/p>\n<p><strong><u>Tarifes mat\u00ed<\/u><\/strong><\/p>\n<ul>\n<li>de 7.45h a 9.00h \u00a0\u00a0\u00a0\u00a0\u00a0\u00a0\u00a0\u00a0\u00a0\u00a0\u00a0\u00a0\u00a0\u00a0 5,0\u20ac<\/li>\n<li>de 8.00h a 9.00h \u00a0\u00a0\u00a0\u00a0\u00a0\u00a0\u00a0\u00a0\u00a0\u00a0\u00a0\u00a0\u00a0\u00a0 4,5\u20ac<\/li>\n<li>de 8.30h a 9.00h \u00a0\u00a0\u00a0\u00a0\u00a0\u00a0\u00a0\u00a0\u00a0\u00a0\u00a0\u00a0\u00a0\u00a0 4,0\u20ac<\/li>\n<\/ul>\n<p><strong><u>Tarifes tarda<\/u><\/strong><\/p>\n<ul>\n<li>de 16.30h a 17.00h 4,0\u20ac<\/li>\n<li>de 16.30h a 17.30h 4,5\u20ac<\/li>\n<\/ul>\n<p><strong>FORMA DE PAGAMENT\u00a0<\/strong><\/p>\n<ul>\n<li>Les quotes fixes es passaran a principis de cada mes.<\/li>\n<li>Per a donar de baixa el servei cal avisar abans de comen\u00e7ar el mes que es vol fer efectiva la baixa.<\/li>\n<li>En cas que hi hagi un rebut retornat, la fam\u00edlia haur\u00e0 de pagar la despesa banc\u00e0ria que es generi.<\/li>\n<li>En cas que hi hagi un rebut retornat, la fam\u00edlia tindr\u00e0 un mes per a pagar el rebut o b\u00e9 en efectiu o per transfer\u00e8ncia.<\/li>\n<\/ul>\n<p><strong>DADES DE CONTACTE\u00a0<\/strong><\/p>\n<ul>\n<li>El n\u00famero de tel\u00e8fon de contacte del servei d\u2019acollida \u00e9s <strong>611803342<\/strong> i es pot contactar via trucada o whatsapp.<\/li>\n<li>L&#8217;horari de contacte de les fam\u00edlies amb el servei d\u2019acollida ser\u00e0 durant l\u2019horari de funcionament del servei i es podran enviar whatsapps o fer trucades. Es respondran els missatges durant el servei.<\/li>\n<li>Per consultes d\u2019horaris o de funcionament del servei es poden adre\u00e7ar a les monitores.<\/li>\n<li>El m\u00e8tode de contacte de les fam\u00edlies amb l&#8217;empresa ser\u00e0 per correu electr\u00f2nic si \u00e9s una consulta de quotes, gesti\u00f3 del servei, situacions extraordin\u00e0ries, incid\u00e8ncies&#8230; (<strong>info@associacio-multiesports-dima.es<\/strong>).<\/li>\n<li>El canal de comunicaci\u00f3 amb l\u2019empresa tamb\u00e9 pot ser per tel\u00e8fon <strong>629926092 <\/strong>(amb el Dioni).<\/li>\n<\/ul>\n<p><strong>ALTRES INFORMACIONS\u00a0<\/strong><\/p>\n<ul>\n<li>Aquest document servir\u00e0 com a informaci\u00f3 per enviar-lo cada inici de a totes les fam\u00edlies de l&#8217;escola traient les dades personals i tamb\u00e9 es trobar\u00e0 publicat al web de l&#8217;escola.<\/li>\n<li>En cas d\u2019alumnes espor\u00e0dics o en casos d&#8217;emerg\u00e8ncia familiar la fam\u00edlia ha de comunicar-ho per dues vies:\n<ul>\n<li>informar el tutor o tutora corresponent per tokapp o trucar l&#8217;administrativa del centre.<\/li>\n<li>trucar o enviar un missatge al tel\u00e8fon de contacte del servei d&#8217;acollida.<\/li>\n<\/ul>\n<\/li>\n<li>Per la tranquil\u00b7litat de les fam\u00edlies, en el cas que no puguin recollir els seus fills i filles a l&#8217;acabar la jornada escolar per la tarda, disposaran del servei d&#8217;acollida tal i com indica la normativa d\u2019organitzaci\u00f3 i funcionament del centre. Aquestes fam\u00edlies hauran de pagar el servei d&#8217;acollida corresponent.<\/li>\n<\/ul>\n<p><strong>\u00a0N<\/strong><strong>ORMES DE FUNCIONAMENT<\/strong><\/p>\n<ul>\n<li>Cal ser soci de l\u2019AFA per a poder fer \u00fas del servei.<\/li>\n<li>Pel mat\u00ed la porta exterior n\u00famero 2 es deixa oberta a les 7.45h per a facilitar l\u2019acc\u00e9s de les fam\u00edlies.<\/li>\n<li>Per la tarda s&#8217;ha de trucar a l\u2019int\u00e8rfon per a recollir els i les alumnes, ja que la porta exterior est\u00e0 tancada.<\/li>\n<li>Pel mat\u00ed els i les alumnes entren acompanyats fins a la porta del menjador.<\/li>\n<li>Els i les acompanyants no poden entrar al menjador (els i les alumnes s&#8217;acomiaden o es recullen a la porta).<\/li>\n<li>Els i les alumnes han d\u2019estar sempre sota la vigil\u00e0ncia d\u2019una monitora, ja que sovint la porta exterior est\u00e0 oberta.<\/li>\n<li>Si els i les alumnes d\u2019infantil han d\u2019anar al lavabo sempre ho han de fer acompanyats i acompanyades. Els i les alumnes de prim\u00e0ria hi poden anar sols.<\/li>\n<li>Els i les alumnes poden fer deures si els poden fer de manera aut\u00f2noma (el servei d\u2019acollida no \u00e9s un refor\u00e7 escolar).<\/li>\n<li>Els i les alumnes poden esmorzar i berenar.<\/li>\n<li>Els i les alumnes poden portar joguines aptes per a jugar al menjador (jocs de taula, petites joguines&#8230;), m\u00f2bils, altres objectes&#8230; de casa. Pel que fa al m\u00f2bil no poden fer-ne \u00fas durant el servei i han de seguir les normes establertes per l&#8217;escola.<\/li>\n<li>L\u2019empresa no es responsabilitza de la p\u00e8rdua, trencament, avaria&#8230; dels objectes que portin els i les alumnes.<\/li>\n<li>En cas d&#8217;una incid\u00e8ncia greu (malaltia, accident&#8230;) es contactar\u00e0 amb la fam\u00edlia per tel\u00e8fon. Si no s\u2019hi pot contactar caldr\u00e0 avisar la direcci\u00f3, la qual far\u00e0 m\u00e9s intents de contactar amb altres familiars o persones autoritzades per la fam\u00edlia i posteriorment (si s\u2019escau) s\u2019avisar\u00e0 una ambul\u00e0ncia.<\/li>\n<li>Es demana puntualitat a l\u2019hora de recollir els fills i filles.<\/li>\n<li>Sup\u00f2sits segons els que es podr\u00e0 rescindir l&#8217;\u00fas del servei d\u2019acollida a una fam\u00edlia:\n<ul>\n<li>incompliment de les normes del servei.<\/li>\n<li>impagament dels rebuts.<\/li>\n<li>tracte incorrecte cap al personal del servei.<\/li>\n<li>quan el total d\u2019hores d\u2019estada al centre d\u2019un alumne superi les 10 hores.<\/li>\n<\/ul>\n<\/li>\n<\/ul>\n","protected":false},"excerpt":{"rendered":"<p>PLANIFICACI\u00d3 i ORGANITZACI\u00d3 DEL SERVEI D&#8217;ACOLLIDA TEL\u00c8FON DE CONTACTE El tel\u00e8fon de contacte del servei d\u2019acollida \u00e9s el 611803342. MONITORES Esther Adolfo L\u00f3pez S\u00edlvia Artero Flores HORARI\u00a0 Mat\u00ed: de 07.45h a 09.00h. Tarda:\u00a0 de 16.30h a 17.30h. ESPAI\u00a0 Menjador escolar. Lavabos del porxo, accedint-hi des de la porta interior. PREUS MENSUALS 5% de descompte per [&hellip;]<\/p>\n","protected":false},"author":1,"featured_media":0,"parent":64,"menu_order":0,"comment_status":"closed","ping_status":"closed","template":"page-templates\/side-menu.php","meta":{"_bbp_topic_count":0,"_bbp_reply_count":0,"_bbp_total_topic_count":0,"_bbp_total_reply_count":0,"_bbp_voice_count":0,"_bbp_anonymous_reply_count":0,"_bbp_topic_count_hidden":0,"_bbp_reply_count_hidden":0,"_bbp_forum_subforum_count":0,"site-sidebar-layout":"default","site-content-layout":"","ast-site-content-layout":"","site-content-style":"default","site-sidebar-style":"default","ast-global-header-display":"","ast-banner-title-visibility":"","ast-main-header-display":"","ast-hfb-above-header-display":"","ast-hfb-below-header-display":"","ast-hfb-mobile-header-display":"","site-post-title":"","ast-breadcrumbs-content":"","ast-featured-img":"","footer-sml-layout":"","theme-transparent-header-meta":"","adv-header-id-meta":"","stick-header-meta":"","header-above-stick-meta":"","header-main-stick-meta":"","header-below-stick-meta":"","astra-migrate-meta-layouts":"default","ast-page-background-enabled":"default","ast-page-background-meta":{"desktop":{"background-color":"var(--ast-global-color-4)","background-image":"","background-repeat":"repeat","background-position":"center center","background-size":"auto","background-attachment":"scroll","background-type":"","background-media":"","overlay-type":"","overlay-color":"","overlay-opacity":"","overlay-gradient":""},"tablet":{"background-color":"","background-image":"","background-repeat":"repeat","background-position":"center center","background-size":"auto","background-attachment":"scroll","background-type":"","background-media":"","overlay-type":"","overlay-color":"","overlay-opacity":"","overlay-gradient":""},"mobile":{"background-color":"","background-image":"","background-repeat":"repeat","background-position":"center center","background-size":"auto","background-attachment":"scroll","background-type":"","background-media":"","overlay-type":"","overlay-color":"","overlay-opacity":"","overlay-gradient":""}},"ast-content-background-meta":{"desktop":{"background-color":"var(--ast-global-color-5)","background-image":"","background-repeat":"repeat","background-position":"center center","background-size":"auto","background-attachment":"scroll","background-type":"","background-media":"","overlay-type":"","overlay-color":"","overlay-opacity":"","overlay-gradient":""},"tablet":{"background-color":"var(--ast-global-color-5)","background-image":"","background-repeat":"repeat","background-position":"center center","background-size":"auto","background-attachment":"scroll","background-type":"","background-media":"","overlay-type":"","overlay-color":"","overlay-opacity":"","overlay-gradient":""},"mobile":{"background-color":"var(--ast-global-color-5)","background-image":"","background-repeat":"repeat","background-position":"center center","background-size":"auto","background-attachment":"scroll","background-type":"","background-media":"","overlay-type":"","overlay-color":"","overlay-opacity":"","overlay-gradient":""}},"footnotes":""},"class_list":["post-476","page","type-page","status-publish","hentry"],"post_mailing_queue_ids":[],"_links":{"self":[{"href":"https:\/\/agora.xtec.cat\/ceip-ferra\/wp-json\/wp\/v2\/pages\/476","targetHints":{"allow":["GET"]}}],"collection":[{"href":"https:\/\/agora.xtec.cat\/ceip-ferra\/wp-json\/wp\/v2\/pages"}],"about":[{"href":"https:\/\/agora.xtec.cat\/ceip-ferra\/wp-json\/wp\/v2\/types\/page"}],"author":[{"embeddable":true,"href":"https:\/\/agora.xtec.cat\/ceip-ferra\/wp-json\/wp\/v2\/users\/1"}],"replies":[{"embeddable":true,"href":"https:\/\/agora.xtec.cat\/ceip-ferra\/wp-json\/wp\/v2\/comments?post=476"}],"version-history":[{"count":7,"href":"https:\/\/agora.xtec.cat\/ceip-ferra\/wp-json\/wp\/v2\/pages\/476\/revisions"}],"predecessor-version":[{"id":9190,"href":"https:\/\/agora.xtec.cat\/ceip-ferra\/wp-json\/wp\/v2\/pages\/476\/revisions\/9190"}],"up":[{"embeddable":true,"href":"https:\/\/agora.xtec.cat\/ceip-ferra\/wp-json\/wp\/v2\/pages\/64"}],"wp:attachment":[{"href":"https:\/\/agora.xtec.cat\/ceip-ferra\/wp-json\/wp\/v2\/media?parent=476"}],"curies":[{"name":"wp","href":"https:\/\/api.w.org\/{rel}","templated":true}]}}