{"id":265,"date":"2017-11-03T11:17:18","date_gmt":"2017-11-03T10:17:18","guid":{"rendered":"http:\/\/agora.xtec.cat\/ceip-ferra\/?page_id=265"},"modified":"2017-11-30T16:49:06","modified_gmt":"2017-11-30T15:49:06","slug":"plans-de-lectura-lecxit-i-legiland","status":"publish","type":"page","link":"https:\/\/agora.xtec.cat\/ceip-ferra\/projectes-educatius\/plans-de-lectura-lecxit-i-legiland\/","title":{"rendered":"Plans de lectura: LECXIT i LEGILAND"},"content":{"rendered":"<h4 class=\"subtitol\" style=\"text-align: justify;\">Qu\u00e8 \u00e9s el LECXIT?<\/h4>\n<p class=\"subtitol\" style=\"text-align: justify;\">LECXIT vol millorar la comprensi\u00f3 lectora dels infants involucrant escoles, fam\u00edlies i voluntariat<\/p>\n<p style=\"text-align: justify;\">LECXIT \u00e9s un programa que t\u00e9 per objectiu incrementar l&#8217;\u00e8xit educatiu dels infants a trav\u00e9s del treball per la millora de la seva <strong>comprensi\u00f3 lectora<\/strong>. La clau de LECXIT est\u00e0 en treballar de forma l\u00fadica i amena gr\u00e0cies al <strong>voluntariat<\/strong> i a la <strong>implicaci\u00f3 de l&#8217;entorn<\/strong> dels nens i nenes que participen en el programa. El projecte es va iniciar el curs 2011-2012 i aquest curs es du a terme en m\u00e9s de 150 Punts LECXIT d&#8217;arreu de Catalunya.<\/p>\n<p style=\"text-align: justify;\"><strong>Per qu\u00e8 \u00e9s necessari?<\/strong><\/p>\n<p style=\"text-align: justify;\">Segons l&#8217;informe PISA del 2015, el 16% dels estudiants no assoleixen les compet\u00e8ncies lectores b\u00e0siques. Aquesta situaci\u00f3 afecta el seu rendiment escolar en conjunt, ja que <strong>la manca de comprensi\u00f3 lectora porta a un baix rendiment en totes les mat\u00e8ries.<\/strong><\/p>\n<p style=\"text-align: justify;\">El mateix informe vincula directament lectura i \u00e8xit educatiu, i diu que el 31% dels estudiants amb alt rendiment llegeixen entre 1 i 2 hores al dia. En aquest sentit, <strong>el paper de les fam\u00edlies \u00e9s clau<\/strong>: segons les dades de la OCDE, si els pares i mares llegeixen freq\u00fcentment amb els fills durant la prim\u00e0ria, aquests obtenen millors resultats.<\/p>\n<p style=\"text-align: justify;\"><strong>Com funciona?<\/strong><\/p>\n<p style=\"text-align: justify;\">LECXIT funciona gr\u00e0cies a la col\u00b7laboraci\u00f3 dels voluntaris i volunt\u00e0ries, que acompanyen els infants en la lectura amb una tutoria individual per setmana. Tamb\u00e9 \u00e9s clau la participaci\u00f3 de les escoles, amb les quals es creen ponts pedag\u00f2gics, i de les fam\u00edlies, que disposen de material de suport per incentivar la lectura a casa. El projecte estableix vincles amb entitats de l&#8217;entorn de l&#8217;escola, com entitats culturals i socials, biblioteques o mitjans de comunicaci\u00f3 locals, per fer el teixit local part\u00edcip d&#8217;aquest proc\u00e9s.<\/p>\n<h4 class=\"banner-tit-2 \" style=\"text-align: justify;\" data-clave=\"que_es_text_1_2\">Qu\u00e8 \u00e9s\u00a0Legiland?<\/h4>\n<p class=\"\" style=\"text-align: justify;\" data-clave=\"que_es_text_2_2\">Legiland \u00e9s una plataforma digital dissenyada per motivar els nens i nenes a llegir i millorar la comprensi\u00f3 lectora.<\/p>\n<p class=\"\" style=\"text-align: justify;\" data-clave=\"que_es_text_3_2\">Adre\u00e7at a nens i adolescents en edats compreses entre els 10 i els 16 anys i als seus pares i educadors, pot ser utilitzada com a eina de seguiment i avaluaci\u00f3 de la comprensi\u00f3 lectora per part del professorat dels centres educatius aix\u00ed com dels pares.<\/p>\n<p class=\"\" style=\"text-align: justify;\" data-clave=\"que_es_text_3_2\">Legiland ajuda a\u00a0<strong>reduir el frac\u00e0s escolar i a millorar els resultats de comprensi\u00f3 lectora<\/strong>\u00a0de les proves de diagn\u00f2stic.<\/p>\n<p style=\"text-align: justify;\"><iframe loading=\"lazy\" src=\"https:\/\/www.youtube.com\/embed\/WKVB3l8SdGg\" width=\"723\" height=\"315\" frameborder=\"0\" allowfullscreen=\"allowfullscreen\"><\/iframe><\/p>\n<p style=\"text-align: justify;\"><a href=\"https:\/\/www.legiland.cat\/ca\/quees\">Podeu trobar m\u00e9s informaci\u00f3 en aquest enlla\u00e7.<\/a><\/p>\n","protected":false},"excerpt":{"rendered":"<p>Qu\u00e8 \u00e9s el LECXIT? LECXIT vol millorar la comprensi\u00f3 lectora dels infants involucrant escoles, fam\u00edlies i voluntariat LECXIT \u00e9s un programa que t\u00e9 per objectiu incrementar l&#8217;\u00e8xit educatiu dels infants a trav\u00e9s del treball per la millora de la seva comprensi\u00f3 lectora. La clau de LECXIT est\u00e0 en treballar de forma l\u00fadica i amena gr\u00e0cies [&hellip;]<\/p>\n","protected":false},"author":1,"featured_media":0,"parent":257,"menu_order":0,"comment_status":"closed","ping_status":"closed","template":"page-templates\/side-menu.php","meta":{"_bbp_topic_count":0,"_bbp_reply_count":0,"_bbp_total_topic_count":0,"_bbp_total_reply_count":0,"_bbp_voice_count":0,"_bbp_anonymous_reply_count":0,"_bbp_topic_count_hidden":0,"_bbp_reply_count_hidden":0,"_bbp_forum_subforum_count":0,"site-sidebar-layout":"default","site-content-layout":"","ast-site-content-layout":"","site-content-style":"default","site-sidebar-style":"default","ast-global-header-display":"","ast-banner-title-visibility":"","ast-main-header-display":"","ast-hfb-above-header-display":"","ast-hfb-below-header-display":"","ast-hfb-mobile-header-display":"","site-post-title":"","ast-breadcrumbs-content":"","ast-featured-img":"","footer-sml-layout":"","theme-transparent-header-meta":"","adv-header-id-meta":"","stick-header-meta":"","header-above-stick-meta":"","header-main-stick-meta":"","header-below-stick-meta":"","astra-migrate-meta-layouts":"default","ast-page-background-enabled":"default","ast-page-background-meta":{"desktop":{"background-color":"var(--ast-global-color-4)","background-image":"","background-repeat":"repeat","background-position":"center center","background-size":"auto","background-attachment":"scroll","background-type":"","background-media":"","overlay-type":"","overlay-color":"","overlay-opacity":"","overlay-gradient":""},"tablet":{"background-color":"","background-image":"","background-repeat":"repeat","background-position":"center center","background-size":"auto","background-attachment":"scroll","background-type":"","background-media":"","overlay-type":"","overlay-color":"","overlay-opacity":"","overlay-gradient":""},"mobile":{"background-color":"","background-image":"","background-repeat":"repeat","background-position":"center center","background-size":"auto","background-attachment":"scroll","background-type":"","background-media":"","overlay-type":"","overlay-color":"","overlay-opacity":"","overlay-gradient":""}},"ast-content-background-meta":{"desktop":{"background-color":"var(--ast-global-color-5)","background-image":"","background-repeat":"repeat","background-position":"center center","background-size":"auto","background-attachment":"scroll","background-type":"","background-media":"","overlay-type":"","overlay-color":"","overlay-opacity":"","overlay-gradient":""},"tablet":{"background-color":"var(--ast-global-color-5)","background-image":"","background-repeat":"repeat","background-position":"center center","background-size":"auto","background-attachment":"scroll","background-type":"","background-media":"","overlay-type":"","overlay-color":"","overlay-opacity":"","overlay-gradient":""},"mobile":{"background-color":"var(--ast-global-color-5)","background-image":"","background-repeat":"repeat","background-position":"center center","background-size":"auto","background-attachment":"scroll","background-type":"","background-media":"","overlay-type":"","overlay-color":"","overlay-opacity":"","overlay-gradient":""}},"footnotes":""},"class_list":["post-265","page","type-page","status-publish","hentry"],"post_mailing_queue_ids":[],"_links":{"self":[{"href":"https:\/\/agora.xtec.cat\/ceip-ferra\/wp-json\/wp\/v2\/pages\/265","targetHints":{"allow":["GET"]}}],"collection":[{"href":"https:\/\/agora.xtec.cat\/ceip-ferra\/wp-json\/wp\/v2\/pages"}],"about":[{"href":"https:\/\/agora.xtec.cat\/ceip-ferra\/wp-json\/wp\/v2\/types\/page"}],"author":[{"embeddable":true,"href":"https:\/\/agora.xtec.cat\/ceip-ferra\/wp-json\/wp\/v2\/users\/1"}],"replies":[{"embeddable":true,"href":"https:\/\/agora.xtec.cat\/ceip-ferra\/wp-json\/wp\/v2\/comments?post=265"}],"version-history":[{"count":4,"href":"https:\/\/agora.xtec.cat\/ceip-ferra\/wp-json\/wp\/v2\/pages\/265\/revisions"}],"predecessor-version":[{"id":772,"href":"https:\/\/agora.xtec.cat\/ceip-ferra\/wp-json\/wp\/v2\/pages\/265\/revisions\/772"}],"up":[{"embeddable":true,"href":"https:\/\/agora.xtec.cat\/ceip-ferra\/wp-json\/wp\/v2\/pages\/257"}],"wp:attachment":[{"href":"https:\/\/agora.xtec.cat\/ceip-ferra\/wp-json\/wp\/v2\/media?parent=265"}],"curies":[{"name":"wp","href":"https:\/\/api.w.org\/{rel}","templated":true}]}}

<h4 class="subtitol" style="text-align: justify;">Què és el LECXIT?</h4>
<p class="subtitol" style="text-align: justify;">LECXIT vol millorar la comprensió lectora dels infants involucrant escoles, famílies i voluntariat</p>
<p style="text-align: justify;">LECXIT és un programa que té per objectiu incrementar l&#8217;èxit educatiu dels infants a través del treball per la millora de la seva <strong>comprensió lectora</strong>. La clau de LECXIT està en treballar de forma lúdica i amena gràcies al <strong>voluntariat</strong> i a la <strong>implicació de l&#8217;entorn</strong> dels nens i nenes que participen en el programa. El projecte es va iniciar el curs 2011-2012 i aquest curs es du a terme en més de 150 Punts LECXIT d&#8217;arreu de Catalunya.</p>
<p style="text-align: justify;"><strong>Per què és necessari?</strong></p>
<p style="text-align: justify;">Segons l&#8217;informe PISA del 2015, el 16% dels estudiants no assoleixen les competències lectores bàsiques. Aquesta situació afecta el seu rendiment escolar en conjunt, ja que <strong>la manca de comprensió lectora porta a un baix rendiment en totes les matèries.</strong></p>
<p style="text-align: justify;">El mateix informe vincula directament lectura i èxit educatiu, i diu que el 31% dels estudiants amb alt rendiment llegeixen entre 1 i 2 hores al dia. En aquest sentit, <strong>el paper de les famílies és clau</strong>: segons les dades de la OCDE, si els pares i mares llegeixen freqüentment amb els fills durant la primària, aquests obtenen millors resultats.</p>
<p style="text-align: justify;"><strong>Com funciona?</strong></p>
<p style="text-align: justify;">LECXIT funciona gràcies a la col·laboració dels voluntaris i voluntàries, que acompanyen els infants en la lectura amb una tutoria individual per setmana. També és clau la participació de les escoles, amb les quals es creen ponts pedagògics, i de les famílies, que disposen de material de suport per incentivar la lectura a casa. El projecte estableix vincles amb entitats de l&#8217;entorn de l&#8217;escola, com entitats culturals i socials, biblioteques o mitjans de comunicació locals, per fer el teixit local partícip d&#8217;aquest procés.</p>
<h4 class="banner-tit-2 " style="text-align: justify;" data-clave="que_es_text_1_2">Què és Legiland?</h4>
<p class="" style="text-align: justify;" data-clave="que_es_text_2_2">Legiland és una plataforma digital dissenyada per motivar els nens i nenes a llegir i millorar la comprensió lectora.</p>
<p class="" style="text-align: justify;" data-clave="que_es_text_3_2">Adreçat a nens i adolescents en edats compreses entre els 10 i els 16 anys i als seus pares i educadors, pot ser utilitzada com a eina de seguiment i avaluació de la comprensió lectora per part del professorat dels centres educatius així com dels pares.</p>
<p class="" style="text-align: justify;" data-clave="que_es_text_3_2">Legiland ajuda a <strong>reduir el fracàs escolar i a millorar els resultats de comprensió lectora</strong> de les proves de diagnòstic.</p>
<p style="text-align: justify;"><iframe loading="lazy" src="https://www.youtube.com/embed/WKVB3l8SdGg" width="723" height="315" frameborder="0" allowfullscreen="allowfullscreen"></iframe></p>
<p style="text-align: justify;"><a href="https://www.legiland.cat/ca/quees">Podeu trobar més informació en aquest enllaç.</a></p>

<p>Què és el LECXIT? LECXIT vol millorar la comprensió lectora dels infants involucrant escoles, famílies i voluntariat LECXIT és un programa que té per objectiu incrementar l&#8217;èxit educatiu dels infants a través del treball per la millora de la seva comprensió lectora. La clau de LECXIT està en treballar de forma lúdica i amena gràcies [&hellip;]</p>
