{"id":84,"date":"2014-09-18T14:11:31","date_gmt":"2014-09-18T12:11:31","guid":{"rendered":"http:\/\/agora.xtec.cat\/ceip-falba\/?page_id=84"},"modified":"2023-02-02T23:19:14","modified_gmt":"2023-02-02T22:19:14","slug":"activitats-extraescolars","status":"publish","type":"page","link":"https:\/\/agora.xtec.cat\/ceip-falba\/lescola\/serveis\/activitats-extraescolars\/","title":{"rendered":"Activitats extraescolars"},"content":{"rendered":"<ul>\n<li style=\"text-align: justify;\">L&#8217;<strong>AFA<\/strong>\u00a0del centre organitza activitats extraescolars per alumnat i fam\u00edlies que van variant una mica cada any segons demanda de la comunitat: acollida matinal<strong>, <\/strong>piscina, rob\u00f2tica, angl\u00e8s, hip-hop, tallers de cuina per a fam\u00edlies, cursos de catal\u00e0,&#8230;<\/li>\n<li style=\"text-align: justify;\">A trav\u00e9s del<strong> Pla d&#8217;Entorn del districte 6<\/strong> s&#8217;organitzen activitats extraescolars gratu\u00eftes com s\u00f3n el LECXIT, el taller de Podcast i les sessions de multiesport emmarcades dins del Pla Catal\u00e0 d&#8217;Esports ( <strong>PCEE<\/strong> ).<\/li>\n<li style=\"text-align: justify;\">Tallers de Suport Educatiu Math Tutoring organitzats per la Fundaci\u00f3 Bofill.<\/li>\n<li style=\"text-align: justify;\">Els darrers anys tamb\u00e9 podem oferir classes d&#8217;\u00e0rab gratu\u00eftes impulsades pel programa <strong>LACM.<\/strong><\/li>\n<li style=\"text-align: justify;\">L\u2019escola es complementa i coordina amb\u00a0 l<strong>\u2019Esplai \u201cLa\u00a0 F\u00e0brica\u201d<\/strong>\u00a0 de Can Tusell a trav\u00e9s de les seves activitats di\u00e0ries, de cap de setmana i vacances.<\/li>\n<\/ul>\n","protected":false},"excerpt":{"rendered":"<ul>\n<li style=\"text-align: justify;\">L&#8217;AFA\u00a0del centre organitza activitats extraescolars per alumnat i fam\u00edlies que van variant una mica cada any segons demanda de la comunitat: acollida matinal, piscina, rob\u00f2tica, angl\u00e8s, hip-hop, tallers de cuina per a fam\u00edlies, cursos de catal\u00e0,&#8230;<\/li>\n<li style=\"text-align: justify;\">A trav\u00e9s del Pla d&#8217;Entorn del&hellip;  <a href=\"https:\/\/agora.xtec.cat\/ceip-falba\/lescola\/serveis\/activitats-extraescolars\/\" title=\"Read Activitats extraescolars\">Llegeix m\u00e9s\u00bb<\/a><br \/>\n","protected":false},"author":1,"featured_media":0,"parent":66,"menu_order":0,"comment_status":"closed","ping_status":"closed","template":"page-templates\/side-menu.php","meta":{"_bbp_topic_count":0,"_bbp_reply_count":0,"_bbp_total_topic_count":0,"_bbp_total_reply_count":0,"_bbp_voice_count":0,"_bbp_anonymous_reply_count":0,"_bbp_topic_count_hidden":0,"_bbp_reply_count_hidden":0,"_bbp_forum_subforum_count":0,"footnotes":""},"class_list":["post-84","page","type-page","status-publish","hentry"],"post_mailing_queue_ids":[],"_links":{"self":[{"href":"https:\/\/agora.xtec.cat\/ceip-falba\/wp-json\/wp\/v2\/pages\/84","targetHints":{"allow":["GET"]}}],"collection":[{"href":"https:\/\/agora.xtec.cat\/ceip-falba\/wp-json\/wp\/v2\/pages"}],"about":[{"href":"https:\/\/agora.xtec.cat\/ceip-falba\/wp-json\/wp\/v2\/types\/page"}],"author":[{"embeddable":true,"href":"https:\/\/agora.xtec.cat\/ceip-falba\/wp-json\/wp\/v2\/users\/1"}],"replies":[{"embeddable":true,"href":"https:\/\/agora.xtec.cat\/ceip-falba\/wp-json\/wp\/v2\/comments?post=84"}],"version-history":[{"count":3,"href":"https:\/\/agora.xtec.cat\/ceip-falba\/wp-json\/wp\/v2\/pages\/84\/revisions"}],"predecessor-version":[{"id":10845,"href":"https:\/\/agora.xtec.cat\/ceip-falba\/wp-json\/wp\/v2\/pages\/84\/revisions\/10845"}],"up":[{"embeddable":true,"href":"https:\/\/agora.xtec.cat\/ceip-falba\/wp-json\/wp\/v2\/pages\/66"}],"wp:attachment":[{"href":"https:\/\/agora.xtec.cat\/ceip-falba\/wp-json\/wp\/v2\/media?parent=84"}],"curies":[{"name":"wp","href":"https:\/\/api.w.org\/{rel}","templated":true}]}}

<ul>
<li style="text-align: justify;">L&#8217;<strong>AFA</strong> del centre organitza activitats extraescolars per alumnat i famílies que van variant una mica cada any segons demanda de la comunitat: acollida matinal<strong>, </strong>piscina, robòtica, anglès, hip-hop, tallers de cuina per a famílies, cursos de català,&#8230;</li>
<li style="text-align: justify;">A través del<strong> Pla d&#8217;Entorn del districte 6</strong> s&#8217;organitzen activitats extraescolars gratuïtes com són el LECXIT, el taller de Podcast i les sessions de multiesport emmarcades dins del Pla Català d&#8217;Esports ( <strong>PCEE</strong> ).</li>
<li style="text-align: justify;">Tallers de Suport Educatiu Math Tutoring organitzats per la Fundació Bofill.</li>
<li style="text-align: justify;">Els darrers anys també podem oferir classes d&#8217;àrab gratuïtes impulsades pel programa <strong>LACM.</strong></li>
<li style="text-align: justify;">L’escola es complementa i coordina amb  l<strong>’Esplai “La  Fàbrica”</strong>  de Can Tusell a través de les seves activitats diàries, de cap de setmana i vacances.</li>
</ul>

<ul>
<li style="text-align: justify;">L&#8217;AFA del centre organitza activitats extraescolars per alumnat i famílies que van variant una mica cada any segons demanda de la comunitat: acollida matinal, piscina, robòtica, anglès, hip-hop, tallers de cuina per a famílies, cursos de català,&#8230;</li>
<li style="text-align: justify;">A través del Pla d&#8217;Entorn del&hellip;  <a href="https://agora.xtec.cat/ceip-falba/lescola/serveis/activitats-extraescolars/" title="Read Activitats extraescolars">Llegeix més»</a><br />
