{"id":66,"date":"2014-09-18T12:40:47","date_gmt":"2014-09-18T10:40:47","guid":{"rendered":"http:\/\/agora.xtec.cat\/ceip-falba\/?page_id=66"},"modified":"2023-02-02T23:08:22","modified_gmt":"2023-02-02T22:08:22","slug":"serveis","status":"publish","type":"page","link":"https:\/\/agora.xtec.cat\/ceip-falba\/lescola\/serveis\/","title":{"rendered":"Serveis"},"content":{"rendered":"<p>La missi\u00f3 educativa no es limita a l&#8217;eix curricular, per aix\u00f2 l&#8217;escola amplia el seu \u00e0mbit d&#8217;actuaci\u00f3 en altres espais i serveis com s\u00f3n:<\/p>\n<ul style=\"list-style-type: disc;\">\n<li style=\"text-align: justify;\">\n<h5><span style=\"color: #008000;\">Activitats Extraescolars.<\/span><\/h5>\n<\/li>\n<li style=\"text-align: justify;\">\n<h5><span style=\"color: #008000;\">Acollida migdia Comunitat Petita.<\/span><\/h5>\n<\/li>\n<li style=\"text-align: justify;\">\n<h5><span style=\"color: #008000;\">Servei de Menjador.<\/span><\/h5>\n<\/li>\n<li>\n<h5><span style=\"color: #008000;\">Acompanyament i assessorament a les fam\u00edlies que ho necessitin amb la TIS del centre.<\/span><\/h5>\n<\/li>\n<\/ul>\n","protected":false},"excerpt":{"rendered":"<p>La missi\u00f3 educativa no es limita a l&#8217;eix curricular, per aix\u00f2 l&#8217;escola amplia el seu \u00e0mbit d&#8217;actuaci\u00f3 en altres espais i serveis com s\u00f3n:<\/p>\n<ul style=\"list-style-type: disc;\">\n<li style=\"text-align: justify;\">\nActivitats Extraescolars.\n<\/li>\n<li style=\"text-align: justify;\">\nAcollida migdia Comunitat Petita.\n<\/li>\n<li style=\"text-align: justify;\">\nServei de Menjador.\n<\/li>\n<li>\nAcompanyament i assessorament a les fam\u00edlies que ho&hellip;  <a href=\"https:\/\/agora.xtec.cat\/ceip-falba\/lescola\/serveis\/\" title=\"Read Serveis\">Llegeix m\u00e9s\u00bb<\/a><\/p>\n","protected":false},"author":1,"featured_media":0,"parent":22,"menu_order":4,"comment_status":"closed","ping_status":"closed","template":"page-templates\/side-menu.php","meta":{"_bbp_topic_count":0,"_bbp_reply_count":0,"_bbp_total_topic_count":0,"_bbp_total_reply_count":0,"_bbp_voice_count":0,"_bbp_anonymous_reply_count":0,"_bbp_topic_count_hidden":0,"_bbp_reply_count_hidden":0,"_bbp_forum_subforum_count":0,"footnotes":""},"class_list":["post-66","page","type-page","status-publish","hentry"],"post_mailing_queue_ids":[],"_links":{"self":[{"href":"https:\/\/agora.xtec.cat\/ceip-falba\/wp-json\/wp\/v2\/pages\/66","targetHints":{"allow":["GET"]}}],"collection":[{"href":"https:\/\/agora.xtec.cat\/ceip-falba\/wp-json\/wp\/v2\/pages"}],"about":[{"href":"https:\/\/agora.xtec.cat\/ceip-falba\/wp-json\/wp\/v2\/types\/page"}],"author":[{"embeddable":true,"href":"https:\/\/agora.xtec.cat\/ceip-falba\/wp-json\/wp\/v2\/users\/1"}],"replies":[{"embeddable":true,"href":"https:\/\/agora.xtec.cat\/ceip-falba\/wp-json\/wp\/v2\/comments?post=66"}],"version-history":[{"count":3,"href":"https:\/\/agora.xtec.cat\/ceip-falba\/wp-json\/wp\/v2\/pages\/66\/revisions"}],"predecessor-version":[{"id":10844,"href":"https:\/\/agora.xtec.cat\/ceip-falba\/wp-json\/wp\/v2\/pages\/66\/revisions\/10844"}],"up":[{"embeddable":true,"href":"https:\/\/agora.xtec.cat\/ceip-falba\/wp-json\/wp\/v2\/pages\/22"}],"wp:attachment":[{"href":"https:\/\/agora.xtec.cat\/ceip-falba\/wp-json\/wp\/v2\/media?parent=66"}],"curies":[{"name":"wp","href":"https:\/\/api.w.org\/{rel}","templated":true}]}}

<p>La missió educativa no es limita a l&#8217;eix curricular, per això l&#8217;escola amplia el seu àmbit d&#8217;actuació en altres espais i serveis com són:</p>
<ul style="list-style-type: disc;">
<li style="text-align: justify;">
<h5><span style="color: #008000;">Activitats Extraescolars.</span></h5>
</li>
<li style="text-align: justify;">
<h5><span style="color: #008000;">Acollida migdia Comunitat Petita.</span></h5>
</li>
<li style="text-align: justify;">
<h5><span style="color: #008000;">Servei de Menjador.</span></h5>
</li>
<li>
<h5><span style="color: #008000;">Acompanyament i assessorament a les famílies que ho necessitin amb la TIS del centre.</span></h5>
</li>
</ul>

<p>La missió educativa no es limita a l&#8217;eix curricular, per això l&#8217;escola amplia el seu àmbit d&#8217;actuació en altres espais i serveis com són:</p>
<ul style="list-style-type: disc;">
<li style="text-align: justify;">
Activitats Extraescolars.
</li>
<li style="text-align: justify;">
Acollida migdia Comunitat Petita.
</li>
<li style="text-align: justify;">
Servei de Menjador.
</li>
<li>
Acompanyament i assessorament a les famílies que ho&hellip;  <a href="https://agora.xtec.cat/ceip-falba/lescola/serveis/" title="Read Serveis">Llegeix més»</a></p>
