{"id":5470,"date":"2019-07-10T13:42:37","date_gmt":"2019-07-10T11:42:37","guid":{"rendered":"http:\/\/agora.xtec.cat\/ceip-falba\/?page_id=5470"},"modified":"2023-10-10T20:33:26","modified_gmt":"2023-10-10T18:33:26","slug":"https-drive-google-com-file-d-1tv22yusc5rgqcakpo-gwcyo0ecmplfp6-viewuspsharing","status":"publish","type":"page","link":"https:\/\/agora.xtec.cat\/ceip-falba\/documents-de-centre\/projecte-educatiu\/https-drive-google-com-file-d-1tv22yusc5rgqcakpo-gwcyo0ecmplfp6-viewuspsharing\/","title":{"rendered":"Projecte Ling\u00fc\u00edstic de Centre"},"content":{"rendered":"<p>El Projecte Ling\u00fc\u00edstic del Centre ( PLC ) \u00e9s un instrument que forma part del Projecte Educatiu de la nostra escola. \u00a0\u00c9s el recull organitzat dels acords presos sobre l\u2019ensenyament i l\u2019aprenentatge de les lleng\u00fces i sobre els usos ling\u00fc\u00edstics del centre educatiu i ens permet assolir els objectius generals referents a la compet\u00e8ncia ling\u00fc\u00edstica que defineix la normativa vigent.<\/p>\n<p><a href=\"https:\/\/drive.google.com\/file\/d\/1dbxajNeDkjq3AOYBdeyYd7BSOoN4ChJK\/view?usp=sharing\">Projecte Ling\u00fc\u00edstic de Centre<\/a><\/p>\n","protected":false},"excerpt":{"rendered":"<p>El Projecte Ling\u00fc\u00edstic del Centre ( PLC ) \u00e9s un instrument que forma part del Projecte Educatiu de la nostra escola. \u00a0\u00c9s el recull organitzat dels acords presos sobre l\u2019ensenyament i l\u2019aprenentatge de les lleng\u00fces i sobre els usos ling\u00fc\u00edstics del centre educatiu i ens&hellip;  <a href=\"https:\/\/agora.xtec.cat\/ceip-falba\/documents-de-centre\/projecte-educatiu\/https-drive-google-com-file-d-1tv22yusc5rgqcakpo-gwcyo0ecmplfp6-viewuspsharing\/\" title=\"Read Projecte Ling\u00fc\u00edstic de Centre\">Llegeix m\u00e9s\u00bb<\/a><\/p>\n","protected":false},"author":1,"featured_media":0,"parent":64,"menu_order":0,"comment_status":"closed","ping_status":"closed","template":"page-templates\/side-menu.php","meta":{"_bbp_topic_count":0,"_bbp_reply_count":0,"_bbp_total_topic_count":0,"_bbp_total_reply_count":0,"_bbp_voice_count":0,"_bbp_anonymous_reply_count":0,"_bbp_topic_count_hidden":0,"_bbp_reply_count_hidden":0,"_bbp_forum_subforum_count":0,"footnotes":""},"class_list":["post-5470","page","type-page","status-publish","hentry"],"post_mailing_queue_ids":[],"_links":{"self":[{"href":"https:\/\/agora.xtec.cat\/ceip-falba\/wp-json\/wp\/v2\/pages\/5470","targetHints":{"allow":["GET"]}}],"collection":[{"href":"https:\/\/agora.xtec.cat\/ceip-falba\/wp-json\/wp\/v2\/pages"}],"about":[{"href":"https:\/\/agora.xtec.cat\/ceip-falba\/wp-json\/wp\/v2\/types\/page"}],"author":[{"embeddable":true,"href":"https:\/\/agora.xtec.cat\/ceip-falba\/wp-json\/wp\/v2\/users\/1"}],"replies":[{"embeddable":true,"href":"https:\/\/agora.xtec.cat\/ceip-falba\/wp-json\/wp\/v2\/comments?post=5470"}],"version-history":[{"count":3,"href":"https:\/\/agora.xtec.cat\/ceip-falba\/wp-json\/wp\/v2\/pages\/5470\/revisions"}],"predecessor-version":[{"id":8934,"href":"https:\/\/agora.xtec.cat\/ceip-falba\/wp-json\/wp\/v2\/pages\/5470\/revisions\/8934"}],"up":[{"embeddable":true,"href":"https:\/\/agora.xtec.cat\/ceip-falba\/wp-json\/wp\/v2\/pages\/64"}],"wp:attachment":[{"href":"https:\/\/agora.xtec.cat\/ceip-falba\/wp-json\/wp\/v2\/media?parent=5470"}],"curies":[{"name":"wp","href":"https:\/\/api.w.org\/{rel}","templated":true}]}}

Projecte Lingüístic de Centre

<p>El Projecte Lingüístic del Centre ( PLC ) és un instrument que forma part del Projecte Educatiu de la nostra escola.  És el recull organitzat dels acords presos sobre l’ensenyament i l’aprenentatge de les llengües i sobre els usos lingüístics del centre educatiu i ens permet assolir els objectius generals referents a la competència lingüística que defineix la normativa vigent.</p>
<p><a href="https://drive.google.com/file/d/1dbxajNeDkjq3AOYBdeyYd7BSOoN4ChJK/view?usp=sharing">Projecte Lingüístic de Centre</a></p>

<p>El Projecte Lingüístic del Centre ( PLC ) és un instrument que forma part del Projecte Educatiu de la nostra escola.  És el recull organitzat dels acords presos sobre l’ensenyament i l’aprenentatge de les llengües i sobre els usos lingüístics del centre educatiu i ens&hellip;  <a href="https://agora.xtec.cat/ceip-falba/documents-de-centre/projecte-educatiu/https-drive-google-com-file-d-1tv22yusc5rgqcakpo-gwcyo0ecmplfp6-viewuspsharing/" title="Read Projecte Lingüístic de Centre">Llegeix més»</a></p>
