{"id":36,"date":"2014-09-18T12:33:11","date_gmt":"2014-09-18T11:33:11","guid":{"rendered":"http:\/\/agora.xtec.cat\/ceip-falba\/?page_id=36"},"modified":"2025-09-09T16:06:43","modified_gmt":"2025-09-09T14:06:43","slug":"material-escolar","status":"publish","type":"page","link":"https:\/\/agora.xtec.cat\/ceip-falba\/informacions-del-curs\/material-escolar\/","title":{"rendered":"Material Escolar"},"content":{"rendered":"<h5 style=\"text-align: left;\"><\/h5>\n<h5><span style=\"color: #008000;\"><strong>PROJECTE INNOVAMAT (1r, 2n, 3r, 4t, 5\u00e8 i 6\u00e8 de Prim\u00e0ria)<\/strong><\/span><\/h5>\n<p>Als cursos de <strong>1r, 2n, 3r, 4t, 5\u00e8 i 6\u00e8 d&#8217;Educaci\u00f3 Prim\u00e0ria<\/strong> es realitzar\u00e0 el projecte d&#8217;innovaci\u00f3 pedag\u00f2gica a l&#8217;\u00e0mbit matem\u00e0tic. Aquest material es pot <strong>adquirir<\/strong>\u00a0a la <strong>llibreria SITER<\/strong> a la Rambla Francesc Maci\u00e0, 149, 08226 Terrassa Telf.937840155.<\/p>\n<h5><span style=\"color: #008000;\"><strong>MATERIAL ESCOLAR<\/strong><\/span><\/h5>\n<p>L&#8217;escola pot adquirir material com\u00fa i individual de l&#8217;alumnat, sempre i quan les fam\u00edlies optin per aquesta opci\u00f3.<\/p>\n<p><strong>Material Comunitat Gran:\u00a0<\/strong>Estoig de roba amb cremallera.<\/p>\n<p>&nbsp;<\/p>\n<p><strong style=\"color: #008000; font-size: 1.125em;\">APORTACI\u00d3 VOLUNT\u00c0RIA I REUTILITZACI\u00d3 DE LLIBRES 24-25<\/strong><\/p>\n<table style=\"width: 495px; height: 169px;\">\n<tbody>\n<tr>\n<td style=\"width: 267px;\"><\/td>\n<td style=\"width: 220px;\"><strong>MATERIAL I REUTILITZACI\u00d3<\/strong><\/td>\n<\/tr>\n<tr>\n<td style=\"width: 267px;\"><strong><span style=\"background-color: #ffffff;\">COMUNITAT PETITA I3-I4-I5<\/span><\/strong><\/td>\n<td style=\"width: 220px;\"><strong>80\u20ac<\/strong><\/td>\n<\/tr>\n<tr>\n<td style=\"width: 267px;\"><strong><span style=\"background-color: #f9f9f9;\">COMUNITAT\u00a0 MITJANA 1r-2n-3r<\/span><\/strong><\/td>\n<td style=\"width: 220px;\"><strong>85\u20ac<\/strong><\/td>\n<\/tr>\n<tr>\n<td style=\"width: 267px;\"><strong><span style=\"background-color: #ffffff;\">COMUNITAT\u00a0 GRAN 4t-5e-6\u00e8<\/span><\/strong><\/td>\n<td style=\"width: 220px;\"><strong>85\u20ac<\/strong><\/td>\n<\/tr>\n<\/tbody>\n<\/table>\n<p>Aquestes aportacions han estat aprovades al consell Escolar 26 de juny de 2025.<\/p>\n","protected":false},"excerpt":{"rendered":"<p>PROJECTE INNOVAMAT (1r, 2n, 3r, 4t, 5\u00e8 i 6\u00e8 de Prim\u00e0ria)<br \/>\nAls cursos de 1r, 2n, 3r, 4t, 5\u00e8 i 6\u00e8 d&#8217;Educaci\u00f3 Prim\u00e0ria es realitzar\u00e0 el projecte d&#8217;innovaci\u00f3 pedag\u00f2gica a l&#8217;\u00e0mbit matem\u00e0tic. Aquest material es pot adquirir\u00a0a la llibreria SITER a la Rambla Francesc Maci\u00e0, 149,&hellip;  <a href=\"https:\/\/agora.xtec.cat\/ceip-falba\/informacions-del-curs\/material-escolar\/\" title=\"Read Material Escolar\">Llegeix m\u00e9s\u00bb<\/a><\/p>\n","protected":false},"author":1,"featured_media":0,"parent":5385,"menu_order":70,"comment_status":"closed","ping_status":"closed","template":"page-templates\/side-menu.php","meta":{"_bbp_topic_count":0,"_bbp_reply_count":0,"_bbp_total_topic_count":0,"_bbp_total_reply_count":0,"_bbp_voice_count":0,"_bbp_anonymous_reply_count":0,"_bbp_topic_count_hidden":0,"_bbp_reply_count_hidden":0,"_bbp_forum_subforum_count":0,"footnotes":""},"class_list":["post-36","page","type-page","status-publish","hentry"],"post_mailing_queue_ids":[],"_links":{"self":[{"href":"https:\/\/agora.xtec.cat\/ceip-falba\/wp-json\/wp\/v2\/pages\/36","targetHints":{"allow":["GET"]}}],"collection":[{"href":"https:\/\/agora.xtec.cat\/ceip-falba\/wp-json\/wp\/v2\/pages"}],"about":[{"href":"https:\/\/agora.xtec.cat\/ceip-falba\/wp-json\/wp\/v2\/types\/page"}],"author":[{"embeddable":true,"href":"https:\/\/agora.xtec.cat\/ceip-falba\/wp-json\/wp\/v2\/users\/1"}],"replies":[{"embeddable":true,"href":"https:\/\/agora.xtec.cat\/ceip-falba\/wp-json\/wp\/v2\/comments?post=36"}],"version-history":[{"count":7,"href":"https:\/\/agora.xtec.cat\/ceip-falba\/wp-json\/wp\/v2\/pages\/36\/revisions"}],"predecessor-version":[{"id":13220,"href":"https:\/\/agora.xtec.cat\/ceip-falba\/wp-json\/wp\/v2\/pages\/36\/revisions\/13220"}],"up":[{"embeddable":true,"href":"https:\/\/agora.xtec.cat\/ceip-falba\/wp-json\/wp\/v2\/pages\/5385"}],"wp:attachment":[{"href":"https:\/\/agora.xtec.cat\/ceip-falba\/wp-json\/wp\/v2\/media?parent=36"}],"curies":[{"name":"wp","href":"https:\/\/api.w.org\/{rel}","templated":true}]}}