{"id":30,"date":"2014-09-18T12:30:23","date_gmt":"2014-09-18T10:30:23","guid":{"rendered":"http:\/\/agora.xtec.cat\/ceip-falba\/?page_id=30"},"modified":"2023-02-02T22:31:55","modified_gmt":"2023-02-02T21:31:55","slug":"instal%c2%b7lacions","status":"publish","type":"page","link":"https:\/\/agora.xtec.cat\/ceip-falba\/lescola\/instal%c2%b7lacions\/","title":{"rendered":"Instal\u00b7lacions i recursos"},"content":{"rendered":"<p><iframe loading=\"lazy\" title=\"Instal\u00b7lacions\" width=\"500\" height=\"281\" src=\"https:\/\/www.youtube.com\/embed\/eIl8mR4ogdI?feature=oembed\" frameborder=\"0\" allow=\"accelerometer; autoplay; clipboard-write; encrypted-media; gyroscope; picture-in-picture; web-share\" referrerpolicy=\"strict-origin-when-cross-origin\" allowfullscreen><\/iframe><\/p>\n<p><span style=\"font-weight: 400;\">Abans de tot,\u00a0<\/span>remarquem un valor que ens defineix c<span style=\"font-weight: 400;\">om a instituci\u00f3, i \u00e9s la recerca de l<\/span><b style=\"font-family: inherit; font-size: 1em;\">\u2019harmonia dels espais i els materials <\/b><span style=\"font-weight: 400;\">utilitzats amb una <\/span><b style=\"font-family: inherit; font-size: 1em;\">mirada est\u00e8tica i hol\u00edstica,<\/b><span style=\"font-weight: 400;\"> sabem que <\/span><span style=\"font-weight: 400;\">aquests aspectes aporten beneficis\u00a0 <\/span><b style=\"font-family: inherit; font-size: 1em;\">a la conviv\u00e8ncia, al benestar personal\u00a0 i a l\u2019aprenentatge.\u00a0<\/b><\/p>\n<p>L&#8217;edifici ocupa tota una illa, es divideix en dues plantes i disposa d&#8217;\u00e0mplies zones de pati diversificades per edats. <strong>Gaudeix de molts espais i aules <\/strong>\u00a0que es distribueixen de la seg\u00fcent manera:<\/p>\n<ul>\n<li>Aules ordin\u00e0ries molt \u00e0mplies i que gaudeixen d&#8217;una excel\u00b7lent il\u00b7luminaci\u00f3 natural. Totes estan dotades de pissarra digital. Les situades a la planta baixa que pertanyen als nivells de la Comunitat Petita i als de la Comunitat Mitjana, tenen acc\u00e9s directe des dels diferents patis per tal de facilitar el contacte diari amb les fam\u00edlies, tant a l&#8217;hora de l&#8217;entrada com de la sortida. L&#8217;aula d&#8217;I3 disposa de lavabo propi i adequat a l&#8217;edat.<\/li>\n<li>Espai Comunitat per atendre les fam\u00edlies en un entorn agradable i tranquil.<\/li>\n<li>Sala de psicomotricitat amb material nombr\u00f3s i terra apropiat per aquestes sessions tan estimulants pel desenvolupament dels infants.<\/li>\n<li>Zones espec\u00edfiques per a la realitzaci\u00f3 dels Espais d&#8217;Aprenentatge de la Comunitat Petita: l&#8217;Obrador, Experimentem, Entrellums i Com a Casa, espais ideals per aprendre jugant i descobrint entre iguals.<\/li>\n<li>Biblioteques:<\/li>\n<li>\u00a0 \u00a0 \u00a0 \u00a0&#8211; La biblioteca d&#8217;escola amb un important\u00edssim repertori bibliogr\u00e0fic actual i amb espais diferenciats per edats.<\/li>\n<li>\u00a0 \u00a0 \u00a0 \u00a0&#8211; Les Biblioteques d&#8217;aula de cada grup amb llibres relacionats amb els temes d&#8217;aprenentatge i d&#8217;investigaci\u00f3 del grup.<\/li>\n<li>\u00a0 \u00a0 \u00a0 \u00a0&#8211; La &#8220;Biblioteca Surt al Vest\u00edbul&#8221; com a espai alternatiu de lectura.<\/li>\n<li>\u00a0 \u00a0 \u00a0 \u00a0&#8211; La Bibliopati que pret\u00e9n ampliar les opcions d&#8217;activitats de l&#8217;esbarjo sempre amb la mirada coeducativa.<\/li>\n<li>Dues aules d\u2019educaci\u00f3 especial per atendre l&#8217;alumnat que ho necessiti.<\/li>\n<li>Aula de m\u00fasica insonoritzada i equipada amb gran varietat d&#8217;instruments com ara piano, timbals, xil\u00f2fons, caixes, guitarres, flautes, bateria, triangles, ukeleles, teclat &#8230;<\/li>\n<li>Aula de ci\u00e8ncies i laboratori amb lupes binoculars i els recursos suficients per portar a la pr\u00e0ctica una gran diversificaci\u00f3 d&#8217; experiments.<\/li>\n<li>Aula d\u2019angl\u00e8s.<\/li>\n<li>Aula de pl\u00e0stica.<\/li>\n<li>3 espais d&#8217; Escolta&#8217;m, amb decoraci\u00f3 i mobiliari adient al programa.<\/li>\n<li>Estudi de gravaci\u00f3 de televisi\u00f3, dotat de l&#8217;equipament tecnol\u00f2gic i digital propi per elaborar el Font TV del centre.<\/li>\n<li>Aules i espais d\u2019atenci\u00f3 a la diversitat per treballar en petit grup o individualment.<\/li>\n<li>Aula d\u2019 Acollida per l&#8217;alumnat nouvingut a Catalunya.<\/li>\n<li>Aula de religi\u00f3.<\/li>\n<li>Aula d\u2019audiovisuals.<\/li>\n<li>Lavabos interiors i exteriors.<\/li>\n<li>Aula de religi\u00f3.<\/li>\n<li>Menjador per 100 comensals, cuina pr\u00f2pia i dormitori per a I3.<\/li>\n<li>3 aules per l&#8217;atenci\u00f3 en petit grup i desdoblaments.<\/li>\n<li>Patis diferenciats per edats amb pistes, sorrals, taula de ping-pong, gronxadors, fonts&#8230;<\/li>\n<li>Hort gestionat per la Comissi\u00f3 de Ci\u00e8ncies i l\u2019Hort.<\/li>\n<\/ul>\n<p>Quant als recursos materials, cal dir que el centre disposa d&#8217;una gran diversificaci\u00f3 per atendre les necessitats de l&#8217; alumnat. Com a centre comprom\u00e8s amb el medi ambient i la sostenibilitat, prioritzem la utilitzaci\u00f3 de materials naturals i neutres. Un dels aspectes m\u00e9s singulars\u00a0 \u00e9s l&#8217;equipament tecnol\u00f2gic. Disposem d&#8217;una gran quantitat de\u00a0 port\u00e0tils, maquin\u00e0ria de rob\u00f2tica, tauletes, pissarres digitals a totes les aules ordin\u00e0ries i a les de suport i desdoblament, lectors de documents, c\u00e0meres de v\u00eddeo, lupes binoculars, estudi de gravaci\u00f3&#8230;\u00a0 i fibra \u00f2ptica a tot l&#8217;edifici.<\/p>\n<p>&nbsp;<\/p>\n","protected":false},"excerpt":{"rendered":"<p>Abans de tot,\u00a0remarquem un valor que ens defineix com a instituci\u00f3, i \u00e9s la recerca de l\u2019harmonia dels espais i els materials utilitzats amb una mirada est\u00e8tica i hol\u00edstica, sabem que aquests aspectes aporten beneficis\u00a0 a la conviv\u00e8ncia, al benestar personal\u00a0 i a l\u2019aprenentatge.\u00a0<br \/>\nL&#8217;edifici ocupa&hellip;  <a href=\"https:\/\/agora.xtec.cat\/ceip-falba\/lescola\/instal%c2%b7lacions\/\" title=\"Read Instal\u00b7lacions i recursos\">Llegeix m\u00e9s\u00bb<\/a><\/p>\n","protected":false},"author":1,"featured_media":0,"parent":22,"menu_order":4,"comment_status":"closed","ping_status":"closed","template":"page-templates\/side-menu.php","meta":{"_bbp_topic_count":0,"_bbp_reply_count":0,"_bbp_total_topic_count":0,"_bbp_total_reply_count":0,"_bbp_voice_count":0,"_bbp_anonymous_reply_count":0,"_bbp_topic_count_hidden":0,"_bbp_reply_count_hidden":0,"_bbp_forum_subforum_count":0,"footnotes":""},"class_list":["post-30","page","type-page","status-publish","hentry"],"post_mailing_queue_ids":[],"_links":{"self":[{"href":"https:\/\/agora.xtec.cat\/ceip-falba\/wp-json\/wp\/v2\/pages\/30","targetHints":{"allow":["GET"]}}],"collection":[{"href":"https:\/\/agora.xtec.cat\/ceip-falba\/wp-json\/wp\/v2\/pages"}],"about":[{"href":"https:\/\/agora.xtec.cat\/ceip-falba\/wp-json\/wp\/v2\/types\/page"}],"author":[{"embeddable":true,"href":"https:\/\/agora.xtec.cat\/ceip-falba\/wp-json\/wp\/v2\/users\/1"}],"replies":[{"embeddable":true,"href":"https:\/\/agora.xtec.cat\/ceip-falba\/wp-json\/wp\/v2\/comments?post=30"}],"version-history":[{"count":3,"href":"https:\/\/agora.xtec.cat\/ceip-falba\/wp-json\/wp\/v2\/pages\/30\/revisions"}],"predecessor-version":[{"id":10843,"href":"https:\/\/agora.xtec.cat\/ceip-falba\/wp-json\/wp\/v2\/pages\/30\/revisions\/10843"}],"up":[{"embeddable":true,"href":"https:\/\/agora.xtec.cat\/ceip-falba\/wp-json\/wp\/v2\/pages\/22"}],"wp:attachment":[{"href":"https:\/\/agora.xtec.cat\/ceip-falba\/wp-json\/wp\/v2\/media?parent=30"}],"curies":[{"name":"wp","href":"https:\/\/api.w.org\/{rel}","templated":true}]}}