{"id":22,"date":"2014-09-18T12:19:57","date_gmt":"2014-09-18T11:19:57","guid":{"rendered":"http:\/\/agora.xtec.cat\/ceip-falba\/?page_id=22"},"modified":"2019-07-10T22:32:32","modified_gmt":"2019-07-10T20:32:32","slug":"lescola","status":"publish","type":"page","link":"https:\/\/agora.xtec.cat\/ceip-falba\/lescola\/","title":{"rendered":"L&#8217;escola"},"content":{"rendered":"<p>L\u2019escola Font de l\u2019Alba va ser fundada al 1987. Com a escola p\u00fablica ens regim per les normatives i directrius del Departament d\u2019Educaci\u00f3 de la Generalitat de Catalunya. Vetllem per aconseguir els principis rectors\u00a0 que regulen l\u2019escola p\u00fablica catalana la qual es defineix, entre d&#8217;altres, com a inclusiva, laica i respectuosa amb la pluralitat. Treballem d&#8217; acord amb els principis de qualitat pedag\u00f2gica, de direcci\u00f3 responsable, de professionalitat docent, d&#8217;avaluaci\u00f3, de retiment de comptes, de preservaci\u00f3 de l&#8217;equitat, de cerca de l&#8217;excel\u00b7l\u00e8ncia, d&#8217;implicaci\u00f3 de les fam\u00edlies i de respecte a les creences i idees de les fam\u00edlies.<\/p>\n<p>El curs 2012-13 vam celebrar el 25\u00e8 aniversari<\/p>\n<p style=\"text-align: justify;\"><iframe loading=\"lazy\" src=\"https:\/\/www.youtube.com\/embed\/I3_P7qVOYNo\" width=\"480\" height=\"270\" frameborder=\"0\" allowfullscreen=\"allowfullscreen\"><\/iframe><\/p>\n<p>&nbsp;<\/p>\n","protected":false},"excerpt":{"rendered":"<p>L\u2019escola Font de l\u2019Alba va ser fundada al 1987. Com a escola p\u00fablica ens regim per les normatives i directrius del Departament d\u2019Educaci\u00f3 de la Generalitat de Catalunya. Vetllem per aconseguir els principis rectors\u00a0 que regulen l\u2019escola p\u00fablica catalana la qual es defineix, entre d&#8217;altres,&hellip;  <a href=\"https:\/\/agora.xtec.cat\/ceip-falba\/lescola\/\" title=\"Read L&#8217;escola\">Llegeix m\u00e9s\u00bb<\/a><\/p>\n","protected":false},"author":1,"featured_media":0,"parent":0,"menu_order":0,"comment_status":"closed","ping_status":"closed","template":"page-templates\/side-menu.php","meta":{"_bbp_topic_count":0,"_bbp_reply_count":0,"_bbp_total_topic_count":0,"_bbp_total_reply_count":0,"_bbp_voice_count":0,"_bbp_anonymous_reply_count":0,"_bbp_topic_count_hidden":0,"_bbp_reply_count_hidden":0,"_bbp_forum_subforum_count":0,"footnotes":""},"class_list":["post-22","page","type-page","status-publish","hentry"],"post_mailing_queue_ids":[],"_links":{"self":[{"href":"https:\/\/agora.xtec.cat\/ceip-falba\/wp-json\/wp\/v2\/pages\/22","targetHints":{"allow":["GET"]}}],"collection":[{"href":"https:\/\/agora.xtec.cat\/ceip-falba\/wp-json\/wp\/v2\/pages"}],"about":[{"href":"https:\/\/agora.xtec.cat\/ceip-falba\/wp-json\/wp\/v2\/types\/page"}],"author":[{"embeddable":true,"href":"https:\/\/agora.xtec.cat\/ceip-falba\/wp-json\/wp\/v2\/users\/1"}],"replies":[{"embeddable":true,"href":"https:\/\/agora.xtec.cat\/ceip-falba\/wp-json\/wp\/v2\/comments?post=22"}],"version-history":[{"count":3,"href":"https:\/\/agora.xtec.cat\/ceip-falba\/wp-json\/wp\/v2\/pages\/22\/revisions"}],"predecessor-version":[{"id":5512,"href":"https:\/\/agora.xtec.cat\/ceip-falba\/wp-json\/wp\/v2\/pages\/22\/revisions\/5512"}],"wp:attachment":[{"href":"https:\/\/agora.xtec.cat\/ceip-falba\/wp-json\/wp\/v2\/media?parent=22"}],"curies":[{"name":"wp","href":"https:\/\/api.w.org\/{rel}","templated":true}]}}

<p>L’escola Font de l’Alba va ser fundada al 1987. Com a escola pública ens regim per les normatives i directrius del Departament d’Educació de la Generalitat de Catalunya. Vetllem per aconseguir els principis rectors  que regulen l’escola pública catalana la qual es defineix, entre d&#8217;altres, com a inclusiva, laica i respectuosa amb la pluralitat. Treballem d&#8217; acord amb els principis de qualitat pedagògica, de direcció responsable, de professionalitat docent, d&#8217;avaluació, de retiment de comptes, de preservació de l&#8217;equitat, de cerca de l&#8217;excel·lència, d&#8217;implicació de les famílies i de respecte a les creences i idees de les famílies.</p>
<p>El curs 2012-13 vam celebrar el 25è aniversari</p>
<p style="text-align: justify;"><iframe loading="lazy" src="https://www.youtube.com/embed/I3_P7qVOYNo" width="480" height="270" frameborder="0" allowfullscreen="allowfullscreen"></iframe></p>
<p>&nbsp;</p>

<p>L’escola Font de l’Alba va ser fundada al 1987. Com a escola pública ens regim per les normatives i directrius del Departament d’Educació de la Generalitat de Catalunya. Vetllem per aconseguir els principis rectors  que regulen l’escola pública catalana la qual es defineix, entre d&#8217;altres,&hellip;  <a href="https://agora.xtec.cat/ceip-falba/lescola/" title="Read L&#8217;escola">Llegeix més»</a></p>
