{"id":8499,"date":"2023-06-12T14:20:20","date_gmt":"2023-06-12T12:20:20","guid":{"rendered":"https:\/\/agora.xtec.cat\/ceip-estel-stguim\/?page_id=8499"},"modified":"2023-06-12T14:25:39","modified_gmt":"2023-06-12T12:25:39","slug":"desplegament-digital-escola","status":"publish","type":"page","link":"https:\/\/agora.xtec.cat\/ceip-estel-stguim\/desplegament-digital-escola\/","title":{"rendered":"DESPLEGAMENT DIGITAL ESCOLA"},"content":{"rendered":"<p>Per combatre els canvis en educaci\u00f3 referents a l&#8217;\u00e0mbit digital i guanyar el m\u00e0xim d&#8217;estabilitat i potencial docent, la comissi\u00f3 TAC ha elaborat una seq\u00fcenciaci\u00f3 de continguts per a infantil i prim\u00e0ria. Caldr\u00e0 despr\u00e9s adequar els continguts al desplegament curricular vigent.<\/p>\n<table style=\"border-collapse: collapse; width: 100%;\">\n<tbody>\n<tr>\n<td style=\"width: 50%; text-align: center;\"><a href=\"https:\/\/agora.xtec.cat\/ceip-estel-stguim\/wp-content\/uploads\/usu237\/2023\/06\/desplegament-infantil-1.pdf\"><img loading=\"lazy\" decoding=\"async\" class=\"aligncenter size-full wp-image-8501\" src=\"https:\/\/agora.xtec.cat\/ceip-estel-stguim\/wp-content\/uploads\/usu237\/2023\/06\/us-tecnologies-digitals-infantil.jpg_2091075150.jpg\" alt=\"\" width=\"268\" height=\"372\" srcset=\"https:\/\/agora.xtec.cat\/ceip-estel-stguim\/wp-content\/uploads\/usu237\/2023\/06\/us-tecnologies-digitals-infantil.jpg_2091075150.jpg 268w, https:\/\/agora.xtec.cat\/ceip-estel-stguim\/wp-content\/uploads\/usu237\/2023\/06\/us-tecnologies-digitals-infantil.jpg_2091075150-216x300.jpg 216w\" sizes=\"auto, (max-width: 268px) 100vw, 268px\" \/><\/a><\/td>\n<td style=\"width: 50%; text-align: center;\"><a href=\"https:\/\/agora.xtec.cat\/ceip-estel-stguim\/wp-content\/uploads\/usu237\/2023\/06\/desplegament-primaria.pdf\"><img loading=\"lazy\" decoding=\"async\" class=\"aligncenter size-full wp-image-8502\" src=\"https:\/\/agora.xtec.cat\/ceip-estel-stguim\/wp-content\/uploads\/usu237\/2023\/06\/us-tecnologies-digitals-primaria.jpg\" alt=\"\" width=\"268\" height=\"372\" srcset=\"https:\/\/agora.xtec.cat\/ceip-estel-stguim\/wp-content\/uploads\/usu237\/2023\/06\/us-tecnologies-digitals-primaria.jpg 268w, https:\/\/agora.xtec.cat\/ceip-estel-stguim\/wp-content\/uploads\/usu237\/2023\/06\/us-tecnologies-digitals-primaria-216x300.jpg 216w\" sizes=\"auto, (max-width: 268px) 100vw, 268px\" \/><\/a><\/td>\n<\/tr>\n<\/tbody>\n<\/table>\n","protected":false},"excerpt":{"rendered":"<p>Per combatre els canvis en educaci\u00f3 referents a l&#8217;\u00e0mbit digital i guanyar el m\u00e0xim d&#8217;estabilitat i potencial docent, la comissi\u00f3 [&hellip;]<\/p>\n","protected":false},"author":1,"featured_media":0,"parent":0,"menu_order":0,"comment_status":"closed","ping_status":"closed","template":"","meta":{"_bbp_topic_count":0,"_bbp_reply_count":0,"_bbp_total_topic_count":0,"_bbp_total_reply_count":0,"_bbp_voice_count":0,"_bbp_anonymous_reply_count":0,"_bbp_topic_count_hidden":0,"_bbp_reply_count_hidden":0,"_bbp_forum_subforum_count":0,"site-sidebar-layout":"default","site-content-layout":"","ast-site-content-layout":"","site-content-style":"default","site-sidebar-style":"default","ast-global-header-display":"","ast-banner-title-visibility":"","ast-main-header-display":"","ast-hfb-above-header-display":"","ast-hfb-below-header-display":"","ast-hfb-mobile-header-display":"","site-post-title":"","ast-breadcrumbs-content":"","ast-featured-img":"","footer-sml-layout":"","theme-transparent-header-meta":"","adv-header-id-meta":"","stick-header-meta":"","header-above-stick-meta":"","header-main-stick-meta":"","header-below-stick-meta":"","astra-migrate-meta-layouts":"default","ast-page-background-enabled":"default","ast-page-background-meta":{"desktop":{"background-color":"var(--ast-global-color-4)","background-image":"","background-repeat":"repeat","background-position":"center center","background-size":"auto","background-attachment":"scroll","background-type":"","background-media":"","overlay-type":"","overlay-color":"","overlay-opacity":"","overlay-gradient":""},"tablet":{"background-color":"","background-image":"","background-repeat":"repeat","background-position":"center center","background-size":"auto","background-attachment":"scroll","background-type":"","background-media":"","overlay-type":"","overlay-color":"","overlay-opacity":"","overlay-gradient":""},"mobile":{"background-color":"","background-image":"","background-repeat":"repeat","background-position":"center center","background-size":"auto","background-attachment":"scroll","background-type":"","background-media":"","overlay-type":"","overlay-color":"","overlay-opacity":"","overlay-gradient":""}},"ast-content-background-meta":{"desktop":{"background-color":"var(--ast-global-color-5)","background-image":"","background-repeat":"repeat","background-position":"center center","background-size":"auto","background-attachment":"scroll","background-type":"","background-media":"","overlay-type":"","overlay-color":"","overlay-opacity":"","overlay-gradient":""},"tablet":{"background-color":"var(--ast-global-color-5)","background-image":"","background-repeat":"repeat","background-position":"center center","background-size":"auto","background-attachment":"scroll","background-type":"","background-media":"","overlay-type":"","overlay-color":"","overlay-opacity":"","overlay-gradient":""},"mobile":{"background-color":"var(--ast-global-color-5)","background-image":"","background-repeat":"repeat","background-position":"center center","background-size":"auto","background-attachment":"scroll","background-type":"","background-media":"","overlay-type":"","overlay-color":"","overlay-opacity":"","overlay-gradient":""}},"footnotes":""},"class_list":["post-8499","page","type-page","status-publish","hentry"],"post_mailing_queue_ids":[],"_links":{"self":[{"href":"https:\/\/agora.xtec.cat\/ceip-estel-stguim\/wp-json\/wp\/v2\/pages\/8499","targetHints":{"allow":["GET"]}}],"collection":[{"href":"https:\/\/agora.xtec.cat\/ceip-estel-stguim\/wp-json\/wp\/v2\/pages"}],"about":[{"href":"https:\/\/agora.xtec.cat\/ceip-estel-stguim\/wp-json\/wp\/v2\/types\/page"}],"author":[{"embeddable":true,"href":"https:\/\/agora.xtec.cat\/ceip-estel-stguim\/wp-json\/wp\/v2\/users\/1"}],"replies":[{"embeddable":true,"href":"https:\/\/agora.xtec.cat\/ceip-estel-stguim\/wp-json\/wp\/v2\/comments?post=8499"}],"version-history":[{"count":3,"href":"https:\/\/agora.xtec.cat\/ceip-estel-stguim\/wp-json\/wp\/v2\/pages\/8499\/revisions"}],"predecessor-version":[{"id":8512,"href":"https:\/\/agora.xtec.cat\/ceip-estel-stguim\/wp-json\/wp\/v2\/pages\/8499\/revisions\/8512"}],"wp:attachment":[{"href":"https:\/\/agora.xtec.cat\/ceip-estel-stguim\/wp-json\/wp\/v2\/media?parent=8499"}],"curies":[{"name":"wp","href":"https:\/\/api.w.org\/{rel}","templated":true}]}}

<p>Per combatre els canvis en educació referents a l&#8217;àmbit digital i guanyar el màxim d&#8217;estabilitat i potencial docent, la comissió TAC ha elaborat una seqüenciació de continguts per a infantil i primària. Caldrà després adequar els continguts al desplegament curricular vigent.</p>
<table style="border-collapse: collapse; width: 100%;">
<tbody>
<tr>
<td style="width: 50%; text-align: center;"><a href="https://agora.xtec.cat/ceip-estel-stguim/wp-content/uploads/usu237/2023/06/desplegament-infantil-1.pdf"><img loading="lazy" decoding="async" class="aligncenter size-full wp-image-8501" src="https://agora.xtec.cat/ceip-estel-stguim/wp-content/uploads/usu237/2023/06/us-tecnologies-digitals-infantil.jpg_2091075150.jpg" alt="" width="268" height="372" srcset="https://agora.xtec.cat/ceip-estel-stguim/wp-content/uploads/usu237/2023/06/us-tecnologies-digitals-infantil.jpg_2091075150.jpg 268w, https://agora.xtec.cat/ceip-estel-stguim/wp-content/uploads/usu237/2023/06/us-tecnologies-digitals-infantil.jpg_2091075150-216x300.jpg 216w" sizes="auto, (max-width: 268px) 100vw, 268px" /></a></td>
<td style="width: 50%; text-align: center;"><a href="https://agora.xtec.cat/ceip-estel-stguim/wp-content/uploads/usu237/2023/06/desplegament-primaria.pdf"><img loading="lazy" decoding="async" class="aligncenter size-full wp-image-8502" src="https://agora.xtec.cat/ceip-estel-stguim/wp-content/uploads/usu237/2023/06/us-tecnologies-digitals-primaria.jpg" alt="" width="268" height="372" srcset="https://agora.xtec.cat/ceip-estel-stguim/wp-content/uploads/usu237/2023/06/us-tecnologies-digitals-primaria.jpg 268w, https://agora.xtec.cat/ceip-estel-stguim/wp-content/uploads/usu237/2023/06/us-tecnologies-digitals-primaria-216x300.jpg 216w" sizes="auto, (max-width: 268px) 100vw, 268px" /></a></td>
</tr>
</tbody>
</table>

<p>Per combatre els canvis en educació referents a l&#8217;àmbit digital i guanyar el màxim d&#8217;estabilitat i potencial docent, la comissió [&hellip;]</p>
