{"id":28,"date":"2014-09-18T12:29:35","date_gmt":"2014-09-18T12:29:35","guid":{"rendered":"http:\/\/agora.xtec.cat\/ceip-estel-stguim\/?page_id=28"},"modified":"2025-05-16T15:52:18","modified_gmt":"2025-05-16T13:52:18","slug":"consell-escolar","status":"publish","type":"page","link":"https:\/\/agora.xtec.cat\/ceip-estel-stguim\/lescola\/consell-escolar\/","title":{"rendered":"Consell escolar"},"content":{"rendered":"<p>El<a href=\"http:\/\/agora.xtec.cat\/ceip-estel-stguim\/wp-content\/uploads\/usu237\/2014\/09\/consell-escolar.png\"><img loading=\"lazy\" decoding=\"async\" class=\"wp-image-3684 alignleft\" src=\"http:\/\/agora.xtec.cat\/ceip-estel-stguim\/wp-content\/uploads\/usu237\/2014\/09\/consell-escolar.png\" alt=\"\" width=\"282\" height=\"133\" srcset=\"https:\/\/agora.xtec.cat\/ceip-estel-stguim\/wp-content\/uploads\/usu237\/2014\/09\/consell-escolar.png 720w, https:\/\/agora.xtec.cat\/ceip-estel-stguim\/wp-content\/uploads\/usu237\/2014\/09\/consell-escolar-300x142.png 300w\" sizes=\"auto, (max-width: 282px) 100vw, 282px\" \/><\/a> consell escolar del centre \u00e9s l&#8217;<strong>\u00f2rgan col<\/strong><strong>\u00b7<\/strong><strong>legiat de participaci\u00f3<\/strong>\u00a0de la comunitat escolar en el govern del centre. En el consell escolar hi ha representats tots els col\u00b7lectius que intervenen en la comunitat educativa: director, professorat, alumnat, personal d&#8217;administraci\u00f3 i serveis, etc.<\/p>\n<p>En els centres p\u00fablics, la funci\u00f3 principal del consell escolar \u00e9s participar en la presa de decisions en relaci\u00f3 amb aquells temes importants per al funcionament i l&#8217;organitzaci\u00f3 del centre: el projecte educatiu, la programaci\u00f3 general, la gesti\u00f3 econ\u00f2mica, etc. En el cas dels centres privats concertats, el consell escolar debat, avalua, analitza i pren decisions sobre els temes proposats pel titular del centre.<\/p>\n<p>Els membres del consell escolar s\u00f3n elegits per un per\u00edode de quatre anys i es renoven per meitats cada dos anys.<\/p>\n<p><strong>Consell escolar ESCOLA L&#8217;ESTEL CURS 24-25<\/strong><\/p>\n<p><span style=\"font-weight: 400;\">N\u00faria Trujillo, presidenta<\/span><\/p>\n<p><span style=\"font-weight: 400;\">Magda Cisquella, cap d\u2019estudis<\/span><\/p>\n<p><span style=\"font-weight: 400;\">Yasmina Ca\u00f1ete, secret\u00e0ria<\/span><\/p>\n<p><span style=\"font-weight: 400;\">\u00c0ngels Alegre, representant mestres<\/span><\/p>\n<p><span style=\"font-weight: 400;\">Mireia Mu\u00f1oz, representant mestres<\/span><\/p>\n<p><span style=\"font-weight: 400;\">Montse Barrera, representant mestres<a href=\"http:\/\/agora.xtec.cat\/ceip-estel-stguim\/wp-content\/uploads\/usu237\/2014\/09\/meeting-1219540_960_720.jpg\"><img loading=\"lazy\" decoding=\"async\" class=\"wp-image-3687 alignright\" src=\"http:\/\/agora.xtec.cat\/ceip-estel-stguim\/wp-content\/uploads\/usu237\/2014\/09\/meeting-1219540_960_720.jpg\" alt=\"\" width=\"485\" height=\"342\" srcset=\"https:\/\/agora.xtec.cat\/ceip-estel-stguim\/wp-content\/uploads\/usu237\/2014\/09\/meeting-1219540_960_720.jpg 960w, https:\/\/agora.xtec.cat\/ceip-estel-stguim\/wp-content\/uploads\/usu237\/2014\/09\/meeting-1219540_960_720-300x212.jpg 300w, https:\/\/agora.xtec.cat\/ceip-estel-stguim\/wp-content\/uploads\/usu237\/2014\/09\/meeting-1219540_960_720-768x542.jpg 768w\" sizes=\"auto, (max-width: 485px) 100vw, 485px\" \/><\/a><\/span><\/p>\n<p><span style=\"font-weight: 400;\">Laura De Mart\u00ed, representant mestres<\/span><\/p>\n<p><span style=\"font-weight: 400;\">S\u00edlvia Llamas, representant de l\u2019AFA<\/span><\/p>\n<p><span style=\"font-weight: 400;\">Toni Nogu\u00e9s Llorens, representant de les fam\u00edlies<\/span><\/p>\n<p style=\"font-family: 'Helvetica Neue', Helvetica, Helvetica, Arial, sans-serif; font-size: 16px;\">Eva Ar\u00e1nega Vilar, representant de les fam\u00edlies<\/p>\n<p>Olga Rold\u00e1n Mont\u00f3n, representant de fam\u00edlies.<\/p>\n<p>Judit Borda Cisquella, representant de fam\u00edlies.<\/p>\n<p><span style=\"font-weight: 400;\">Enric Robles S\u00e0nchez, representant del PAS<\/span><\/p>\n<p><span style=\"font-weight: 400;\">Representant de l\u2019Ajuntament<\/span><\/p>\n<p>&nbsp;<\/p>\n<table style=\"border-collapse: collapse; width: 55.616%;\">\n<tbody>\n<tr>\n<td style=\"width: 24.3412%; text-align: center;\"><a href=\"https:\/\/agora.xtec.cat\/ceip-estel-stguim\/wp-content\/uploads\/usu237\/2025\/05\/ACTA-1-CONSELL-ESCOLAR-24-25-1.pdf\"><strong>ACTA 1<\/strong><\/a><\/td>\n<td style=\"width: 31.276%; text-align: center;\">6 de novembre de 2024<\/td>\n<\/tr>\n<tr>\n<td style=\"width: 24.3412%; text-align: center;\"><a href=\"https:\/\/agora.xtec.cat\/ceip-estel-stguim\/wp-content\/uploads\/usu237\/2025\/05\/ACTA-2-CONSELL-ESCOLAR-24-25-1.pdf\"><strong>ACTA 2<\/strong><\/a><\/td>\n<td style=\"width: 31.276%; text-align: center;\">29 de gener de 2025<\/td>\n<\/tr>\n<tr>\n<td style=\"width: 24.3412%; text-align: center;\"><a href=\"https:\/\/agora.xtec.cat\/ceip-estel-stguim\/wp-content\/uploads\/usu237\/2025\/05\/ACTA-3-CONSELL-ESCOLAR-24-25-1.pdf\"><strong>ACTA 3<\/strong><\/a><\/td>\n<td style=\"width: 31.276%; text-align: center;\">19 mar\u00e7 de 2025<\/td>\n<\/tr>\n<tr>\n<td style=\"width: 24.3412%; text-align: center;\"><\/td>\n<td style=\"width: 31.276%; text-align: center;\"><\/td>\n<\/tr>\n<\/tbody>\n<\/table>\n","protected":false},"excerpt":{"rendered":"<p>El consell escolar del centre \u00e9s l&#8217;\u00f2rgan col\u00b7legiat de participaci\u00f3\u00a0de la comunitat escolar en el govern del centre. En el [&hellip;]<\/p>\n","protected":false},"author":2,"featured_media":0,"parent":22,"menu_order":30,"comment_status":"closed","ping_status":"closed","template":"","meta":{"_bbp_topic_count":0,"_bbp_reply_count":0,"_bbp_total_topic_count":0,"_bbp_total_reply_count":0,"_bbp_voice_count":0,"_bbp_anonymous_reply_count":0,"_bbp_topic_count_hidden":0,"_bbp_reply_count_hidden":0,"_bbp_forum_subforum_count":0,"site-sidebar-layout":"default","site-content-layout":"","ast-site-content-layout":"default","site-content-style":"default","site-sidebar-style":"default","ast-global-header-display":"","ast-banner-title-visibility":"","ast-main-header-display":"","ast-hfb-above-header-display":"","ast-hfb-below-header-display":"","ast-hfb-mobile-header-display":"","site-post-title":"","ast-breadcrumbs-content":"","ast-featured-img":"","footer-sml-layout":"","theme-transparent-header-meta":"default","adv-header-id-meta":"","stick-header-meta":"","header-above-stick-meta":"","header-main-stick-meta":"","header-below-stick-meta":"","astra-migrate-meta-layouts":"set","ast-page-background-enabled":"default","ast-page-background-meta":{"desktop":{"background-color":"var(--ast-global-color-4)","background-image":"","background-repeat":"repeat","background-position":"center center","background-size":"auto","background-attachment":"scroll","background-type":"","background-media":"","overlay-type":"","overlay-color":"","overlay-opacity":"","overlay-gradient":""},"tablet":{"background-color":"","background-image":"","background-repeat":"repeat","background-position":"center center","background-size":"auto","background-attachment":"scroll","background-type":"","background-media":"","overlay-type":"","overlay-color":"","overlay-opacity":"","overlay-gradient":""},"mobile":{"background-color":"","background-image":"","background-repeat":"repeat","background-position":"center center","background-size":"auto","background-attachment":"scroll","background-type":"","background-media":"","overlay-type":"","overlay-color":"","overlay-opacity":"","overlay-gradient":""}},"ast-content-background-meta":{"desktop":{"background-color":"var(--ast-global-color-5)","background-image":"","background-repeat":"repeat","background-position":"center center","background-size":"auto","background-attachment":"scroll","background-type":"","background-media":"","overlay-type":"","overlay-color":"","overlay-opacity":"","overlay-gradient":""},"tablet":{"background-color":"var(--ast-global-color-5)","background-image":"","background-repeat":"repeat","background-position":"center center","background-size":"auto","background-attachment":"scroll","background-type":"","background-media":"","overlay-type":"","overlay-color":"","overlay-opacity":"","overlay-gradient":""},"mobile":{"background-color":"var(--ast-global-color-5)","background-image":"","background-repeat":"repeat","background-position":"center center","background-size":"auto","background-attachment":"scroll","background-type":"","background-media":"","overlay-type":"","overlay-color":"","overlay-opacity":"","overlay-gradient":""}},"footnotes":""},"class_list":["post-28","page","type-page","status-publish","hentry"],"post_mailing_queue_ids":[],"_links":{"self":[{"href":"https:\/\/agora.xtec.cat\/ceip-estel-stguim\/wp-json\/wp\/v2\/pages\/28","targetHints":{"allow":["GET"]}}],"collection":[{"href":"https:\/\/agora.xtec.cat\/ceip-estel-stguim\/wp-json\/wp\/v2\/pages"}],"about":[{"href":"https:\/\/agora.xtec.cat\/ceip-estel-stguim\/wp-json\/wp\/v2\/types\/page"}],"author":[{"embeddable":true,"href":"https:\/\/agora.xtec.cat\/ceip-estel-stguim\/wp-json\/wp\/v2\/users\/2"}],"replies":[{"embeddable":true,"href":"https:\/\/agora.xtec.cat\/ceip-estel-stguim\/wp-json\/wp\/v2\/comments?post=28"}],"version-history":[{"count":8,"href":"https:\/\/agora.xtec.cat\/ceip-estel-stguim\/wp-json\/wp\/v2\/pages\/28\/revisions"}],"predecessor-version":[{"id":9671,"href":"https:\/\/agora.xtec.cat\/ceip-estel-stguim\/wp-json\/wp\/v2\/pages\/28\/revisions\/9671"}],"up":[{"embeddable":true,"href":"https:\/\/agora.xtec.cat\/ceip-estel-stguim\/wp-json\/wp\/v2\/pages\/22"}],"wp:attachment":[{"href":"https:\/\/agora.xtec.cat\/ceip-estel-stguim\/wp-json\/wp\/v2\/media?parent=28"}],"curies":[{"name":"wp","href":"https:\/\/api.w.org\/{rel}","templated":true}]}}

<p>El<a href="http://agora.xtec.cat/ceip-estel-stguim/wp-content/uploads/usu237/2014/09/consell-escolar.png"><img loading="lazy" decoding="async" class="wp-image-3684 alignleft" src="http://agora.xtec.cat/ceip-estel-stguim/wp-content/uploads/usu237/2014/09/consell-escolar.png" alt="" width="282" height="133" srcset="https://agora.xtec.cat/ceip-estel-stguim/wp-content/uploads/usu237/2014/09/consell-escolar.png 720w, https://agora.xtec.cat/ceip-estel-stguim/wp-content/uploads/usu237/2014/09/consell-escolar-300x142.png 300w" sizes="auto, (max-width: 282px) 100vw, 282px" /></a> consell escolar del centre és l&#8217;<strong>òrgan col</strong><strong>·</strong><strong>legiat de participació</strong> de la comunitat escolar en el govern del centre. En el consell escolar hi ha representats tots els col·lectius que intervenen en la comunitat educativa: director, professorat, alumnat, personal d&#8217;administració i serveis, etc.</p>
<p>En els centres públics, la funció principal del consell escolar és participar en la presa de decisions en relació amb aquells temes importants per al funcionament i l&#8217;organització del centre: el projecte educatiu, la programació general, la gestió econòmica, etc. En el cas dels centres privats concertats, el consell escolar debat, avalua, analitza i pren decisions sobre els temes proposats pel titular del centre.</p>
<p>Els membres del consell escolar són elegits per un període de quatre anys i es renoven per meitats cada dos anys.</p>
<p><strong>Consell escolar ESCOLA L&#8217;ESTEL CURS 24-25</strong></p>
<p><span style="font-weight: 400;">Núria Trujillo, presidenta</span></p>
<p><span style="font-weight: 400;">Magda Cisquella, cap d’estudis</span></p>
<p><span style="font-weight: 400;">Yasmina Cañete, secretària</span></p>
<p><span style="font-weight: 400;">Àngels Alegre, representant mestres</span></p>
<p><span style="font-weight: 400;">Mireia Muñoz, representant mestres</span></p>
<p><span style="font-weight: 400;">Montse Barrera, representant mestres<a href="http://agora.xtec.cat/ceip-estel-stguim/wp-content/uploads/usu237/2014/09/meeting-1219540_960_720.jpg"><img loading="lazy" decoding="async" class="wp-image-3687 alignright" src="http://agora.xtec.cat/ceip-estel-stguim/wp-content/uploads/usu237/2014/09/meeting-1219540_960_720.jpg" alt="" width="485" height="342" srcset="https://agora.xtec.cat/ceip-estel-stguim/wp-content/uploads/usu237/2014/09/meeting-1219540_960_720.jpg 960w, https://agora.xtec.cat/ceip-estel-stguim/wp-content/uploads/usu237/2014/09/meeting-1219540_960_720-300x212.jpg 300w, https://agora.xtec.cat/ceip-estel-stguim/wp-content/uploads/usu237/2014/09/meeting-1219540_960_720-768x542.jpg 768w" sizes="auto, (max-width: 485px) 100vw, 485px" /></a></span></p>
<p><span style="font-weight: 400;">Laura De Martí, representant mestres</span></p>
<p><span style="font-weight: 400;">Sílvia Llamas, representant de l’AFA</span></p>
<p><span style="font-weight: 400;">Toni Nogués Llorens, representant de les famílies</span></p>
<p style="font-family: 'Helvetica Neue', Helvetica, Helvetica, Arial, sans-serif; font-size: 16px;">Eva Aránega Vilar, representant de les famílies</p>
<p>Olga Roldán Montón, representant de famílies.</p>
<p>Judit Borda Cisquella, representant de famílies.</p>
<p><span style="font-weight: 400;">Enric Robles Sànchez, representant del PAS</span></p>
<p><span style="font-weight: 400;">Representant de l’Ajuntament</span></p>
<p>&nbsp;</p>
<table style="border-collapse: collapse; width: 55.616%;">
<tbody>
<tr>
<td style="width: 24.3412%; text-align: center;"><a href="https://agora.xtec.cat/ceip-estel-stguim/wp-content/uploads/usu237/2025/05/ACTA-1-CONSELL-ESCOLAR-24-25-1.pdf"><strong>ACTA 1</strong></a></td>
<td style="width: 31.276%; text-align: center;">6 de novembre de 2024</td>
</tr>
<tr>
<td style="width: 24.3412%; text-align: center;"><a href="https://agora.xtec.cat/ceip-estel-stguim/wp-content/uploads/usu237/2025/05/ACTA-2-CONSELL-ESCOLAR-24-25-1.pdf"><strong>ACTA 2</strong></a></td>
<td style="width: 31.276%; text-align: center;">29 de gener de 2025</td>
</tr>
<tr>
<td style="width: 24.3412%; text-align: center;"><a href="https://agora.xtec.cat/ceip-estel-stguim/wp-content/uploads/usu237/2025/05/ACTA-3-CONSELL-ESCOLAR-24-25-1.pdf"><strong>ACTA 3</strong></a></td>
<td style="width: 31.276%; text-align: center;">19 març de 2025</td>
</tr>
<tr>
<td style="width: 24.3412%; text-align: center;"></td>
<td style="width: 31.276%; text-align: center;"></td>
</tr>
</tbody>
</table>

<p>El consell escolar del centre és l&#8217;òrgan col·legiat de participació de la comunitat escolar en el govern del centre. En el [&hellip;]</p>
