{"id":26,"date":"2014-09-18T12:24:32","date_gmt":"2014-09-18T12:24:32","guid":{"rendered":"http:\/\/agora.xtec.cat\/ceip-estel-stguim\/?page_id=26"},"modified":"2022-12-02T15:10:01","modified_gmt":"2022-12-02T14:10:01","slug":"historia","status":"publish","type":"page","link":"https:\/\/agora.xtec.cat\/ceip-estel-stguim\/lescola\/historia\/","title":{"rendered":"Hist\u00f2ria"},"content":{"rendered":"<p>Des dels principis de la construcci\u00f3 del poble els nens i les nenes anaven al col\u00b7legi a Freixenet o a Montmaneu.<\/p>\n<p>Al 1914 el Sr. Canela va aconseguir fer venir una mestra, la Sra Carme Mestres i fundaren l&#8217;escola de la Mare de D\u00e9u de Montserrat, situada a cal Po, val a dir que l&#8217;escola valia 6 reals.<\/p>\n<p>La RENFE i el poble van demanar al Sr.Bisbe de Vic Excm.,Rvdm.Francesc Nu\u00f1oz Izquierdo, un mestre. U l&#8217;any 1918 va enviar a Mn. Josep Montany\u00e0. Aquest capella va fer una capelleta i feia escola al primer pis de l&#8217;hostal vell de Cal Segal\u00e0. Hi anaven els nens. Les nenes continuaven anant a l&#8217;escola de Nostra Sra. de Montserrat.<\/p>\n<p>El 27 de setembre de 1928 s&#8217;inaugura l&#8217;esgl\u00e9sia i les escoles, costejades pel Sr. Josep Segal\u00e0. Regal\u00e0 les escoles a la &#8220;Junta d&#8217;entitat menor&#8221; que era la representaci\u00f3 del poble. L&#8217;ensenyament continu\u00e0 com abans; els nens amb el moss\u00e8n i les nenes amb unes mestres particulars. Finalment s&#8217;aconsegu\u00ed mestre i mestra nacional a St. Guim.<\/p>\n<p><a href=\"http:\/\/agora.xtec.cat\/ceip-estel-stguim\/wp-content\/uploads\/usu237\/2014\/09\/escola-vella.jpg\"><img loading=\"lazy\" decoding=\"async\" class=\"aligncenter size-medium wp-image-203\" src=\"http:\/\/agora.xtec.cat\/ceip-estel-stguim\/wp-content\/uploads\/usu237\/2014\/09\/escola-vella-300x220.jpg\" alt=\"escola vella\" width=\"300\" height=\"220\" srcset=\"https:\/\/agora.xtec.cat\/ceip-estel-stguim\/wp-content\/uploads\/usu237\/2014\/09\/escola-vella-300x220.jpg 300w, https:\/\/agora.xtec.cat\/ceip-estel-stguim\/wp-content\/uploads\/usu237\/2014\/09\/escola-vella.jpg 460w\" sizes=\"auto, (max-width: 300px) 100vw, 300px\" \/><\/a><\/p>\n<p>L&#8217;any 1939 entr\u00e0 com alcalde de Sant Guim-Altadill el Sr. Josep Iglesias Gass\u00f3, de Sant Guim. Comen\u00e7\u00e0 fent sessions d&#8217;ajuntament a Freixenet per\u00f2 ben aviat va veure la necessitat del seu trasllat, ja que el centre era Sant Guim i un poble m\u00e9s gran; llavors l&#8217;ajuntament havia de tramitar molts passaports i q\u00fcestions de guerra. Fou l&#8217;any 1940 quan es trasllad\u00e0 oficialment l&#8217;ajuntament de Freixenet a Sant Guim. Amb aquest fet Sant Guim aconsegueix tamb\u00e9 la vinguda dels mestres nacionals.<\/p>\n<p>L&#8217;any 1982 Sant Guim estava dotat d&#8217;una concentraci\u00f3 escolar amb 10 mestres i on hi acudien tots els nens i nenes de la rodalia. Les escoles velles eren insuficients per donar cabuda a tots els alumnes. L&#8217;any 1981 s&#8217;inaguren unes escoles noves per la segona etapa d&#8217;EGB, mentre la primera etapa continua a l&#8217;edifici vell.<\/p>\n<p><a href=\"http:\/\/agora.xtec.cat\/ceip-estel-stguim\/wp-content\/uploads\/usu237\/2014\/09\/escolanova.jpg\"><img loading=\"lazy\" decoding=\"async\" class=\"aligncenter size-medium wp-image-204\" src=\"http:\/\/agora.xtec.cat\/ceip-estel-stguim\/wp-content\/uploads\/usu237\/2014\/09\/escolanova-300x249.jpg\" alt=\"escolanova\" width=\"300\" height=\"249\" srcset=\"https:\/\/agora.xtec.cat\/ceip-estel-stguim\/wp-content\/uploads\/usu237\/2014\/09\/escolanova-300x250.jpg 300w, https:\/\/agora.xtec.cat\/ceip-estel-stguim\/wp-content\/uploads\/usu237\/2014\/09\/escolanova.jpg 460w\" sizes=\"auto, (max-width: 300px) 100vw, 300px\" \/><\/a><\/p>\n<p><em>Preparada la foguera de Sant Joan davant les escoles noves<\/em><\/p>\n<p>&nbsp;<\/p>\n<p>&nbsp;<\/p>\n","protected":false},"excerpt":{"rendered":"<p>Des dels principis de la construcci\u00f3 del poble els nens i les nenes anaven al col\u00b7legi a Freixenet o a [&hellip;]<\/p>\n","protected":false},"author":2,"featured_media":0,"parent":22,"menu_order":20,"comment_status":"closed","ping_status":"closed","template":"page-templates\/side-menu.php","meta":{"_bbp_topic_count":0,"_bbp_reply_count":0,"_bbp_total_topic_count":0,"_bbp_total_reply_count":0,"_bbp_voice_count":0,"_bbp_anonymous_reply_count":0,"_bbp_topic_count_hidden":0,"_bbp_reply_count_hidden":0,"_bbp_forum_subforum_count":0,"site-sidebar-layout":"default","site-content-layout":"","ast-site-content-layout":"","site-content-style":"default","site-sidebar-style":"default","ast-global-header-display":"","ast-banner-title-visibility":"","ast-main-header-display":"","ast-hfb-above-header-display":"","ast-hfb-below-header-display":"","ast-hfb-mobile-header-display":"","site-post-title":"","ast-breadcrumbs-content":"","ast-featured-img":"","footer-sml-layout":"","theme-transparent-header-meta":"","adv-header-id-meta":"","stick-header-meta":"","header-above-stick-meta":"","header-main-stick-meta":"","header-below-stick-meta":"","astra-migrate-meta-layouts":"default","ast-page-background-enabled":"default","ast-page-background-meta":{"desktop":{"background-color":"var(--ast-global-color-4)","background-image":"","background-repeat":"repeat","background-position":"center center","background-size":"auto","background-attachment":"scroll","background-type":"","background-media":"","overlay-type":"","overlay-color":"","overlay-opacity":"","overlay-gradient":""},"tablet":{"background-color":"","background-image":"","background-repeat":"repeat","background-position":"center center","background-size":"auto","background-attachment":"scroll","background-type":"","background-media":"","overlay-type":"","overlay-color":"","overlay-opacity":"","overlay-gradient":""},"mobile":{"background-color":"","background-image":"","background-repeat":"repeat","background-position":"center center","background-size":"auto","background-attachment":"scroll","background-type":"","background-media":"","overlay-type":"","overlay-color":"","overlay-opacity":"","overlay-gradient":""}},"ast-content-background-meta":{"desktop":{"background-color":"var(--ast-global-color-5)","background-image":"","background-repeat":"repeat","background-position":"center center","background-size":"auto","background-attachment":"scroll","background-type":"","background-media":"","overlay-type":"","overlay-color":"","overlay-opacity":"","overlay-gradient":""},"tablet":{"background-color":"var(--ast-global-color-5)","background-image":"","background-repeat":"repeat","background-position":"center center","background-size":"auto","background-attachment":"scroll","background-type":"","background-media":"","overlay-type":"","overlay-color":"","overlay-opacity":"","overlay-gradient":""},"mobile":{"background-color":"var(--ast-global-color-5)","background-image":"","background-repeat":"repeat","background-position":"center center","background-size":"auto","background-attachment":"scroll","background-type":"","background-media":"","overlay-type":"","overlay-color":"","overlay-opacity":"","overlay-gradient":""}},"footnotes":""},"class_list":["post-26","page","type-page","status-publish","hentry"],"post_mailing_queue_ids":[],"_links":{"self":[{"href":"https:\/\/agora.xtec.cat\/ceip-estel-stguim\/wp-json\/wp\/v2\/pages\/26","targetHints":{"allow":["GET"]}}],"collection":[{"href":"https:\/\/agora.xtec.cat\/ceip-estel-stguim\/wp-json\/wp\/v2\/pages"}],"about":[{"href":"https:\/\/agora.xtec.cat\/ceip-estel-stguim\/wp-json\/wp\/v2\/types\/page"}],"author":[{"embeddable":true,"href":"https:\/\/agora.xtec.cat\/ceip-estel-stguim\/wp-json\/wp\/v2\/users\/2"}],"replies":[{"embeddable":true,"href":"https:\/\/agora.xtec.cat\/ceip-estel-stguim\/wp-json\/wp\/v2\/comments?post=26"}],"version-history":[{"count":3,"href":"https:\/\/agora.xtec.cat\/ceip-estel-stguim\/wp-json\/wp\/v2\/pages\/26\/revisions"}],"predecessor-version":[{"id":8163,"href":"https:\/\/agora.xtec.cat\/ceip-estel-stguim\/wp-json\/wp\/v2\/pages\/26\/revisions\/8163"}],"up":[{"embeddable":true,"href":"https:\/\/agora.xtec.cat\/ceip-estel-stguim\/wp-json\/wp\/v2\/pages\/22"}],"wp:attachment":[{"href":"https:\/\/agora.xtec.cat\/ceip-estel-stguim\/wp-json\/wp\/v2\/media?parent=26"}],"curies":[{"name":"wp","href":"https:\/\/api.w.org\/{rel}","templated":true}]}}

Història

<p>Des dels principis de la construcció del poble els nens i les nenes anaven al col·legi a Freixenet o a Montmaneu.</p>
<p>Al 1914 el Sr. Canela va aconseguir fer venir una mestra, la Sra Carme Mestres i fundaren l&#8217;escola de la Mare de Déu de Montserrat, situada a cal Po, val a dir que l&#8217;escola valia 6 reals.</p>
<p>La RENFE i el poble van demanar al Sr.Bisbe de Vic Excm.,Rvdm.Francesc Nuñoz Izquierdo, un mestre. U l&#8217;any 1918 va enviar a Mn. Josep Montanyà. Aquest capella va fer una capelleta i feia escola al primer pis de l&#8217;hostal vell de Cal Segalà. Hi anaven els nens. Les nenes continuaven anant a l&#8217;escola de Nostra Sra. de Montserrat.</p>
<p>El 27 de setembre de 1928 s&#8217;inaugura l&#8217;església i les escoles, costejades pel Sr. Josep Segalà. Regalà les escoles a la &#8220;Junta d&#8217;entitat menor&#8221; que era la representació del poble. L&#8217;ensenyament continuà com abans; els nens amb el mossèn i les nenes amb unes mestres particulars. Finalment s&#8217;aconseguí mestre i mestra nacional a St. Guim.</p>
<p><a href="http://agora.xtec.cat/ceip-estel-stguim/wp-content/uploads/usu237/2014/09/escola-vella.jpg"><img loading="lazy" decoding="async" class="aligncenter size-medium wp-image-203" src="http://agora.xtec.cat/ceip-estel-stguim/wp-content/uploads/usu237/2014/09/escola-vella-300x220.jpg" alt="escola vella" width="300" height="220" srcset="https://agora.xtec.cat/ceip-estel-stguim/wp-content/uploads/usu237/2014/09/escola-vella-300x220.jpg 300w, https://agora.xtec.cat/ceip-estel-stguim/wp-content/uploads/usu237/2014/09/escola-vella.jpg 460w" sizes="auto, (max-width: 300px) 100vw, 300px" /></a></p>
<p>L&#8217;any 1939 entrà com alcalde de Sant Guim-Altadill el Sr. Josep Iglesias Gassó, de Sant Guim. Començà fent sessions d&#8217;ajuntament a Freixenet però ben aviat va veure la necessitat del seu trasllat, ja que el centre era Sant Guim i un poble més gran; llavors l&#8217;ajuntament havia de tramitar molts passaports i qüestions de guerra. Fou l&#8217;any 1940 quan es traslladà oficialment l&#8217;ajuntament de Freixenet a Sant Guim. Amb aquest fet Sant Guim aconsegueix també la vinguda dels mestres nacionals.</p>
<p>L&#8217;any 1982 Sant Guim estava dotat d&#8217;una concentració escolar amb 10 mestres i on hi acudien tots els nens i nenes de la rodalia. Les escoles velles eren insuficients per donar cabuda a tots els alumnes. L&#8217;any 1981 s&#8217;inaguren unes escoles noves per la segona etapa d&#8217;EGB, mentre la primera etapa continua a l&#8217;edifici vell.</p>
<p><a href="http://agora.xtec.cat/ceip-estel-stguim/wp-content/uploads/usu237/2014/09/escolanova.jpg"><img loading="lazy" decoding="async" class="aligncenter size-medium wp-image-204" src="http://agora.xtec.cat/ceip-estel-stguim/wp-content/uploads/usu237/2014/09/escolanova-300x249.jpg" alt="escolanova" width="300" height="249" srcset="https://agora.xtec.cat/ceip-estel-stguim/wp-content/uploads/usu237/2014/09/escolanova-300x250.jpg 300w, https://agora.xtec.cat/ceip-estel-stguim/wp-content/uploads/usu237/2014/09/escolanova.jpg 460w" sizes="auto, (max-width: 300px) 100vw, 300px" /></a></p>
<p><em>Preparada la foguera de Sant Joan davant les escoles noves</em></p>
<p>&nbsp;</p>
<p>&nbsp;</p>

<p>Des dels principis de la construcció del poble els nens i les nenes anaven al col·legi a Freixenet o a [&hellip;]</p>
