{"id":3700,"date":"2016-09-29T16:35:24","date_gmt":"2016-09-29T15:35:24","guid":{"rendered":"http:\/\/agora.xtec.cat\/ceip-espriu-sfeliu\/?page_id=3700"},"modified":"2016-11-20T23:54:53","modified_gmt":"2016-11-20T22:54:53","slug":"agents-verds","status":"publish","type":"page","link":"https:\/\/agora.xtec.cat\/ceip-espriu-sfeliu\/trets-didentitat\/escola-verda\/agents-verds\/","title":{"rendered":"Comit\u00e9 ambiental"},"content":{"rendered":"<p><iframe loading=\"lazy\" src=\"\/\/www.youtube.com\/embed\/o1U6wfVlvFo\" width=\"560\" height=\"315\" frameborder=\"0\" allowfullscreen=\"allowfullscreen\"><\/iframe><\/p>\n<p>El comit\u00e8 ambiental realitza diverses tasques que ens han ajudat a millorar a tenir una escola m\u00e9s sostenible, m\u00e9s ecol\u00f2gica i molt m\u00e9s \u201cverda\u201d. \u00a0Vam comen\u00e7ar a assignar-nos dos classes per a cada grup d\u2019agents verds, a fi de comunicar a tota l\u2019escola el qu\u00e8 i com\u00a0 hav\u00edem de tenir cura del nostre entorn. El nostre primer projecte va ser la \u201c<strong>millora de la qualitat del pati<\/strong>\u201d. Com ho vam fer? :<\/p>\n<ol>\n<li>Durant una setmana, cada grup d\u2019 agents verds, vam sortir al pati a fotografiar els residus que quedaven despr\u00e9s de l\u2019hora d\u2019esbarjo.<\/li>\n<li>Amb les fotografies vam reflexionar que calia millorar alguns aspectes importants.<\/li>\n<li>Vam fer uns cartells per alertar a les classes de la brossa que quedava al pati\u00a0 i que no es podien portar; ja que creaven residus no biodegradables i feien malb\u00e9 el mediambient.<\/li>\n<li>Ho vam explicar a les nostres tutories i a les tutories de les classes assignades.<\/li>\n<li>Va millorar for\u00e7a la neteja del pati, per\u00f2 encara calia refor\u00e7ar el tema. Aix\u00ed que vam fer uns cartells per a recordar la import\u00e0ncia de tirar la \u201cBrossa a la bossa\u201d i l\u2019\u00fas de les papereres que tenim al nostre abast.<\/li>\n<\/ol>\n<p>Durant aquest projecte, va sortir un greu problema amb el pou mort de l\u2019escola, constantment estava embossat i espatllat. Aix\u00f2 produ\u00efa males olors, a tot l\u2019espai escolar, i el pitjor era quan l\u2019aigua dels w\u00e0ters sortia cap a fora.<br \/>\nVam fer una investigaci\u00f3 del tema i vam veure que no es feia un bon \u00fas del paper als lavabos, aix\u00ed com que el paper d\u2019assecar les mans no era el m\u00e9s apropiat per a una escola verda (tenia massa cel\u2022lulosa). Qu\u00e8 vam fer?:<\/p>\n<ol>\n<li>Alertar a totes les tutories que s\u2019havia detectat aquest greu problema i es va explicar que al w\u00e0ter nom\u00e9s es podia llen\u00e7ar paper higi\u00e8nic.<\/li>\n<li>Vam fer cartells recordatoris a tots els lavabos sobre aquesta norma.<\/li>\n<li>I per \u00faltim, i amb el consentiment de la direcci\u00f3 del centre, es va retirar el paper d\u2019assecar les mans i estem esperant a que ens portin un de m\u00e9s ecol\u00f2gic.<\/li>\n<\/ol>\n<p>Totes aquestes tasques ens han fet veure i reflexionar sobre la import\u00e0ncia de mantenir un entorn sostenible i respectu\u00f3s amb el mediambient, tant dintre com fora de l\u2019escola.<br \/>\n<strong>\u00a0\u00a0\u00a0\u00a0\u00a0\u00a0\u00a0\u00a0\u00a0\u00a0\u00a0\u00a0\u00a0\u00a0\u00a0\u00a0\u00a0\u00a0\u00a0\u00a0\u00a0\u00a0\u00a0\u00a0\u00a0\u00a0\u00a0\u00a0\u00a0\u00a0\u00a0\u00a0\u00a0\u00a0\u00a0\u00a0\u00a0\u00a0\u00a0\u00a0 Som el futur del nostre m\u00f3n.<\/strong><\/p>\n<p><em><strong>Els Agents Verds de l\u2019escola Salvador Espriu<\/strong><\/em><\/p>\n<p style=\"text-align: left;\">\n","protected":false},"excerpt":{"rendered":"<p>El comit\u00e8 ambiental realitza diverses tasques que ens han ajudat a millorar a tenir una escola m\u00e9s sostenible, m\u00e9s ecol\u00f2gica i molt m\u00e9s \u201cverda\u201d. \u00a0Vam comen\u00e7ar a assignar-nos dos classes per a cada grup d\u2019agents verds, a fi de comunicar a tota l\u2019escola el qu\u00e8 i com\u00a0 hav\u00edem de tenir cura del nostre entorn. El [&hellip;]<\/p>\n","protected":false},"author":1,"featured_media":0,"parent":278,"menu_order":3,"comment_status":"closed","ping_status":"closed","template":"page-templates\/side-menu.php","meta":{"_bbp_topic_count":0,"_bbp_reply_count":0,"_bbp_total_topic_count":0,"_bbp_total_reply_count":0,"_bbp_voice_count":0,"_bbp_anonymous_reply_count":0,"_bbp_topic_count_hidden":0,"_bbp_reply_count_hidden":0,"_bbp_forum_subforum_count":0,"site-sidebar-layout":"default","site-content-layout":"","ast-site-content-layout":"","site-content-style":"default","site-sidebar-style":"default","ast-global-header-display":"","ast-banner-title-visibility":"","ast-main-header-display":"","ast-hfb-above-header-display":"","ast-hfb-below-header-display":"","ast-hfb-mobile-header-display":"","site-post-title":"","ast-breadcrumbs-content":"","ast-featured-img":"","footer-sml-layout":"","theme-transparent-header-meta":"","adv-header-id-meta":"","stick-header-meta":"","header-above-stick-meta":"","header-main-stick-meta":"","header-below-stick-meta":"","astra-migrate-meta-layouts":"default","ast-page-background-enabled":"default","ast-page-background-meta":{"desktop":{"background-color":"var(--ast-global-color-4)","background-image":"","background-repeat":"repeat","background-position":"center center","background-size":"auto","background-attachment":"scroll","background-type":"","background-media":"","overlay-type":"","overlay-color":"","overlay-opacity":"","overlay-gradient":""},"tablet":{"background-color":"","background-image":"","background-repeat":"repeat","background-position":"center center","background-size":"auto","background-attachment":"scroll","background-type":"","background-media":"","overlay-type":"","overlay-color":"","overlay-opacity":"","overlay-gradient":""},"mobile":{"background-color":"","background-image":"","background-repeat":"repeat","background-position":"center center","background-size":"auto","background-attachment":"scroll","background-type":"","background-media":"","overlay-type":"","overlay-color":"","overlay-opacity":"","overlay-gradient":""}},"ast-content-background-meta":{"desktop":{"background-color":"var(--ast-global-color-5)","background-image":"","background-repeat":"repeat","background-position":"center center","background-size":"auto","background-attachment":"scroll","background-type":"","background-media":"","overlay-type":"","overlay-color":"","overlay-opacity":"","overlay-gradient":""},"tablet":{"background-color":"var(--ast-global-color-5)","background-image":"","background-repeat":"repeat","background-position":"center center","background-size":"auto","background-attachment":"scroll","background-type":"","background-media":"","overlay-type":"","overlay-color":"","overlay-opacity":"","overlay-gradient":""},"mobile":{"background-color":"var(--ast-global-color-5)","background-image":"","background-repeat":"repeat","background-position":"center center","background-size":"auto","background-attachment":"scroll","background-type":"","background-media":"","overlay-type":"","overlay-color":"","overlay-opacity":"","overlay-gradient":""}},"footnotes":""},"class_list":["post-3700","page","type-page","status-publish","hentry"],"post_mailing_queue_ids":[],"_links":{"self":[{"href":"https:\/\/agora.xtec.cat\/ceip-espriu-sfeliu\/wp-json\/wp\/v2\/pages\/3700","targetHints":{"allow":["GET"]}}],"collection":[{"href":"https:\/\/agora.xtec.cat\/ceip-espriu-sfeliu\/wp-json\/wp\/v2\/pages"}],"about":[{"href":"https:\/\/agora.xtec.cat\/ceip-espriu-sfeliu\/wp-json\/wp\/v2\/types\/page"}],"author":[{"embeddable":true,"href":"https:\/\/agora.xtec.cat\/ceip-espriu-sfeliu\/wp-json\/wp\/v2\/users\/1"}],"replies":[{"embeddable":true,"href":"https:\/\/agora.xtec.cat\/ceip-espriu-sfeliu\/wp-json\/wp\/v2\/comments?post=3700"}],"version-history":[{"count":3,"href":"https:\/\/agora.xtec.cat\/ceip-espriu-sfeliu\/wp-json\/wp\/v2\/pages\/3700\/revisions"}],"predecessor-version":[{"id":4028,"href":"https:\/\/agora.xtec.cat\/ceip-espriu-sfeliu\/wp-json\/wp\/v2\/pages\/3700\/revisions\/4028"}],"up":[{"embeddable":true,"href":"https:\/\/agora.xtec.cat\/ceip-espriu-sfeliu\/wp-json\/wp\/v2\/pages\/278"}],"wp:attachment":[{"href":"https:\/\/agora.xtec.cat\/ceip-espriu-sfeliu\/wp-json\/wp\/v2\/media?parent=3700"}],"curies":[{"name":"wp","href":"https:\/\/api.w.org\/{rel}","templated":true}]}}