{"id":28,"date":"2014-09-18T12:29:35","date_gmt":"2014-09-18T11:29:35","guid":{"rendered":"http:\/\/agora.xtec.cat\/ceip-espriu-sfeliu\/?page_id=28"},"modified":"2026-02-20T16:36:02","modified_gmt":"2026-02-20T15:36:02","slug":"consell-escolar","status":"publish","type":"page","link":"https:\/\/agora.xtec.cat\/ceip-espriu-sfeliu\/lescola\/consell-escolar\/","title":{"rendered":"Consell Escolar"},"content":{"rendered":"<table style=\"width: 100%;\" width=\"481\">\n<tbody>\n<tr>\n<td style=\"width: 100%;\" colspan=\"2\" width=\"481\"><strong>COMISSIONS DEL CONSELL ESCOLAR<\/strong><\/td>\n<\/tr>\n<tr>\n<td style=\"width: 100%;\" colspan=\"2\" width=\"481\">\u00a0\u00a0\u00a0\u00a0\u00a0<strong>Comissi\u00f3 Permanent<\/strong><\/td>\n<\/tr>\n<tr>\n<td style=\"width: 27.5832%;\" width=\"236\">Elisenda P\u00e9rez Oliv\u00e9<\/td>\n<td style=\"width: 72.4168%;\" width=\"246\">President (director\/a del centre)<\/td>\n<\/tr>\n<tr>\n<td style=\"width: 27.5832%;\" width=\"236\">Vanessa Mart\u00edn Casillas<\/td>\n<td style=\"width: 72.4168%;\" width=\"246\">Representant pares<\/td>\n<\/tr>\n<tr>\n<td style=\"width: 27.5832%;\" width=\"236\">Beatriz Jaqu\u00e9s Calaf<\/td>\n<td style=\"width: 72.4168%;\" width=\"246\">Representant professors<\/td>\n<\/tr>\n<tr>\n<td style=\"width: 27.5832%;\" width=\"236\">Merc\u00e8 Sunyer Abellan<\/td>\n<td style=\"width: 72.4168%;\" width=\"246\">Secret\u00e0ria (secret\u00e0ria del centre)<\/td>\n<\/tr>\n<tr>\n<td style=\"width: 100%;\" colspan=\"2\" width=\"481\"><strong>Comissi\u00f3 Econ\u00f2mica<\/strong><\/td>\n<\/tr>\n<tr>\n<td style=\"width: 27.5832%;\" width=\"236\">Elisenda P\u00e9rez Oliv\u00e9<\/td>\n<td style=\"width: 72.4168%;\" width=\"246\">President (director\/a del centre)<\/td>\n<\/tr>\n<tr>\n<td style=\"width: 27.5832%;\" width=\"236\">Laia Ortega Bordoy<\/td>\n<td style=\"width: 72.4168%;\" width=\"246\">Representant pares<\/td>\n<\/tr>\n<tr>\n<td style=\"width: 27.5832%;\" width=\"236\">Daniel Duran Diaz<\/td>\n<td style=\"width: 72.4168%;\" width=\"246\">Representant professors<\/td>\n<\/tr>\n<tr>\n<td style=\"width: 27.5832%;\" width=\"236\">Anna Cubet Mart\u00ednez<\/td>\n<td style=\"width: 72.4168%;\" width=\"246\">Representant ajuntament<\/td>\n<\/tr>\n<tr>\n<td style=\"width: 27.5832%;\" width=\"236\">Merc\u00e8 Sunyer Abellan<\/td>\n<td style=\"width: 72.4168%;\" width=\"246\">Secret\u00e0ria (secret\u00e0ria del centre)<\/td>\n<\/tr>\n<tr>\n<td style=\"width: 100%;\" colspan=\"2\" width=\"481\"><strong>Comissi\u00f3 de Conviv\u00e8ncia<\/strong><\/td>\n<\/tr>\n<tr>\n<td style=\"width: 27.5832%;\" width=\"236\">Elisenda P\u00e9rez Oliv\u00e9<\/td>\n<td style=\"width: 72.4168%;\" width=\"246\">President (director\/a del centre)<\/td>\n<\/tr>\n<tr>\n<td style=\"width: 27.5832%;\" width=\"236\">Rafaela Montero Castillejos<\/td>\n<td style=\"width: 72.4168%;\" width=\"246\">El\/la Cap d\u2019Estudis<\/td>\n<\/tr>\n<tr>\n<td style=\"width: 27.5832%;\" width=\"236\">Alejandro Roset Rigat<\/td>\n<td style=\"width: 72.4168%;\" width=\"246\">Representant pares<\/td>\n<\/tr>\n<tr>\n<td style=\"width: 27.5832%;\" width=\"236\">Armand Muniesa Cardona<\/td>\n<td style=\"width: 72.4168%;\" width=\"246\">Representant pares<\/td>\n<\/tr>\n<tr>\n<td style=\"width: 27.5832%;\" width=\"236\">Maria Dom\u00e8nech Cort\u00e9s<\/td>\n<td style=\"width: 72.4168%;\" width=\"246\">Representant professors<\/td>\n<\/tr>\n<tr>\n<td style=\"width: 27.5832%;\" width=\"236\">Laura Caravaca Pe\u00f1a<\/td>\n<td style=\"width: 72.4168%;\" width=\"246\">Representant professors<\/td>\n<\/tr>\n<tr>\n<td style=\"width: 27.5832%;\" width=\"236\">Merc\u00e8 Sunyer Abellan<\/td>\n<td style=\"width: 72.4168%;\" width=\"246\">Secret\u00e0ria (secret\u00e0ria del centre)<\/td>\n<\/tr>\n<tr>\n<td style=\"width: 100%;\" colspan=\"2\" width=\"481\"><strong>Comissi\u00f3 de Menjador<\/strong><\/td>\n<\/tr>\n<tr>\n<td style=\"width: 27.5832%;\" width=\"236\">Elisenda P\u00e9rez Oliv\u00e9<\/td>\n<td style=\"width: 72.4168%;\" width=\"246\">President (director\/a del centre)<\/td>\n<\/tr>\n<tr>\n<td style=\"width: 27.5832%;\" width=\"236\">Rafaela Montero Castillejos<\/td>\n<td style=\"width: 72.4168%;\" width=\"246\">El\/la Cap d\u2019Estudis<\/td>\n<\/tr>\n<tr>\n<td style=\"width: 27.5832%;\" width=\"236\">X\u00e8nia Mart\u00ednez Massalleras<\/td>\n<td style=\"width: 72.4168%;\" width=\"246\">Representant pares<\/td>\n<\/tr>\n<tr>\n<td style=\"width: 27.5832%;\" width=\"236\">N\u00faria Morera Montserrat<\/td>\n<td style=\"width: 72.4168%;\" width=\"246\">Representant pares<\/td>\n<\/tr>\n<tr>\n<td style=\"width: 27.5832%;\" width=\"236\">Eva Gavald\u00e0 Rubio<\/td>\n<td style=\"width: 72.4168%;\" width=\"246\">Representant professors<\/td>\n<\/tr>\n<tr>\n<td style=\"width: 27.5832%;\" width=\"236\">Anna Mateos Aparicio<\/td>\n<td style=\"width: 72.4168%;\" width=\"246\">Representant professors<\/td>\n<\/tr>\n<tr>\n<td style=\"width: 27.5832%;\" width=\"236\">Merc\u00e8 Sunyer Abellan<\/td>\n<td style=\"width: 72.4168%;\" width=\"246\">Secret\u00e0ria (secret\u00e0ria del centre)<\/td>\n<\/tr>\n<tr>\n<td style=\"width: 100%;\" colspan=\"2\" width=\"481\"><strong>Representant de Coeducaci\u00f3<\/strong><\/td>\n<\/tr>\n<tr>\n<td style=\"width: 27.5832%;\" width=\"236\">Maria Dom\u00e8nech Cort\u00e9s<\/td>\n<td style=\"width: 72.4168%;\" width=\"246\">Representant professors<\/td>\n<\/tr>\n<\/tbody>\n<\/table>\n<p>&nbsp;<\/p>\n","protected":false},"excerpt":{"rendered":"<p>COMISSIONS DEL CONSELL ESCOLAR \u00a0\u00a0\u00a0\u00a0\u00a0Comissi\u00f3 Permanent Elisenda P\u00e9rez Oliv\u00e9 President (director\/a del centre) Vanessa Mart\u00edn Casillas Representant pares Beatriz Jaqu\u00e9s Calaf Representant professors Merc\u00e8 Sunyer Abellan Secret\u00e0ria (secret\u00e0ria del centre) Comissi\u00f3 Econ\u00f2mica Elisenda P\u00e9rez Oliv\u00e9 President (director\/a del centre) Laia Ortega Bordoy Representant pares Daniel Duran Diaz Representant professors Anna Cubet Mart\u00ednez Representant ajuntament Merc\u00e8 [&hellip;]<\/p>\n","protected":false},"author":1,"featured_media":0,"parent":22,"menu_order":4,"comment_status":"closed","ping_status":"closed","template":"","meta":{"_bbp_topic_count":0,"_bbp_reply_count":0,"_bbp_total_topic_count":0,"_bbp_total_reply_count":0,"_bbp_voice_count":0,"_bbp_anonymous_reply_count":0,"_bbp_topic_count_hidden":0,"_bbp_reply_count_hidden":0,"_bbp_forum_subforum_count":0,"site-sidebar-layout":"default","site-content-layout":"","ast-site-content-layout":"default","site-content-style":"default","site-sidebar-style":"default","ast-global-header-display":"","ast-banner-title-visibility":"","ast-main-header-display":"","ast-hfb-above-header-display":"","ast-hfb-below-header-display":"","ast-hfb-mobile-header-display":"","site-post-title":"","ast-breadcrumbs-content":"","ast-featured-img":"","footer-sml-layout":"","theme-transparent-header-meta":"default","adv-header-id-meta":"","stick-header-meta":"","header-above-stick-meta":"","header-main-stick-meta":"","header-below-stick-meta":"","astra-migrate-meta-layouts":"set","ast-page-background-enabled":"default","ast-page-background-meta":{"desktop":{"background-color":"var(--ast-global-color-4)","background-image":"","background-repeat":"repeat","background-position":"center center","background-size":"auto","background-attachment":"scroll","background-type":"","background-media":"","overlay-type":"","overlay-color":"","overlay-opacity":"","overlay-gradient":""},"tablet":{"background-color":"","background-image":"","background-repeat":"repeat","background-position":"center center","background-size":"auto","background-attachment":"scroll","background-type":"","background-media":"","overlay-type":"","overlay-color":"","overlay-opacity":"","overlay-gradient":""},"mobile":{"background-color":"","background-image":"","background-repeat":"repeat","background-position":"center center","background-size":"auto","background-attachment":"scroll","background-type":"","background-media":"","overlay-type":"","overlay-color":"","overlay-opacity":"","overlay-gradient":""}},"ast-content-background-meta":{"desktop":{"background-color":"var(--ast-global-color-5)","background-image":"","background-repeat":"repeat","background-position":"center center","background-size":"auto","background-attachment":"scroll","background-type":"","background-media":"","overlay-type":"","overlay-color":"","overlay-opacity":"","overlay-gradient":""},"tablet":{"background-color":"var(--ast-global-color-5)","background-image":"","background-repeat":"repeat","background-position":"center center","background-size":"auto","background-attachment":"scroll","background-type":"","background-media":"","overlay-type":"","overlay-color":"","overlay-opacity":"","overlay-gradient":""},"mobile":{"background-color":"var(--ast-global-color-5)","background-image":"","background-repeat":"repeat","background-position":"center center","background-size":"auto","background-attachment":"scroll","background-type":"","background-media":"","overlay-type":"","overlay-color":"","overlay-opacity":"","overlay-gradient":""}},"footnotes":""},"class_list":["post-28","page","type-page","status-publish","hentry"],"post_mailing_queue_ids":[],"_links":{"self":[{"href":"https:\/\/agora.xtec.cat\/ceip-espriu-sfeliu\/wp-json\/wp\/v2\/pages\/28","targetHints":{"allow":["GET"]}}],"collection":[{"href":"https:\/\/agora.xtec.cat\/ceip-espriu-sfeliu\/wp-json\/wp\/v2\/pages"}],"about":[{"href":"https:\/\/agora.xtec.cat\/ceip-espriu-sfeliu\/wp-json\/wp\/v2\/types\/page"}],"author":[{"embeddable":true,"href":"https:\/\/agora.xtec.cat\/ceip-espriu-sfeliu\/wp-json\/wp\/v2\/users\/1"}],"replies":[{"embeddable":true,"href":"https:\/\/agora.xtec.cat\/ceip-espriu-sfeliu\/wp-json\/wp\/v2\/comments?post=28"}],"version-history":[{"count":6,"href":"https:\/\/agora.xtec.cat\/ceip-espriu-sfeliu\/wp-json\/wp\/v2\/pages\/28\/revisions"}],"predecessor-version":[{"id":16139,"href":"https:\/\/agora.xtec.cat\/ceip-espriu-sfeliu\/wp-json\/wp\/v2\/pages\/28\/revisions\/16139"}],"up":[{"embeddable":true,"href":"https:\/\/agora.xtec.cat\/ceip-espriu-sfeliu\/wp-json\/wp\/v2\/pages\/22"}],"wp:attachment":[{"href":"https:\/\/agora.xtec.cat\/ceip-espriu-sfeliu\/wp-json\/wp\/v2\/media?parent=28"}],"curies":[{"name":"wp","href":"https:\/\/api.w.org\/{rel}","templated":true}]}}