{"id":15938,"date":"2025-12-16T16:36:43","date_gmt":"2025-12-16T15:36:43","guid":{"rendered":"https:\/\/agora.xtec.cat\/ceip-espriu-sfeliu\/?page_id=15938"},"modified":"2026-01-08T11:51:31","modified_gmt":"2026-01-08T10:51:31","slug":"menus-trimestrals","status":"publish","type":"page","link":"https:\/\/agora.xtec.cat\/ceip-espriu-sfeliu\/informacions\/menjador\/menus-trimestrals\/","title":{"rendered":"Men\u00fas trimestrals"},"content":{"rendered":"<p>Benvolgudes fam\u00edlies,<\/p>\n<p>A continuaci\u00f3, us adjuntem els men\u00fas del servei de menjador &#8220;7iTRIA&#8221; que trimestralment s&#8217;aniran publicant:<\/p>\n<table style=\"border-collapse: collapse; width: 70.0519%;\">\n<tbody>\n<tr>\n<td style=\"width: 25.6565%;\">\n<h4>1r Trimestre<\/h4>\n<\/td>\n<td style=\"width: 24.384%;\">\n<h4>2n Trimestre<\/h4>\n<\/td>\n<td style=\"width: 25.7621%;\">\n<h4>3r Trimestre<\/h4>\n<\/td>\n<\/tr>\n<tr>\n<td style=\"width: 25.6565%;\"><a href=\"https:\/\/drive.google.com\/file\/d\/1UX9fRsZZrhQaEaC45OMBHaF0ECddcprl\/view?usp=sharing\">Men\u00fa base<\/a><\/p>\n<p><a href=\"https:\/\/drive.google.com\/file\/d\/1fbl7iwRqahyHo_O4mtXgYYdOYLWnWnIp\/view?usp=sharing\">Men\u00fa derivats<\/a><\/td>\n<td style=\"width: 24.384%;\"><a href=\"https:\/\/drive.google.com\/file\/d\/1ztsGiMCbdJokQqos0oX_c5Q33vdESxhD\/view?usp=sharing\">Men\u00fa base<\/a><\/p>\n<p><a href=\"https:\/\/drive.google.com\/file\/d\/1-jooOkXogBkg6hxkX2jSv3x_zIJ63Ga_\/view?usp=sharing\">Men\u00fa derivats<\/a><\/td>\n<td style=\"width: 25.7621%;\"><\/td>\n<\/tr>\n<\/tbody>\n<\/table>\n<p>&nbsp;<\/p>\n","protected":false},"excerpt":{"rendered":"<p>Benvolgudes fam\u00edlies, A continuaci\u00f3, us adjuntem els men\u00fas del servei de menjador &#8220;7iTRIA&#8221; que trimestralment s&#8217;aniran publicant: 1r Trimestre 2n Trimestre 3r Trimestre Men\u00fa base Men\u00fa derivats Men\u00fa base Men\u00fa derivats &nbsp;<\/p>\n","protected":false},"author":1,"featured_media":0,"parent":1063,"menu_order":3,"comment_status":"closed","ping_status":"closed","template":"","meta":{"_bbp_topic_count":0,"_bbp_reply_count":0,"_bbp_total_topic_count":0,"_bbp_total_reply_count":0,"_bbp_voice_count":0,"_bbp_anonymous_reply_count":0,"_bbp_topic_count_hidden":0,"_bbp_reply_count_hidden":0,"_bbp_forum_subforum_count":0,"site-sidebar-layout":"default","site-content-layout":"","ast-site-content-layout":"default","site-content-style":"default","site-sidebar-style":"default","ast-global-header-display":"","ast-banner-title-visibility":"","ast-main-header-display":"","ast-hfb-above-header-display":"","ast-hfb-below-header-display":"","ast-hfb-mobile-header-display":"","site-post-title":"","ast-breadcrumbs-content":"","ast-featured-img":"","footer-sml-layout":"","theme-transparent-header-meta":"default","adv-header-id-meta":"","stick-header-meta":"","header-above-stick-meta":"","header-main-stick-meta":"","header-below-stick-meta":"","astra-migrate-meta-layouts":"set","ast-page-background-enabled":"default","ast-page-background-meta":{"desktop":{"background-color":"var(--ast-global-color-4)","background-image":"","background-repeat":"repeat","background-position":"center center","background-size":"auto","background-attachment":"scroll","background-type":"","background-media":"","overlay-type":"","overlay-color":"","overlay-opacity":"","overlay-gradient":""},"tablet":{"background-color":"","background-image":"","background-repeat":"repeat","background-position":"center center","background-size":"auto","background-attachment":"scroll","background-type":"","background-media":"","overlay-type":"","overlay-color":"","overlay-opacity":"","overlay-gradient":""},"mobile":{"background-color":"","background-image":"","background-repeat":"repeat","background-position":"center center","background-size":"auto","background-attachment":"scroll","background-type":"","background-media":"","overlay-type":"","overlay-color":"","overlay-opacity":"","overlay-gradient":""}},"ast-content-background-meta":{"desktop":{"background-color":"var(--ast-global-color-5)","background-image":"","background-repeat":"repeat","background-position":"center center","background-size":"auto","background-attachment":"scroll","background-type":"","background-media":"","overlay-type":"","overlay-color":"","overlay-opacity":"","overlay-gradient":""},"tablet":{"background-color":"var(--ast-global-color-5)","background-image":"","background-repeat":"repeat","background-position":"center center","background-size":"auto","background-attachment":"scroll","background-type":"","background-media":"","overlay-type":"","overlay-color":"","overlay-opacity":"","overlay-gradient":""},"mobile":{"background-color":"var(--ast-global-color-5)","background-image":"","background-repeat":"repeat","background-position":"center center","background-size":"auto","background-attachment":"scroll","background-type":"","background-media":"","overlay-type":"","overlay-color":"","overlay-opacity":"","overlay-gradient":""}},"footnotes":""},"class_list":["post-15938","page","type-page","status-publish","hentry"],"post_mailing_queue_ids":[],"_links":{"self":[{"href":"https:\/\/agora.xtec.cat\/ceip-espriu-sfeliu\/wp-json\/wp\/v2\/pages\/15938","targetHints":{"allow":["GET"]}}],"collection":[{"href":"https:\/\/agora.xtec.cat\/ceip-espriu-sfeliu\/wp-json\/wp\/v2\/pages"}],"about":[{"href":"https:\/\/agora.xtec.cat\/ceip-espriu-sfeliu\/wp-json\/wp\/v2\/types\/page"}],"author":[{"embeddable":true,"href":"https:\/\/agora.xtec.cat\/ceip-espriu-sfeliu\/wp-json\/wp\/v2\/users\/1"}],"replies":[{"embeddable":true,"href":"https:\/\/agora.xtec.cat\/ceip-espriu-sfeliu\/wp-json\/wp\/v2\/comments?post=15938"}],"version-history":[{"count":2,"href":"https:\/\/agora.xtec.cat\/ceip-espriu-sfeliu\/wp-json\/wp\/v2\/pages\/15938\/revisions"}],"predecessor-version":[{"id":15950,"href":"https:\/\/agora.xtec.cat\/ceip-espriu-sfeliu\/wp-json\/wp\/v2\/pages\/15938\/revisions\/15950"}],"up":[{"embeddable":true,"href":"https:\/\/agora.xtec.cat\/ceip-espriu-sfeliu\/wp-json\/wp\/v2\/pages\/1063"}],"wp:attachment":[{"href":"https:\/\/agora.xtec.cat\/ceip-espriu-sfeliu\/wp-json\/wp\/v2\/media?parent=15938"}],"curies":[{"name":"wp","href":"https:\/\/api.w.org\/{rel}","templated":true}]}}