{"id":10310,"date":"2021-11-20T20:34:56","date_gmt":"2021-11-20T19:34:56","guid":{"rendered":"https:\/\/agora.xtec.cat\/ceip-espriu-sfeliu\/?page_id=10310"},"modified":"2025-10-27T15:47:53","modified_gmt":"2025-10-27T14:47:53","slug":"programa-innovamat-de-p3-a-6e","status":"publish","type":"page","link":"https:\/\/agora.xtec.cat\/ceip-espriu-sfeliu\/projectes\/programa-innovamat-de-p3-a-6e\/","title":{"rendered":"Programa de matem\u00e0tiques: INNOVAMAT d&#8217; I3 a 6\u00e8"},"content":{"rendered":"<p style=\"text-align: left;\">A l\u2019escola duem a terme un programa de matem\u00e0tiques vivencials de I3 a 6\u00e8, basades en el di\u00e0leg i la manipulaci\u00f3.<\/p>\n<p style=\"text-align: left;\">Apostem per un aprenentatge competencial amb sentit did\u00e0ctic dels conceptes matem\u00e0tics mitjan\u00e7ant reptes, desenvolupant estrat\u00e8gies i sense mecanitzaci\u00f3.<\/p>\n<p style=\"text-align: left;\">A trav\u00e9s d\u2019aquest enlla\u00e7 trobareu m\u00e9s informaci\u00f3 sobre el programa de matem\u00e0tiques manipulatives INNOVAMAT.<\/p>\n<p><a href=\"https:\/\/innovamat.com\/ca\/bases-didactiques\/\">https:\/\/innovamat.com\/ca\/bases-didactiques\/<\/a><\/p>\n","protected":false},"excerpt":{"rendered":"<p>A l\u2019escola duem a terme un programa de matem\u00e0tiques vivencials de I3 a 6\u00e8, basades en el di\u00e0leg i la manipulaci\u00f3. Apostem per un aprenentatge competencial amb sentit did\u00e0ctic dels conceptes matem\u00e0tics mitjan\u00e7ant reptes, desenvolupant estrat\u00e8gies i sense mecanitzaci\u00f3. A trav\u00e9s d\u2019aquest enlla\u00e7 trobareu m\u00e9s informaci\u00f3 sobre el programa de matem\u00e0tiques manipulatives INNOVAMAT. https:\/\/innovamat.com\/ca\/bases-didactiques\/<\/p>\n","protected":false},"author":1,"featured_media":0,"parent":1708,"menu_order":5,"comment_status":"closed","ping_status":"closed","template":"","meta":{"_bbp_topic_count":0,"_bbp_reply_count":0,"_bbp_total_topic_count":0,"_bbp_total_reply_count":0,"_bbp_voice_count":0,"_bbp_anonymous_reply_count":0,"_bbp_topic_count_hidden":0,"_bbp_reply_count_hidden":0,"_bbp_forum_subforum_count":0,"site-sidebar-layout":"default","site-content-layout":"","ast-site-content-layout":"default","site-content-style":"default","site-sidebar-style":"default","ast-global-header-display":"","ast-banner-title-visibility":"","ast-main-header-display":"","ast-hfb-above-header-display":"","ast-hfb-below-header-display":"","ast-hfb-mobile-header-display":"","site-post-title":"","ast-breadcrumbs-content":"","ast-featured-img":"","footer-sml-layout":"","theme-transparent-header-meta":"default","adv-header-id-meta":"","stick-header-meta":"","header-above-stick-meta":"","header-main-stick-meta":"","header-below-stick-meta":"","astra-migrate-meta-layouts":"set","ast-page-background-enabled":"default","ast-page-background-meta":{"desktop":{"background-color":"var(--ast-global-color-4)","background-image":"","background-repeat":"repeat","background-position":"center center","background-size":"auto","background-attachment":"scroll","background-type":"","background-media":"","overlay-type":"","overlay-color":"","overlay-opacity":"","overlay-gradient":""},"tablet":{"background-color":"","background-image":"","background-repeat":"repeat","background-position":"center center","background-size":"auto","background-attachment":"scroll","background-type":"","background-media":"","overlay-type":"","overlay-color":"","overlay-opacity":"","overlay-gradient":""},"mobile":{"background-color":"","background-image":"","background-repeat":"repeat","background-position":"center center","background-size":"auto","background-attachment":"scroll","background-type":"","background-media":"","overlay-type":"","overlay-color":"","overlay-opacity":"","overlay-gradient":""}},"ast-content-background-meta":{"desktop":{"background-color":"var(--ast-global-color-5)","background-image":"","background-repeat":"repeat","background-position":"center center","background-size":"auto","background-attachment":"scroll","background-type":"","background-media":"","overlay-type":"","overlay-color":"","overlay-opacity":"","overlay-gradient":""},"tablet":{"background-color":"var(--ast-global-color-5)","background-image":"","background-repeat":"repeat","background-position":"center center","background-size":"auto","background-attachment":"scroll","background-type":"","background-media":"","overlay-type":"","overlay-color":"","overlay-opacity":"","overlay-gradient":""},"mobile":{"background-color":"var(--ast-global-color-5)","background-image":"","background-repeat":"repeat","background-position":"center center","background-size":"auto","background-attachment":"scroll","background-type":"","background-media":"","overlay-type":"","overlay-color":"","overlay-opacity":"","overlay-gradient":""}},"footnotes":""},"class_list":["post-10310","page","type-page","status-publish","hentry"],"post_mailing_queue_ids":[],"_links":{"self":[{"href":"https:\/\/agora.xtec.cat\/ceip-espriu-sfeliu\/wp-json\/wp\/v2\/pages\/10310","targetHints":{"allow":["GET"]}}],"collection":[{"href":"https:\/\/agora.xtec.cat\/ceip-espriu-sfeliu\/wp-json\/wp\/v2\/pages"}],"about":[{"href":"https:\/\/agora.xtec.cat\/ceip-espriu-sfeliu\/wp-json\/wp\/v2\/types\/page"}],"author":[{"embeddable":true,"href":"https:\/\/agora.xtec.cat\/ceip-espriu-sfeliu\/wp-json\/wp\/v2\/users\/1"}],"replies":[{"embeddable":true,"href":"https:\/\/agora.xtec.cat\/ceip-espriu-sfeliu\/wp-json\/wp\/v2\/comments?post=10310"}],"version-history":[{"count":3,"href":"https:\/\/agora.xtec.cat\/ceip-espriu-sfeliu\/wp-json\/wp\/v2\/pages\/10310\/revisions"}],"predecessor-version":[{"id":12571,"href":"https:\/\/agora.xtec.cat\/ceip-espriu-sfeliu\/wp-json\/wp\/v2\/pages\/10310\/revisions\/12571"}],"up":[{"embeddable":true,"href":"https:\/\/agora.xtec.cat\/ceip-espriu-sfeliu\/wp-json\/wp\/v2\/pages\/1708"}],"wp:attachment":[{"href":"https:\/\/agora.xtec.cat\/ceip-espriu-sfeliu\/wp-json\/wp\/v2\/media?parent=10310"}],"curies":[{"name":"wp","href":"https:\/\/api.w.org\/{rel}","templated":true}]}}